{"id":13050,"date":"2023-11-24T20:50:37","date_gmt":"2023-11-24T20:50:37","guid":{"rendered":"http:\/\/compunegocios.com.pe\/index.php\/product\/mouse-inalambrico-bluetooth-genius-nx-8000s-bt\/"},"modified":"2025-08-19T17:26:40","modified_gmt":"2025-08-19T17:26:40","slug":"mouse-inalambrico-bluetooth-genius-nx-8000s-bt","status":"publish","type":"product","link":"https:\/\/tmp.compunegocios.com.pe\/index.php\/product\/mouse-inalambrico-bluetooth-genius-nx-8000s-bt\/","title":{"rendered":"MOUSE GENIUS NX-8000S BT INALAMBRICO BLUETOOTH BLUEEYE SILENT ERGON\u00d3MICO WHITE (PN: 31030034400)"},"content":{"rendered":"<p>MOUSE GENIUS NX-8000S BT INALAMBRICO BLUETOOTH BLUEEYE SILENT ERGON\u00d3MICO WHITE (PN: 31030034400)<\/p>\n<p>frecuencia de radiofrecuencia: 2,4 GHz<br \/>\nmotor de sensores: Ojo azul<br \/>\nResoluci\u00f3n (DPI): 1200<br \/>\nN\u00famero de botones: 3 (bot\u00f3n izquierdo, derecho, central con desplazamiento)<br \/>\nTipo de Bater\u00eda: Autom\u00f3vil club brit\u00e1nico<br \/>\nPeso (gramos): Aprox. 53 g (Incluye receptor)<br \/>\nDimensiones (An x Al x Pr) mm (pulgadas): 62,8 x 100 x 39,8 mm (2,5 x 3,9 x 1,57 pulgadas)<br \/>\nRequisitos del sistema: Windows\u00ae 7, 8, 8.1, 10\/Mac OS X 10.7.4 o posterior\/sistema operativo Linux<br \/>\nReceptor pico USB: x1<br \/>\nPila alcalina AA: x1<\/p>\n","protected":false},"excerpt":{"rendered":"<p>&#8211;<\/p>\n","protected":false},"featured_media":13064,"template":"","meta":[],"pwb-brand":[],"product_brand":[],"product_cat":[193],"product_tag":[],"class_list":{"0":"post-13050","1":"product","2":"type-product","3":"status-publish","4":"has-post-thumbnail","6":"product_cat-193","8":"first","9":"outofstock","10":"taxable","11":"shipping-taxable","12":"purchasable","13":"product-type-simple"},"brands":[],"_links":{"self":[{"href":"https:\/\/tmp.compunegocios.com.pe\/index.php\/wp-json\/wp\/v2\/product\/13050","targetHints":{"allow":["GET"]}}],"collection":[{"href":"https:\/\/tmp.compunegocios.com.pe\/index.php\/wp-json\/wp\/v2\/product"}],"about":[{"href":"https:\/\/tmp.compunegocios.com.pe\/index.php\/wp-json\/wp\/v2\/types\/product"}],"wp:featuredmedia":[{"embeddable":true,"href":"https:\/\/tmp.compunegocios.com.pe\/index.php\/wp-json\/wp\/v2\/media\/13064"}],"wp:attachment":[{"href":"https:\/\/tmp.compunegocios.com.pe\/index.php\/wp-json\/wp\/v2\/media?parent=13050"}],"wp:term":[{"taxonomy":"pwb-brand","embeddable":true,"href":"https:\/\/tmp.compunegocios.com.pe\/index.php\/wp-json\/wp\/v2\/pwb-brand?post=13050"},{"taxonomy":"product_brand","embeddable":true,"href":"https:\/\/tmp.compunegocios.com.pe\/index.php\/wp-json\/wp\/v2\/product_brand?post=13050"},{"taxonomy":"product_cat","embeddable":true,"href":"https:\/\/tmp.compunegocios.com.pe\/index.php\/wp-json\/wp\/v2\/product_cat?post=13050"},{"taxonomy":"product_tag","embeddable":true,"href":"https:\/\/tmp.compunegocios.com.pe\/index.php\/wp-json\/wp\/v2\/product_tag?post=13050"}],"curies":[{"name":"wp","href":"https:\/\/api.w.org\/{rel}","templated":true}]}}