{"id":13163,"date":"2023-11-26T00:17:54","date_gmt":"2023-11-26T00:17:54","guid":{"rendered":"http:\/\/compunegocios.com.pe\/index.php\/product\/teclado-multimedia-cybertel-missoni-cyb-203\/"},"modified":"2025-08-19T17:27:03","modified_gmt":"2025-08-19T17:27:03","slug":"teclado-multimedia-cybertel-missoni-cyb-203","status":"publish","type":"product","link":"https:\/\/tmp.compunegocios.com.pe\/index.php\/product\/teclado-multimedia-cybertel-missoni-cyb-203\/","title":{"rendered":"TECLADO MULTIMEDIA CYBERTEL MISSONI (CYB 203)"},"content":{"rendered":"<p>TECLADO MULTIMEDIA CYBERTEL MISSONI (CYB 203)<br \/>\nTeclado Multimedia.<br \/>\nSistema Antiderrame (Waterproof): Permite la Salida de L\u00edquidos en Caso de Derrame Sobre la Superficie del Teclado.<br \/>\nBarniz UV Antiborrado: Para Evitar Desgaste por Uso.<br \/>\n9 Botones Adicionales Para Funciones Multimedia.<br \/>\nConexi\u00f3n USB.<br \/>\nTeclas Semiplanas.<br \/>\nLongitud del Cable: 1.4 m.<br \/>\nDistribuci\u00f3n de Teclas: Espa\u00f1ol &#8211; Espa\u00f1a.<br \/>\nIdioma: Espa\u00f1ol \/ Internacional.<br \/>\nCompatible con Sistemas Operativos Windows.<\/p>\n","protected":false},"excerpt":{"rendered":"<p>&#8211;<\/p>\n","protected":false},"featured_media":13219,"template":"","meta":[],"pwb-brand":[],"product_brand":[],"product_cat":[189],"product_tag":[],"class_list":{"0":"post-13163","1":"product","2":"type-product","3":"status-publish","4":"has-post-thumbnail","6":"product_cat-189","8":"first","9":"outofstock","10":"taxable","11":"shipping-taxable","12":"purchasable","13":"product-type-simple"},"brands":[],"_links":{"self":[{"href":"https:\/\/tmp.compunegocios.com.pe\/index.php\/wp-json\/wp\/v2\/product\/13163","targetHints":{"allow":["GET"]}}],"collection":[{"href":"https:\/\/tmp.compunegocios.com.pe\/index.php\/wp-json\/wp\/v2\/product"}],"about":[{"href":"https:\/\/tmp.compunegocios.com.pe\/index.php\/wp-json\/wp\/v2\/types\/product"}],"wp:featuredmedia":[{"embeddable":true,"href":"https:\/\/tmp.compunegocios.com.pe\/index.php\/wp-json\/wp\/v2\/media\/13219"}],"wp:attachment":[{"href":"https:\/\/tmp.compunegocios.com.pe\/index.php\/wp-json\/wp\/v2\/media?parent=13163"}],"wp:term":[{"taxonomy":"pwb-brand","embeddable":true,"href":"https:\/\/tmp.compunegocios.com.pe\/index.php\/wp-json\/wp\/v2\/pwb-brand?post=13163"},{"taxonomy":"product_brand","embeddable":true,"href":"https:\/\/tmp.compunegocios.com.pe\/index.php\/wp-json\/wp\/v2\/product_brand?post=13163"},{"taxonomy":"product_cat","embeddable":true,"href":"https:\/\/tmp.compunegocios.com.pe\/index.php\/wp-json\/wp\/v2\/product_cat?post=13163"},{"taxonomy":"product_tag","embeddable":true,"href":"https:\/\/tmp.compunegocios.com.pe\/index.php\/wp-json\/wp\/v2\/product_tag?post=13163"}],"curies":[{"name":"wp","href":"https:\/\/api.w.org\/{rel}","templated":true}]}}