{"id":13190,"date":"2023-11-26T01:07:20","date_gmt":"2023-11-26T01:07:20","guid":{"rendered":"http:\/\/compunegocios.com.pe\/index.php\/product\/tableta-wacom-one-by-medium-ctl-672-ctl672k1a\/"},"modified":"2025-09-26T17:39:23","modified_gmt":"2025-09-26T17:39:23","slug":"tableta-wacom-one-by-medium-ctl-672-ctl672k1a","status":"publish","type":"product","link":"https:\/\/tmp.compunegocios.com.pe\/index.php\/product\/tableta-wacom-one-by-medium-ctl-672-ctl672k1a\/","title":{"rendered":"TABLETA WACOM ONE BY MEDIUM CTL-672 CTL672K1A"},"content":{"rendered":"<p>TABLETA WACOM ONE BY MEDIUM CTL-672 CTL672K1A<br \/>\nCondicion del producto\tNuevo<br \/>\nDetalle de la garant\u00eda\t24 meses de garant\u00eda<br \/>\nTama\u00f1o de la pantalla\t9<br \/>\nModelo\tOne By Medium CTL-672<br \/>\nDimensiones\t27.7 x 18.9 x 0.87 cm<br \/>\nCompatible con\tMac OS,Microsoft windows,Windows<br \/>\nAutonom\u00eda\tNo aplica<br \/>\nColor\tRojo<br \/>\nConectividad\/conexi\u00f3n\tCableado,USB<br \/>\nIncluye\tTableta y l\u00e1piz One by Wacom, Cable USB (Micro USB a USB-A), 3 puntas de repuesto est\u00e1ndar, Herramienta de extracci\u00f3n de puntas, Gu\u00eda de arranque r\u00e1pido, Hoja de regulaci\u00f3n<\/p>\n","protected":false},"excerpt":{"rendered":"<p>&#8211;<\/p>\n","protected":false},"featured_media":13238,"template":"","meta":[],"pwb-brand":[],"product_brand":[],"product_cat":[197],"product_tag":[],"class_list":{"0":"post-13190","1":"product","2":"type-product","3":"status-publish","4":"has-post-thumbnail","6":"product_cat-197","8":"first","9":"instock","10":"taxable","11":"shipping-taxable","12":"purchasable","13":"product-type-simple"},"brands":[],"_links":{"self":[{"href":"https:\/\/tmp.compunegocios.com.pe\/index.php\/wp-json\/wp\/v2\/product\/13190","targetHints":{"allow":["GET"]}}],"collection":[{"href":"https:\/\/tmp.compunegocios.com.pe\/index.php\/wp-json\/wp\/v2\/product"}],"about":[{"href":"https:\/\/tmp.compunegocios.com.pe\/index.php\/wp-json\/wp\/v2\/types\/product"}],"wp:featuredmedia":[{"embeddable":true,"href":"https:\/\/tmp.compunegocios.com.pe\/index.php\/wp-json\/wp\/v2\/media\/13238"}],"wp:attachment":[{"href":"https:\/\/tmp.compunegocios.com.pe\/index.php\/wp-json\/wp\/v2\/media?parent=13190"}],"wp:term":[{"taxonomy":"pwb-brand","embeddable":true,"href":"https:\/\/tmp.compunegocios.com.pe\/index.php\/wp-json\/wp\/v2\/pwb-brand?post=13190"},{"taxonomy":"product_brand","embeddable":true,"href":"https:\/\/tmp.compunegocios.com.pe\/index.php\/wp-json\/wp\/v2\/product_brand?post=13190"},{"taxonomy":"product_cat","embeddable":true,"href":"https:\/\/tmp.compunegocios.com.pe\/index.php\/wp-json\/wp\/v2\/product_cat?post=13190"},{"taxonomy":"product_tag","embeddable":true,"href":"https:\/\/tmp.compunegocios.com.pe\/index.php\/wp-json\/wp\/v2\/product_tag?post=13190"}],"curies":[{"name":"wp","href":"https:\/\/api.w.org\/{rel}","templated":true}]}}