{"id":13434,"date":"2023-12-13T22:16:37","date_gmt":"2023-12-13T22:16:37","guid":{"rendered":"http:\/\/compunegocios.com.pe\/index.php\/product\/router-tp-link-archer-c58hp-ac1350-doble-banda-rompemuros-con-conexion-de-2-4-ghz-y-5-ghz\/"},"modified":"2025-09-17T22:54:14","modified_gmt":"2025-09-17T22:54:14","slug":"router-tp-link-archer-c58hp-ac1350-doble-banda-rompemuros-con-conexion-de-2-4-ghz-y-5-ghz","status":"publish","type":"product","link":"https:\/\/tmp.compunegocios.com.pe\/index.php\/product\/router-tp-link-archer-c58hp-ac1350-doble-banda-rompemuros-con-conexion-de-2-4-ghz-y-5-ghz\/","title":{"rendered":"ROUTER TP-LINK ARCHER C58HP AC1350 DOBLE BANDA ROMPEMUROS CON CONEXI\u00d3N DE 2.4 GHz Y 5 GHz"},"content":{"rendered":"<p>ROUTER TP-LINK ARCHER C58HP AC1350 DOBLE BANDA ROMPEMUROS CON CONEXI\u00d3N DE 2.4 GHz Y 5 GHz<\/p>\n<p>El Archer C58HP proporciona dos bandas de Wi-Fi para todas sus necesidades de red. 450 Mbps en la banda Wi-Fi de 2.4 GHz para usos cotidianos, como la navegaci\u00f3n web con dispositivos heredados, mientras que 867Mbps en la banda de 5 GHz es ideal para transmisi\u00f3n de alta definici\u00f3n y juegos sin demoras.<\/p>\n<p>Las antenas de alta ganancia aumentan la recepci\u00f3n y la sensibilidad del enrutador para crear conexiones m\u00e1s fuertes en distancias m\u00e1s grandes. Esto permite que la se\u00f1al del enrutador viaje m\u00e1s lejos y proporcione un acceso estable a Internet para todos sus dispositivos conectados m\u00e1s importantes.<\/p>\n<p>Los amplificadores independientes de alta potencia proporcionan una potencia de salida significativamente mayor de hasta 1000 mw * 1, que es hasta 5 veces la potencia de transmisi\u00f3n, en comparaci\u00f3n con un enrutador normal. Esto asegura que su se\u00f1al inal\u00e1mbrica sea lo suficientemente fuerte como para penetrar las paredes y otros obst\u00e1culos.<\/p>\n<p>CARACTER\u00cdSTICAS<\/p>\n<p>Control parental: administra cu\u00e1ndo y c\u00f3mo los dispositivos conectados pueden acceder a Internet<\/p>\n<p>Calidad de Servicios: prioriza los dispositivos o aplicaciones para ofrecer un rendimiento m\u00e1s r\u00e1pido donde lo necesite.<\/p>\n<p>Seguridad: protege su red dom\u00e9stica con los firewalls SPI y el cifrado WPA2<\/p>\n<p>IPTV: admite IGMP Proxy \/ Snooping, Bridge y Tag VLAN para optimizar la transmisi\u00f3n de IPTV<\/p>\n<p>Interfaz multilenguaje: proporciona una configuraci\u00f3n sin problemas en 6 idiomas<\/p>\n<p>IPv6: compatible con IPv6 (Protocolo de Internet versi\u00f3n 6)<\/p>\n","protected":false},"excerpt":{"rendered":"<p>&#8211;<\/p>\n","protected":false},"featured_media":13454,"template":"","meta":[],"pwb-brand":[],"product_brand":[],"product_cat":[227],"product_tag":[],"class_list":{"0":"post-13434","1":"product","2":"type-product","3":"status-publish","4":"has-post-thumbnail","6":"product_cat-227","8":"first","9":"instock","10":"taxable","11":"shipping-taxable","12":"purchasable","13":"product-type-simple"},"brands":[],"_links":{"self":[{"href":"https:\/\/tmp.compunegocios.com.pe\/index.php\/wp-json\/wp\/v2\/product\/13434","targetHints":{"allow":["GET"]}}],"collection":[{"href":"https:\/\/tmp.compunegocios.com.pe\/index.php\/wp-json\/wp\/v2\/product"}],"about":[{"href":"https:\/\/tmp.compunegocios.com.pe\/index.php\/wp-json\/wp\/v2\/types\/product"}],"wp:featuredmedia":[{"embeddable":true,"href":"https:\/\/tmp.compunegocios.com.pe\/index.php\/wp-json\/wp\/v2\/media\/13454"}],"wp:attachment":[{"href":"https:\/\/tmp.compunegocios.com.pe\/index.php\/wp-json\/wp\/v2\/media?parent=13434"}],"wp:term":[{"taxonomy":"pwb-brand","embeddable":true,"href":"https:\/\/tmp.compunegocios.com.pe\/index.php\/wp-json\/wp\/v2\/pwb-brand?post=13434"},{"taxonomy":"product_brand","embeddable":true,"href":"https:\/\/tmp.compunegocios.com.pe\/index.php\/wp-json\/wp\/v2\/product_brand?post=13434"},{"taxonomy":"product_cat","embeddable":true,"href":"https:\/\/tmp.compunegocios.com.pe\/index.php\/wp-json\/wp\/v2\/product_cat?post=13434"},{"taxonomy":"product_tag","embeddable":true,"href":"https:\/\/tmp.compunegocios.com.pe\/index.php\/wp-json\/wp\/v2\/product_tag?post=13434"}],"curies":[{"name":"wp","href":"https:\/\/api.w.org\/{rel}","templated":true}]}}