{"id":13482,"date":"2023-12-14T17:49:22","date_gmt":"2023-12-14T17:49:22","guid":{"rendered":"http:\/\/compunegocios.com.pe\/index.php\/product\/auricular-micronics-platinum-dj-mic-h701-con-microfono-estereo-y-control-de-volumen\/"},"modified":"2025-08-19T17:27:40","modified_gmt":"2025-08-19T17:27:40","slug":"auricular-micronics-platinum-dj-mic-h701-con-microfono-estereo-y-control-de-volumen","status":"publish","type":"product","link":"https:\/\/tmp.compunegocios.com.pe\/index.php\/product\/auricular-micronics-platinum-dj-mic-h701-con-microfono-estereo-y-control-de-volumen\/","title":{"rendered":"AURICULAR MICRONICS PLATINUM DJ MIC H701 CON MICR\u00d3FONO, EST\u00c9REO Y CONTROL DE VOLUMEN"},"content":{"rendered":"<p>AURICULAR MICRONICS PLATINUM DJ MIC H701 CON MICR\u00d3FONO, EST\u00c9REO Y CONTROL DE VOLUMEN <\/p>\n<p>CARACTER\u00cdSTICAS:<br \/>\nAuricular con Micr\u00f3fono.<br \/>\nConector Jack en L de 3.5 mm Para Audio.<br \/>\nSonido Est\u00e9reo Envolvente de Alta Calidad.<br \/>\nDi\u00e1metro de Bocina: 40 mm.<br \/>\nMicr\u00f3fono en L\u00ednea.<br \/>\nAlmohadillas y Vincha Protectora de Cuero Para Mayor Comodidad.<br \/>\nBanda Ajustable.<br \/>\nControl de Volumen en L\u00ednea.<br \/>\nCable de Nylon Trenzado.<br \/>\nCompatible con: Pc, Laptop y Otros Equipos de Audio.<\/p>\n","protected":false},"excerpt":{"rendered":"<p>&#8211;<\/p>\n","protected":false},"featured_media":13508,"template":"","meta":[],"pwb-brand":[],"product_brand":[],"product_cat":[158],"product_tag":[],"class_list":{"0":"post-13482","1":"product","2":"type-product","3":"status-publish","4":"has-post-thumbnail","6":"product_cat-158","8":"first","9":"outofstock","10":"taxable","11":"shipping-taxable","12":"purchasable","13":"product-type-simple"},"brands":[],"_links":{"self":[{"href":"https:\/\/tmp.compunegocios.com.pe\/index.php\/wp-json\/wp\/v2\/product\/13482","targetHints":{"allow":["GET"]}}],"collection":[{"href":"https:\/\/tmp.compunegocios.com.pe\/index.php\/wp-json\/wp\/v2\/product"}],"about":[{"href":"https:\/\/tmp.compunegocios.com.pe\/index.php\/wp-json\/wp\/v2\/types\/product"}],"wp:featuredmedia":[{"embeddable":true,"href":"https:\/\/tmp.compunegocios.com.pe\/index.php\/wp-json\/wp\/v2\/media\/13508"}],"wp:attachment":[{"href":"https:\/\/tmp.compunegocios.com.pe\/index.php\/wp-json\/wp\/v2\/media?parent=13482"}],"wp:term":[{"taxonomy":"pwb-brand","embeddable":true,"href":"https:\/\/tmp.compunegocios.com.pe\/index.php\/wp-json\/wp\/v2\/pwb-brand?post=13482"},{"taxonomy":"product_brand","embeddable":true,"href":"https:\/\/tmp.compunegocios.com.pe\/index.php\/wp-json\/wp\/v2\/product_brand?post=13482"},{"taxonomy":"product_cat","embeddable":true,"href":"https:\/\/tmp.compunegocios.com.pe\/index.php\/wp-json\/wp\/v2\/product_cat?post=13482"},{"taxonomy":"product_tag","embeddable":true,"href":"https:\/\/tmp.compunegocios.com.pe\/index.php\/wp-json\/wp\/v2\/product_tag?post=13482"}],"curies":[{"name":"wp","href":"https:\/\/api.w.org\/{rel}","templated":true}]}}