{"id":13577,"date":"2023-12-16T17:54:54","date_gmt":"2023-12-16T17:54:54","guid":{"rendered":"http:\/\/compunegocios.com.pe\/index.php\/product\/auricular-micronics-citrix-mic-h715-con-microfono-sonido-estereo\/"},"modified":"2025-08-19T17:27:54","modified_gmt":"2025-08-19T17:27:54","slug":"auricular-micronics-citrix-mic-h715-con-microfono-sonido-estereo","status":"publish","type":"product","link":"https:\/\/tmp.compunegocios.com.pe\/index.php\/product\/auricular-micronics-citrix-mic-h715-con-microfono-sonido-estereo\/","title":{"rendered":"AUD\u00cdFONO MICRONICS CITRIX + MIC H715 CON MICROFONO, SONIDO EST\u00c9REO"},"content":{"rendered":"<p>AUD\u00cdFONO MICRONICS CITRIX + MIC H715 CON MICROFONO, SONIDO EST\u00c9REO <\/p>\n<p>Caracter\u00edsticas<\/p>\n<p>Auricular Office<\/p>\n<p>Sonido Estero Envolvente de Alta Calidad<\/p>\n<p>Di\u00e1metro de Bocina: 40mm.<\/p>\n<p>Diadema Ajustable que Otorga una Mayor Durabilidad.<\/p>\n<p>Control de Volumen en Orejera.<\/p>\n<p>Conector Jack 3.5mm (P3).<\/p>\n<p>Micr\u00f3fono Flexible.<\/p>\n<p>Almohadillas Textiles.<\/p>\n<p>Cable de Nylon Trenzado.<\/p>\n<p>Compatible con: PC, Laptop y Otros Equipos de Audio.<\/p>\n","protected":false},"excerpt":{"rendered":"<p>&#8211;<\/p>\n","protected":false},"featured_media":13578,"template":"","meta":[],"pwb-brand":[],"product_brand":[],"product_cat":[158],"product_tag":[],"class_list":{"0":"post-13577","1":"product","2":"type-product","3":"status-publish","4":"has-post-thumbnail","6":"product_cat-158","8":"first","9":"instock","10":"taxable","11":"shipping-taxable","12":"purchasable","13":"product-type-simple"},"brands":[],"_links":{"self":[{"href":"https:\/\/tmp.compunegocios.com.pe\/index.php\/wp-json\/wp\/v2\/product\/13577","targetHints":{"allow":["GET"]}}],"collection":[{"href":"https:\/\/tmp.compunegocios.com.pe\/index.php\/wp-json\/wp\/v2\/product"}],"about":[{"href":"https:\/\/tmp.compunegocios.com.pe\/index.php\/wp-json\/wp\/v2\/types\/product"}],"wp:featuredmedia":[{"embeddable":true,"href":"https:\/\/tmp.compunegocios.com.pe\/index.php\/wp-json\/wp\/v2\/media\/13578"}],"wp:attachment":[{"href":"https:\/\/tmp.compunegocios.com.pe\/index.php\/wp-json\/wp\/v2\/media?parent=13577"}],"wp:term":[{"taxonomy":"pwb-brand","embeddable":true,"href":"https:\/\/tmp.compunegocios.com.pe\/index.php\/wp-json\/wp\/v2\/pwb-brand?post=13577"},{"taxonomy":"product_brand","embeddable":true,"href":"https:\/\/tmp.compunegocios.com.pe\/index.php\/wp-json\/wp\/v2\/product_brand?post=13577"},{"taxonomy":"product_cat","embeddable":true,"href":"https:\/\/tmp.compunegocios.com.pe\/index.php\/wp-json\/wp\/v2\/product_cat?post=13577"},{"taxonomy":"product_tag","embeddable":true,"href":"https:\/\/tmp.compunegocios.com.pe\/index.php\/wp-json\/wp\/v2\/product_tag?post=13577"}],"curies":[{"name":"wp","href":"https:\/\/api.w.org\/{rel}","templated":true}]}}