{"id":13581,"date":"2023-12-16T20:50:54","date_gmt":"2023-12-16T20:50:54","guid":{"rendered":"http:\/\/compunegocios.com.pe\/index.php\/product\/switch-d-link-des-1008c-de-8-puertos-10-100-mbps-rj45\/"},"modified":"2025-08-19T17:27:56","modified_gmt":"2025-08-19T17:27:56","slug":"switch-d-link-des-1008c-de-8-puertos-10-100-mbps-rj45","status":"publish","type":"product","link":"https:\/\/tmp.compunegocios.com.pe\/index.php\/product\/switch-d-link-des-1008c-de-8-puertos-10-100-mbps-rj45\/","title":{"rendered":"SWITCH D-LINK DES-1008C DE 8 PUERTOS 10\/100 MBPS RJ45"},"content":{"rendered":"<p>SWITCH D-LINK DES-1008C DE 8 PUERTOS 10\/100 MBPS RJ45<\/p>\n<p>F\u00e1cil conexi\u00f3n en red r\u00e1pida<\/p>\n<p>Con velocidades de transferencia de datos de hasta 200 Mbps en d\u00faplex completo, estos conmutadores son ideales para transferencias r\u00e1pidas de archivos, juegos en l\u00ednea y transmisi\u00f3n fluida de medios. Cuentan con puertos Ethernet de f\u00e1cil acceso con indicadores LED por puerto para distinguir f\u00e1cilmente el estado del enlace. El cruce autom\u00e1tico MDI \/ MDIX hace que la conexi\u00f3n sea muy sencilla; simplemente conecte los cables y estar\u00e1 listo para comenzar.<\/p>\n<p>Conmutador de red econ\u00f3mico, plug-and-play<\/p>\n<p>El conmutador no administrado DES-1008C 10\/100 Mbps es un conmutador de red plug-and-play econ\u00f3mico para SOHO y peque\u00f1as y medianas empresas que desean beneficiarse del mayor ancho de banda de Fast Ethernet. Le brinda ocho puertos de 10\/100 Mbps que le permiten expandir f\u00e1cilmente su red y brindar una forma r\u00e1pida de actualizar su red a una conectividad r\u00e1pida.<\/p>\n<p>Guarda energ\u00eda<\/p>\n<p>El DES-1008C implementa 802.3az Energy Efficient Ethernet, que ahorra energ\u00eda y reduce el calor autom\u00e1ticamente sin sacrificar el rendimiento o la funcionalidad. Puede detectar cu\u00e1ndo se apaga una computadora conectada o cuando no hay tr\u00e1fico Ethernet, y pondr\u00e1 el puerto en modo de espera, ahorrando una cantidad sustancial de energ\u00eda. Adem\u00e1s, el conmutador optimiza el uso de energ\u00eda para cada puerto para la longitud del cable conectado a \u00e9l, utilizando solo la energ\u00eda necesaria. Ambas caracter\u00edsticas funcionan juntas para ayudarlo a ahorrar energ\u00eda autom\u00e1ticamente.<\/p>\n<p>Instalaci\u00f3n Plug and Play confiable<\/p>\n<p>El DES-1008C es un dispositivo Plug-and-Play que no requiere configuraci\u00f3n, por lo que la instalaci\u00f3n es simple y sin complicaciones, y puede conectar f\u00e1cilmente varias computadoras, compartir archivos, m\u00fasica y videos en la red de su hogar o peque\u00f1a oficina, o incluso crear un entorno de juego multijugador. El control de flujo 802.3x en cada puerto minimiza los paquetes perdidos cuando el b\u00fafer de recepci\u00f3n del puerto est\u00e1 lleno, lo que le brinda una conexi\u00f3n m\u00e1s confiable para todos sus dispositivos conectados.<\/p>\n","protected":false},"excerpt":{"rendered":"<p>&#8211;<\/p>\n","protected":false},"featured_media":13586,"template":"","meta":[],"pwb-brand":[],"product_brand":[],"product_cat":[217],"product_tag":[],"class_list":{"0":"post-13581","1":"product","2":"type-product","3":"status-publish","4":"has-post-thumbnail","6":"product_cat-217","8":"first","9":"instock","10":"taxable","11":"shipping-taxable","12":"purchasable","13":"product-type-simple"},"brands":[],"_links":{"self":[{"href":"https:\/\/tmp.compunegocios.com.pe\/index.php\/wp-json\/wp\/v2\/product\/13581","targetHints":{"allow":["GET"]}}],"collection":[{"href":"https:\/\/tmp.compunegocios.com.pe\/index.php\/wp-json\/wp\/v2\/product"}],"about":[{"href":"https:\/\/tmp.compunegocios.com.pe\/index.php\/wp-json\/wp\/v2\/types\/product"}],"wp:featuredmedia":[{"embeddable":true,"href":"https:\/\/tmp.compunegocios.com.pe\/index.php\/wp-json\/wp\/v2\/media\/13586"}],"wp:attachment":[{"href":"https:\/\/tmp.compunegocios.com.pe\/index.php\/wp-json\/wp\/v2\/media?parent=13581"}],"wp:term":[{"taxonomy":"pwb-brand","embeddable":true,"href":"https:\/\/tmp.compunegocios.com.pe\/index.php\/wp-json\/wp\/v2\/pwb-brand?post=13581"},{"taxonomy":"product_brand","embeddable":true,"href":"https:\/\/tmp.compunegocios.com.pe\/index.php\/wp-json\/wp\/v2\/product_brand?post=13581"},{"taxonomy":"product_cat","embeddable":true,"href":"https:\/\/tmp.compunegocios.com.pe\/index.php\/wp-json\/wp\/v2\/product_cat?post=13581"},{"taxonomy":"product_tag","embeddable":true,"href":"https:\/\/tmp.compunegocios.com.pe\/index.php\/wp-json\/wp\/v2\/product_tag?post=13581"}],"curies":[{"name":"wp","href":"https:\/\/api.w.org\/{rel}","templated":true}]}}