{"id":13599,"date":"2023-12-17T00:01:34","date_gmt":"2023-12-17T00:01:34","guid":{"rendered":"http:\/\/compunegocios.com.pe\/index.php\/product\/mini-adaptador-de-red-tp-link-tl-wn823n-usb-inalambrico-n-300-mbps\/"},"modified":"2025-08-19T17:28:01","modified_gmt":"2025-08-19T17:28:01","slug":"mini-adaptador-de-red-tp-link-tl-wn823n-usb-inalambrico-n-300-mbps","status":"publish","type":"product","link":"https:\/\/tmp.compunegocios.com.pe\/index.php\/product\/mini-adaptador-de-red-tp-link-tl-wn823n-usb-inalambrico-n-300-mbps\/","title":{"rendered":"MINI ADAPTADOR DE RED TP-LINK TL-WN823N USB INAL\u00c1MBRICO N 300 MBPS"},"content":{"rendered":"<p>MINI ADAPTADOR DE RED TP-LINK TL-WN823N USB INAL\u00c1MBRICO 300 MBPS <\/p>\n<p>DETALLES<br \/>\nVelocidad de transferencia datos inal\u00e1mbrica de 300Mbps ideal para video en alta definici\u00f3n sin problemas, streaming de voz y juegos en l\u00ednea<br \/>\nDise\u00f1o de tama\u00f1o miniatura para una portabilidad conveniente con un alto desempe\u00f1o confiable<br \/>\nModo SoftAP \u2013 Convierta una conexi\u00f3n de internet cableada en una PC o Laptop en un hotspot Wi-Fi<br \/>\nConfigure f\u00e1cilmente una conexi\u00f3n inal\u00e1mbrica segura con s\u00f3lo presionar un bot\u00f3n WPS<br \/>\nCompatible con Windows 8.1\/8\/7\/XP, Mac OS, Linux<\/p>\n<p>ESPECIFICACIONES<\/p>\n<p>CARACTER\u00cdSTICAS DE HARDWARE<br \/>\nInterface: USB 2.0<br \/>\nBot\u00f3n: Bot\u00f3n Wi-Fi Protected Setup (WPS)<br \/>\nDimensiones (W X D X H): 1.54 x 0.72 x 0.31 pulgadas. (39 x 18.35 x 7.87mm)<br \/>\nTipo de Antena: Interna<\/p>\n<p>CARACTER\u00cdSTICAS INAL\u00c1MBRICAS<br \/>\nEst\u00e1ndares Inal\u00e1mbricos: IEEE 802.11b, IEEE 802.11g, IEEE 802.11n<br \/>\nFrecuencia: 2.400~2.4835GHz<br \/>\nTasa de Se\u00f1al\t11b: Hasta 11Mbps(din\u00e1mica)<br \/>\n11g: Hasta 54Mbps(din\u00e1mica)<br \/>\n11n: Hasta 300Mbps(din\u00e1mica)<br \/>\nSensibilidad de Recepci\u00f3n 300M: -65dBm@10% PER<br \/>\n270M: -65dBm@10% PER<br \/>\n130M: -68dBm@10% PER<br \/>\n108M: -68dBm@10% PER<br \/>\n54M: -72dBm@10% PER<br \/>\n11M: -85dBm@8% PER<br \/>\n6M: -87dBm@10% PER<br \/>\n1M:-93dBm@8% PER<br \/>\nPotencia de Transmision\t&lt;20dBm (EIRP)<br \/>\nModos Inal\u00e1mbricos: Modos Soft AP , Cliente (soporta red Ad-hoc\/Infrastructura)<br \/>\nSeguridad Inal\u00e1mbrica: 64\/128-bit WEP<br \/>\nWPA-PSK \/ WPA2-PSK<br \/>\nWPA \/ WPA2<br \/>\nTecnolog\u00eda de Modulaci\u00f3n: DBPSK, DQPSK, CCK, OFDM, 16-QAM, 64-QAM<\/p>\n<p>OTROS<br \/>\nCertificacion\tCE, FCC, IC, RoHS<br \/>\nContenidos del Paquete\tAdaptador Inal\u00e1mbrico TL-WN823N<br \/>\nCD de Instalaci\u00f3n<br \/>\nGu\u00eda de Instalaci\u00f3n R\u00e1pida<br \/>\nRequisitos del Sistema: Windows XP\/7\/8\/8.1(32\/64bits),<br \/>\nMac OS X 10.6-10.11, Linux<\/p>\n<p>Ambiente\tTemperatura de Funcionamiento: 0\u2103~40 \u2103 (32 \u2109~104\u2109)<br \/>\nTemperatura de Almacenamiento: -40\u2103~70 \u2103 (-40 \u2109~158\u2109)<br \/>\nHumedad de Funcionamiento: 10%~90% sin condensaci\u00f3n<br \/>\nHumedad de Almacenamiento: 5%~90% sin condensaci\u00f3n<\/p>\n","protected":false},"excerpt":{"rendered":"<p>&#8211;<\/p>\n","protected":false},"featured_media":13618,"template":"","meta":[],"pwb-brand":[],"product_brand":[],"product_cat":[228],"product_tag":[],"class_list":{"0":"post-13599","1":"product","2":"type-product","3":"status-publish","4":"has-post-thumbnail","6":"product_cat-228","8":"first","9":"outofstock","10":"taxable","11":"shipping-taxable","12":"purchasable","13":"product-type-simple"},"brands":[],"_links":{"self":[{"href":"https:\/\/tmp.compunegocios.com.pe\/index.php\/wp-json\/wp\/v2\/product\/13599","targetHints":{"allow":["GET"]}}],"collection":[{"href":"https:\/\/tmp.compunegocios.com.pe\/index.php\/wp-json\/wp\/v2\/product"}],"about":[{"href":"https:\/\/tmp.compunegocios.com.pe\/index.php\/wp-json\/wp\/v2\/types\/product"}],"wp:featuredmedia":[{"embeddable":true,"href":"https:\/\/tmp.compunegocios.com.pe\/index.php\/wp-json\/wp\/v2\/media\/13618"}],"wp:attachment":[{"href":"https:\/\/tmp.compunegocios.com.pe\/index.php\/wp-json\/wp\/v2\/media?parent=13599"}],"wp:term":[{"taxonomy":"pwb-brand","embeddable":true,"href":"https:\/\/tmp.compunegocios.com.pe\/index.php\/wp-json\/wp\/v2\/pwb-brand?post=13599"},{"taxonomy":"product_brand","embeddable":true,"href":"https:\/\/tmp.compunegocios.com.pe\/index.php\/wp-json\/wp\/v2\/product_brand?post=13599"},{"taxonomy":"product_cat","embeddable":true,"href":"https:\/\/tmp.compunegocios.com.pe\/index.php\/wp-json\/wp\/v2\/product_cat?post=13599"},{"taxonomy":"product_tag","embeddable":true,"href":"https:\/\/tmp.compunegocios.com.pe\/index.php\/wp-json\/wp\/v2\/product_tag?post=13599"}],"curies":[{"name":"wp","href":"https:\/\/api.w.org\/{rel}","templated":true}]}}