{"id":13645,"date":"2023-12-18T22:30:33","date_gmt":"2023-12-18T22:30:33","guid":{"rendered":"http:\/\/compunegocios.com.pe\/index.php\/product\/adaptador-tp-link-tl-wn821n-usb-2-0-inalambrico-n-300-mbps\/"},"modified":"2025-08-19T17:28:10","modified_gmt":"2025-08-19T17:28:10","slug":"adaptador-tp-link-tl-wn821n-usb-2-0-inalambrico-n-300-mbps","status":"publish","type":"product","link":"https:\/\/tmp.compunegocios.com.pe\/index.php\/product\/adaptador-tp-link-tl-wn821n-usb-2-0-inalambrico-n-300-mbps\/","title":{"rendered":"ADAPTADOR TP-LINK TL-WN821N USB 2.0 INAL\u00c1MBRICO N 300 MBPS"},"content":{"rendered":"<p>ADAPTADOR TP-LINK TL-WN821N USB 2.0 INAL\u00c1MBRICO N 300 MBPS <\/p>\n<p>Excelente velocidad N provee una mejor experiencia para la difusi\u00f3n de videos de alta definici\u00f3n o las llamadas por Internet<br \/>\nLa tecnolog\u00eda MIMO con mayor fuerza la penetraci\u00f3n de la se\u00f1al, mayor cobertura inal\u00e1mbrica, proporcionando un mejor rendimiento y estabilidad<br \/>\nEncriptado f\u00e1cil de seguridad inal\u00e1mbrica al s\u00f3lo presionar el bot\u00f3n de QSS<br \/>\nCompatible con Windows 8.1\/8\/7\/XP, Mac OS, Linux<\/p>\n","protected":false},"excerpt":{"rendered":"<p>&#8211;<\/p>\n","protected":false},"featured_media":13657,"template":"","meta":[],"pwb-brand":[],"product_brand":[],"product_cat":[228],"product_tag":[],"class_list":{"0":"post-13645","1":"product","2":"type-product","3":"status-publish","4":"has-post-thumbnail","6":"product_cat-228","8":"first","9":"outofstock","10":"taxable","11":"shipping-taxable","12":"purchasable","13":"product-type-simple"},"brands":[],"_links":{"self":[{"href":"https:\/\/tmp.compunegocios.com.pe\/index.php\/wp-json\/wp\/v2\/product\/13645","targetHints":{"allow":["GET"]}}],"collection":[{"href":"https:\/\/tmp.compunegocios.com.pe\/index.php\/wp-json\/wp\/v2\/product"}],"about":[{"href":"https:\/\/tmp.compunegocios.com.pe\/index.php\/wp-json\/wp\/v2\/types\/product"}],"wp:featuredmedia":[{"embeddable":true,"href":"https:\/\/tmp.compunegocios.com.pe\/index.php\/wp-json\/wp\/v2\/media\/13657"}],"wp:attachment":[{"href":"https:\/\/tmp.compunegocios.com.pe\/index.php\/wp-json\/wp\/v2\/media?parent=13645"}],"wp:term":[{"taxonomy":"pwb-brand","embeddable":true,"href":"https:\/\/tmp.compunegocios.com.pe\/index.php\/wp-json\/wp\/v2\/pwb-brand?post=13645"},{"taxonomy":"product_brand","embeddable":true,"href":"https:\/\/tmp.compunegocios.com.pe\/index.php\/wp-json\/wp\/v2\/product_brand?post=13645"},{"taxonomy":"product_cat","embeddable":true,"href":"https:\/\/tmp.compunegocios.com.pe\/index.php\/wp-json\/wp\/v2\/product_cat?post=13645"},{"taxonomy":"product_tag","embeddable":true,"href":"https:\/\/tmp.compunegocios.com.pe\/index.php\/wp-json\/wp\/v2\/product_tag?post=13645"}],"curies":[{"name":"wp","href":"https:\/\/api.w.org\/{rel}","templated":true}]}}