{"id":13655,"date":"2023-12-19T16:00:27","date_gmt":"2023-12-19T16:00:27","guid":{"rendered":"http:\/\/compunegocios.com.pe\/index.php\/product\/teclado-gaming-logitech-g213-prodigy-mech-dome-rgb\/"},"modified":"2025-08-19T17:28:19","modified_gmt":"2025-08-19T17:28:19","slug":"teclado-gaming-logitech-g213-prodigy-mech-dome-rgb","status":"publish","type":"product","link":"https:\/\/tmp.compunegocios.com.pe\/index.php\/product\/teclado-gaming-logitech-g213-prodigy-mech-dome-rgb\/","title":{"rendered":"TECLADO GAMING LOGITECH G213 PRODIGY MECH-DOME RGB"},"content":{"rendered":"<p>TECLADO GAMING LOGITECH G213 PRODIGY MECH-DOME RGB <\/p>\n<p>Durabilidad apta para los requisitos de los videojuegos. Los interruptores de tecla Mech-Dome t\u00e1ctiles son resistentes a salpicaduras. Iluminaci\u00f3n RGB LIGHTSYNC personalizable. Reposamanos integrado y patas ajustables. Controles multimedia espec\u00edficos.<\/p>\n<p>DIMENSIONES<br \/>\nAltura: 33 mm<br \/>\nAncho: 452 mm<br \/>\nProfundidad: 218 mm<br \/>\nPeso: 1000 g<br \/>\nTipo de conexi\u00f3n: USB 2.0<br \/>\nProtocolo USB: USB 2.0<br \/>\nVelocidad USB: Velocidad m\u00e1xima<br \/>\nIndicadores luminosos (LED): S\u00ed<br \/>\nRetroiluminaci\u00f3n: RGB (5 zonas)<br \/>\nLongitud de cable (alimentaci\u00f3n\/carga): 1,8 m<\/p>\n","protected":false},"excerpt":{"rendered":"<p>&#8211;<\/p>\n","protected":false},"featured_media":13679,"template":"","meta":[],"pwb-brand":[],"product_brand":[],"product_cat":[187],"product_tag":[],"class_list":{"0":"post-13655","1":"product","2":"type-product","3":"status-publish","4":"has-post-thumbnail","6":"product_cat-187","8":"first","9":"instock","10":"taxable","11":"shipping-taxable","12":"purchasable","13":"product-type-simple"},"brands":[],"_links":{"self":[{"href":"https:\/\/tmp.compunegocios.com.pe\/index.php\/wp-json\/wp\/v2\/product\/13655","targetHints":{"allow":["GET"]}}],"collection":[{"href":"https:\/\/tmp.compunegocios.com.pe\/index.php\/wp-json\/wp\/v2\/product"}],"about":[{"href":"https:\/\/tmp.compunegocios.com.pe\/index.php\/wp-json\/wp\/v2\/types\/product"}],"wp:featuredmedia":[{"embeddable":true,"href":"https:\/\/tmp.compunegocios.com.pe\/index.php\/wp-json\/wp\/v2\/media\/13679"}],"wp:attachment":[{"href":"https:\/\/tmp.compunegocios.com.pe\/index.php\/wp-json\/wp\/v2\/media?parent=13655"}],"wp:term":[{"taxonomy":"pwb-brand","embeddable":true,"href":"https:\/\/tmp.compunegocios.com.pe\/index.php\/wp-json\/wp\/v2\/pwb-brand?post=13655"},{"taxonomy":"product_brand","embeddable":true,"href":"https:\/\/tmp.compunegocios.com.pe\/index.php\/wp-json\/wp\/v2\/product_brand?post=13655"},{"taxonomy":"product_cat","embeddable":true,"href":"https:\/\/tmp.compunegocios.com.pe\/index.php\/wp-json\/wp\/v2\/product_cat?post=13655"},{"taxonomy":"product_tag","embeddable":true,"href":"https:\/\/tmp.compunegocios.com.pe\/index.php\/wp-json\/wp\/v2\/product_tag?post=13655"}],"curies":[{"name":"wp","href":"https:\/\/api.w.org\/{rel}","templated":true}]}}