{"id":13690,"date":"2023-12-19T22:59:10","date_gmt":"2023-12-19T22:59:10","guid":{"rendered":"http:\/\/compunegocios.com.pe\/index.php\/product\/estabilizador-forza-1200va-600w-fvr-1222usb-8-tomas-220v\/"},"modified":"2025-10-01T22:36:53","modified_gmt":"2025-10-01T22:36:53","slug":"estabilizador-forza-1200va-600w-fvr-1222usb-8-tomas-220v","status":"publish","type":"product","link":"https:\/\/tmp.compunegocios.com.pe\/index.php\/product\/estabilizador-forza-1200va-600w-fvr-1222usb-8-tomas-220v\/","title":{"rendered":"ESTABILIZADOR FORZA 1200VA\/600W FVR-1222USB 8 TOMAS 220V"},"content":{"rendered":"<p>ESTABILIZADOR FORZA 1200VA\/600W FVR-1222USB 8 TOMAS 220V <\/p>\n<p>Pr\u00e1ctico dise\u00f1o de f\u00e1cil acceso<br \/>\nEquipado con avanzadas funciones USB para carga<br \/>\nExhibe el estado funcional del regulador de voltaje (AVR)<br \/>\nFacilita la recuperaci\u00f3n de la unidad tras una sobrecarga<br \/>\nProtecci\u00f3n segura y eficiente para sus electr\u00f3nicos personales<br \/>\nCambia manualmente el voltaje seg\u00fan tu ubicaci\u00f3n o necesidades, ajustando el voltaje de salida al mismo tiempo.<\/p>\n","protected":false},"excerpt":{"rendered":"<p>&#8211;<\/p>\n","protected":false},"featured_media":13697,"template":"","meta":[],"pwb-brand":[],"product_brand":[],"product_cat":[259],"product_tag":[],"class_list":{"0":"post-13690","1":"product","2":"type-product","3":"status-publish","4":"has-post-thumbnail","6":"product_cat-259","8":"first","9":"instock","10":"taxable","11":"shipping-taxable","12":"purchasable","13":"product-type-simple"},"brands":[],"_links":{"self":[{"href":"https:\/\/tmp.compunegocios.com.pe\/index.php\/wp-json\/wp\/v2\/product\/13690","targetHints":{"allow":["GET"]}}],"collection":[{"href":"https:\/\/tmp.compunegocios.com.pe\/index.php\/wp-json\/wp\/v2\/product"}],"about":[{"href":"https:\/\/tmp.compunegocios.com.pe\/index.php\/wp-json\/wp\/v2\/types\/product"}],"wp:featuredmedia":[{"embeddable":true,"href":"https:\/\/tmp.compunegocios.com.pe\/index.php\/wp-json\/wp\/v2\/media\/13697"}],"wp:attachment":[{"href":"https:\/\/tmp.compunegocios.com.pe\/index.php\/wp-json\/wp\/v2\/media?parent=13690"}],"wp:term":[{"taxonomy":"pwb-brand","embeddable":true,"href":"https:\/\/tmp.compunegocios.com.pe\/index.php\/wp-json\/wp\/v2\/pwb-brand?post=13690"},{"taxonomy":"product_brand","embeddable":true,"href":"https:\/\/tmp.compunegocios.com.pe\/index.php\/wp-json\/wp\/v2\/product_brand?post=13690"},{"taxonomy":"product_cat","embeddable":true,"href":"https:\/\/tmp.compunegocios.com.pe\/index.php\/wp-json\/wp\/v2\/product_cat?post=13690"},{"taxonomy":"product_tag","embeddable":true,"href":"https:\/\/tmp.compunegocios.com.pe\/index.php\/wp-json\/wp\/v2\/product_tag?post=13690"}],"curies":[{"name":"wp","href":"https:\/\/api.w.org\/{rel}","templated":true}]}}