{"id":13705,"date":"2023-12-20T16:13:41","date_gmt":"2023-12-20T16:13:41","guid":{"rendered":"http:\/\/compunegocios.com.pe\/index.php\/product\/estabilizador-forza-1000va-500w-fvr-1012-4-tomas\/"},"modified":"2025-08-19T17:28:25","modified_gmt":"2025-08-19T17:28:25","slug":"estabilizador-forza-1000va-500w-fvr-1012-4-tomas","status":"publish","type":"product","link":"https:\/\/tmp.compunegocios.com.pe\/index.php\/product\/estabilizador-forza-1000va-500w-fvr-1012-4-tomas\/","title":{"rendered":"ESTABILIZADOR FORZA 1000VA\/500W FVR-1012 4 TOMAS"},"content":{"rendered":"<p>ESTABILIZADOR FORZA 1000VA\/500W FVR-1012 4 TOMAS<\/p>\n<p>Regulaci\u00f3n autom\u00e1tica de voltaje (AVR)<br \/>\nSuministra corriente de CA pura y estable al elevar autom\u00e1ticamente la tensi\u00f3n cuando disminuye el voltaje, mientras que reduce la tensi\u00f3n si excede el valor m\u00e1ximo admisible, sin necesidad de utilizar la energ\u00eda de reserva de la bater\u00eda cada vez que se detectan irregularidades en la l\u00ednea de suministro el\u00e9ctrico.<\/p>\n<p>Protecci\u00f3n contra sobretensi\u00f3n, sobrecarga, descarga el\u00e9ctrica y de voltaje<br \/>\nOfrece protecci\u00f3n superior al redireccionar el exceso de tensi\u00f3n de los equipos conectados durante sobrecargas o subidas de tensi\u00f3n.<\/p>\n<p>Interruptor de reposici\u00f3n autom\u00e1tico<br \/>\nEvita autom\u00e1ticamente el flujo de corriente en un circuito el\u00e9ctrico como medida de seguridad al detectar niveles de alta tensi\u00f3n inapropiados. Se puede volver a configurar para reanudar el funcionamiento.<\/p>\n<p>Tecnolog\u00eda MOV<br \/>\nLa tecnolog\u00eda MOV (varistor de \u00f3xido de metal) ofrece mayor protecci\u00f3n para componentes electr\u00f3nicos contra sobrecargas y subidas repentinas de tensi\u00f3n.<\/p>\n<p> Termofusible de protecci\u00f3n<br \/>\nDesconecta la corriente en forma instant\u00e1nea cuando la temperatura interna se eleva a niveles potencialmente perjudiciales.<\/p>\n<p>Material retardador de llama<br \/>\nTodos nuestros sistemas UPS est\u00e1n elaborados con material ABS retardador de llama, lo cual garantiza que de presentarse alguna falla, el equipo no es susceptible de prender fuego.<\/p>\n<p>Indicadores visuales LED<br \/>\nLas luces LED en el panel frontal indican el estado funcional de la UPS, la duraci\u00f3n de la bater\u00eda as\u00ed como fallas potenciales detectadas en el sistema.<\/p>\n<p>Temporizador de retardo<br \/>\nEl temporizador de retardo regula el flujo diferido de electricidad hacia los equipos, para prevenir puntas de tensi\u00f3n repentinas al momento de restablecerse el suministro de la red.<\/p>\n","protected":false},"excerpt":{"rendered":"<p>&#8211;<\/p>\n","protected":false},"featured_media":13711,"template":"","meta":[],"pwb-brand":[],"product_brand":[],"product_cat":[259],"product_tag":[],"class_list":{"0":"post-13705","1":"product","2":"type-product","3":"status-publish","4":"has-post-thumbnail","6":"product_cat-259","8":"first","9":"outofstock","10":"taxable","11":"shipping-taxable","12":"purchasable","13":"product-type-simple"},"brands":[],"_links":{"self":[{"href":"https:\/\/tmp.compunegocios.com.pe\/index.php\/wp-json\/wp\/v2\/product\/13705","targetHints":{"allow":["GET"]}}],"collection":[{"href":"https:\/\/tmp.compunegocios.com.pe\/index.php\/wp-json\/wp\/v2\/product"}],"about":[{"href":"https:\/\/tmp.compunegocios.com.pe\/index.php\/wp-json\/wp\/v2\/types\/product"}],"wp:featuredmedia":[{"embeddable":true,"href":"https:\/\/tmp.compunegocios.com.pe\/index.php\/wp-json\/wp\/v2\/media\/13711"}],"wp:attachment":[{"href":"https:\/\/tmp.compunegocios.com.pe\/index.php\/wp-json\/wp\/v2\/media?parent=13705"}],"wp:term":[{"taxonomy":"pwb-brand","embeddable":true,"href":"https:\/\/tmp.compunegocios.com.pe\/index.php\/wp-json\/wp\/v2\/pwb-brand?post=13705"},{"taxonomy":"product_brand","embeddable":true,"href":"https:\/\/tmp.compunegocios.com.pe\/index.php\/wp-json\/wp\/v2\/product_brand?post=13705"},{"taxonomy":"product_cat","embeddable":true,"href":"https:\/\/tmp.compunegocios.com.pe\/index.php\/wp-json\/wp\/v2\/product_cat?post=13705"},{"taxonomy":"product_tag","embeddable":true,"href":"https:\/\/tmp.compunegocios.com.pe\/index.php\/wp-json\/wp\/v2\/product_tag?post=13705"}],"curies":[{"name":"wp","href":"https:\/\/api.w.org\/{rel}","templated":true}]}}