{"id":13743,"date":"2023-12-21T19:50:47","date_gmt":"2023-12-21T19:50:47","guid":{"rendered":"http:\/\/compunegocios.com.pe\/index.php\/product\/teclado-logitech-mk470-slim-combo-teclado-mouse-inalambrico-silencioso\/"},"modified":"2025-08-19T17:28:34","modified_gmt":"2025-08-19T17:28:34","slug":"teclado-logitech-mk470-slim-combo-teclado-mouse-inalambrico-silencioso","status":"publish","type":"product","link":"https:\/\/tmp.compunegocios.com.pe\/index.php\/product\/teclado-logitech-mk470-slim-combo-teclado-mouse-inalambrico-silencioso\/","title":{"rendered":"TECLADO LOGITECH MK470 SLIM COMBO, TECLADO + MOUSE INAL\u00c1MBRICO, SILENCIOSO"},"content":{"rendered":"<p>TECLADO LOGITECH MK470 SLIM COMBO, TECLADO + MOUSE INAL\u00c1MBRICO, SILENCIOSO<\/p>\n<p>Crea un espacio minimalista, moderno y silencioso con la compacta y estilizada combinaci\u00f3n inal\u00e1mbrica MK470, compuesta de un teclado y un mouse de dise\u00f1o avanzado perfectos para hacer las cosas con eficacia (incluso en los espacios de escritorio m\u00e1s reducidos).<\/p>\n<p>Dimensiones<\/p>\n<p>Dimensiones del mouse<br \/>\nAltura: 107 mm<br \/>\nAncho: 59 mm<br \/>\nProfundidad: 26,5 mm<br \/>\nPeso (incluidas las bater\u00edas): 100 g<\/p>\n<p>Dimensiones del teclado<br \/>\nAltura: 143,9 mm<br \/>\nAncho: 373,5 mm<br \/>\nProfundidad: 21,3 mm<br \/>\nPeso (incluidas las bater\u00edas): 558 g<\/p>\n<p>Nano receptor<br \/>\nAltura: 18,7 mm<br \/>\nAncho: 14,4 mm<br \/>\nProfundidad: 6,1 mm<br \/>\nPeso: 1,8 g<\/p>\n<p>Especificaciones t\u00e9cnicas<\/p>\n<p>Mouse<br \/>\nTecnolog\u00eda de sensor: Seguimiento \u00f3ptico de alta precisi\u00f3n<br \/>\nResoluci\u00f3n de sensor: 1000 DPI<br \/>\nN\u00famero de botones: 3<br \/>\nRueda de desplazamiento: S\u00ed &#8211; Mec\u00e1nico<br \/>\nBotones de desplazamiento: Bot\u00f3n central<br \/>\nMouse apto para Unifying: No<br \/>\nReceptor apto para Unifying: No<br \/>\nDuraci\u00f3n de bater\u00eda del mouse: 18 meses<br \/>\nTipo de bater\u00eda del mouse: 1 AA<\/p>\n<p>Teclado<br \/>\nDuraci\u00f3n de bater\u00edas del teclado: 36 meses<br \/>\nTipo de bater\u00edas del teclado: 2 AAA<br \/>\nDistancia de funcionamiento inal\u00e1mbrico: 10 metros 1El radio de acci\u00f3n inal\u00e1mbrico depende de las condiciones del entorno y de los dispositivos<\/p>\n<p>Tecnolog\u00eda inal\u00e1mbrica: Nano receptor Logitech<\/p>\n","protected":false},"excerpt":{"rendered":"<p>&#8211;<\/p>\n","protected":false},"featured_media":13750,"template":"","meta":[],"pwb-brand":[],"product_brand":[],"product_cat":[332],"product_tag":[],"class_list":{"0":"post-13743","1":"product","2":"type-product","3":"status-publish","4":"has-post-thumbnail","6":"product_cat-332","8":"first","9":"instock","10":"taxable","11":"shipping-taxable","12":"purchasable","13":"product-type-simple"},"brands":[],"_links":{"self":[{"href":"https:\/\/tmp.compunegocios.com.pe\/index.php\/wp-json\/wp\/v2\/product\/13743","targetHints":{"allow":["GET"]}}],"collection":[{"href":"https:\/\/tmp.compunegocios.com.pe\/index.php\/wp-json\/wp\/v2\/product"}],"about":[{"href":"https:\/\/tmp.compunegocios.com.pe\/index.php\/wp-json\/wp\/v2\/types\/product"}],"wp:featuredmedia":[{"embeddable":true,"href":"https:\/\/tmp.compunegocios.com.pe\/index.php\/wp-json\/wp\/v2\/media\/13750"}],"wp:attachment":[{"href":"https:\/\/tmp.compunegocios.com.pe\/index.php\/wp-json\/wp\/v2\/media?parent=13743"}],"wp:term":[{"taxonomy":"pwb-brand","embeddable":true,"href":"https:\/\/tmp.compunegocios.com.pe\/index.php\/wp-json\/wp\/v2\/pwb-brand?post=13743"},{"taxonomy":"product_brand","embeddable":true,"href":"https:\/\/tmp.compunegocios.com.pe\/index.php\/wp-json\/wp\/v2\/product_brand?post=13743"},{"taxonomy":"product_cat","embeddable":true,"href":"https:\/\/tmp.compunegocios.com.pe\/index.php\/wp-json\/wp\/v2\/product_cat?post=13743"},{"taxonomy":"product_tag","embeddable":true,"href":"https:\/\/tmp.compunegocios.com.pe\/index.php\/wp-json\/wp\/v2\/product_tag?post=13743"}],"curies":[{"name":"wp","href":"https:\/\/api.w.org\/{rel}","templated":true}]}}