{"id":13747,"date":"2023-12-21T21:27:56","date_gmt":"2023-12-21T21:27:56","guid":{"rendered":"http:\/\/compunegocios.com.pe\/index.php\/product\/combo-teclado-mouse-logitech-mk220-inalambrico\/"},"modified":"2025-08-21T18:34:23","modified_gmt":"2025-08-21T18:34:23","slug":"combo-teclado-mouse-logitech-mk220-inalambrico","status":"publish","type":"product","link":"https:\/\/tmp.compunegocios.com.pe\/index.php\/product\/combo-teclado-mouse-logitech-mk220-inalambrico\/","title":{"rendered":"COMBO TECLADO + MOUSE LOGITECH MK220, INAL\u00c1MBRICO"},"content":{"rendered":"<p>COMBO TECLADO + MOUSE LOGITECH MK220, INAL\u00c1MBRICO<\/p>\n<p>Dimensiones<\/p>\n<p>Teclado<br \/>\nAltura: 112 mm<br \/>\nAncho: 381 mm<br \/>\nProfundidad: 17,78 mm<br \/>\nPeso: 320 g<\/p>\n<p>Mouse<br \/>\nAltura: 107 mm<br \/>\nAncho: 60 mm<br \/>\nProfundidad: 40 mm<br \/>\nPeso: 112 g<\/p>\n<p>Especificaciones t\u00e9cnicas<br \/>\nRadio de acci\u00f3n inal\u00e1mbrico: 10 metros 1El radio de acci\u00f3n inal\u00e1mbrico depende de las condiciones del entorno y de los dispositivos.<\/p>\n<p>Teclado<br \/>\nTeclado num\u00e9rico con 10 teclas<br \/>\nControles de m\u00fasica<br \/>\nHasta 5 millones de pulsaciones (excluida la tecla de bloque num\u00e9rico)<br \/>\nTipo de teclas: Teclas c\u00f3ncavas<br \/>\nResistente a salpicaduras 2Pruebas realizadas en condiciones limitadas (m\u00e1ximo de 60 ml de l\u00edquido). No sumerjas el teclado en ning\u00fan l\u00edquido.<br \/>\n2 pilas AAA (pilas alcalinas)<\/p>\n<p>Mouse<br \/>\nTecnolog\u00eda de sensor: Seguimiento \u00f3ptico uniforme<br \/>\nN\u00famero de botones: 3 (click izquierdo\/derecho, click de bot\u00f3n central)<br \/>\nDesplazamiento: l\u00ednea a l\u00ednea<br \/>\nRueda de desplazamiento: S\u00ed, \u00f3ptico<br \/>\n2 bater\u00edas AA (alcalinas)<\/p>\n","protected":false},"excerpt":{"rendered":"<p>&#8211;<\/p>\n","protected":false},"featured_media":13764,"template":"","meta":[],"pwb-brand":[],"product_brand":[],"product_cat":[15],"product_tag":[],"class_list":{"0":"post-13747","1":"product","2":"type-product","3":"status-publish","4":"has-post-thumbnail","6":"product_cat-uncategorized","8":"first","9":"instock","10":"taxable","11":"shipping-taxable","12":"purchasable","13":"product-type-simple"},"brands":[],"_links":{"self":[{"href":"https:\/\/tmp.compunegocios.com.pe\/index.php\/wp-json\/wp\/v2\/product\/13747","targetHints":{"allow":["GET"]}}],"collection":[{"href":"https:\/\/tmp.compunegocios.com.pe\/index.php\/wp-json\/wp\/v2\/product"}],"about":[{"href":"https:\/\/tmp.compunegocios.com.pe\/index.php\/wp-json\/wp\/v2\/types\/product"}],"wp:featuredmedia":[{"embeddable":true,"href":"https:\/\/tmp.compunegocios.com.pe\/index.php\/wp-json\/wp\/v2\/media\/13764"}],"wp:attachment":[{"href":"https:\/\/tmp.compunegocios.com.pe\/index.php\/wp-json\/wp\/v2\/media?parent=13747"}],"wp:term":[{"taxonomy":"pwb-brand","embeddable":true,"href":"https:\/\/tmp.compunegocios.com.pe\/index.php\/wp-json\/wp\/v2\/pwb-brand?post=13747"},{"taxonomy":"product_brand","embeddable":true,"href":"https:\/\/tmp.compunegocios.com.pe\/index.php\/wp-json\/wp\/v2\/product_brand?post=13747"},{"taxonomy":"product_cat","embeddable":true,"href":"https:\/\/tmp.compunegocios.com.pe\/index.php\/wp-json\/wp\/v2\/product_cat?post=13747"},{"taxonomy":"product_tag","embeddable":true,"href":"https:\/\/tmp.compunegocios.com.pe\/index.php\/wp-json\/wp\/v2\/product_tag?post=13747"}],"curies":[{"name":"wp","href":"https:\/\/api.w.org\/{rel}","templated":true}]}}