{"id":13772,"date":"2023-12-21T23:18:12","date_gmt":"2023-12-21T23:18:12","guid":{"rendered":"http:\/\/compunegocios.com.pe\/index.php\/product\/combo-teclado-mouse-logitech-mk120-usb\/"},"modified":"2025-10-04T23:14:20","modified_gmt":"2025-10-04T23:14:20","slug":"combo-teclado-mouse-logitech-mk120-usb","status":"publish","type":"product","link":"https:\/\/tmp.compunegocios.com.pe\/index.php\/product\/combo-teclado-mouse-logitech-mk120-usb\/","title":{"rendered":"COMBO TECLADO + MOUSE LOGITECH MK120, USB"},"content":{"rendered":"<p>COMBO TECLADO + MOUSE LOGITECH MK120, USB <\/p>\n<p>Un teclado y un mouse de tama\u00f1o normal cuyo dise\u00f1o familiar y f\u00e1cil de usar agiliza la puesta en marcha. S\u00f3lo hay que conectar esta combinaci\u00f3n con cable a una toma USB para empezar a usarla.<\/p>\n<p>Dimensiones<\/p>\n<p>Teclado<br \/>\nAltura: 155 mm<br \/>\nAncho: 450 mm<br \/>\nProfundidad: 23,5 mm<br \/>\nPeso: 550 g<br \/>\nLongitud del cable: 150 cm<\/p>\n<p>Mouse<br \/>\nAltura: 113 mm<br \/>\nAncho: 62 mm<br \/>\nProfundidad: 38 mm<br \/>\nPeso: 90 g<br \/>\nLongitud del cable: 180 cm<\/p>\n<p>Especificaciones t\u00e9cnicas<\/p>\n<p>Teclado<br \/>\nDise\u00f1o resistente a salpicaduras 1Pruebas realizadas en condiciones limitadas (m\u00e1ximo de 60 ml de l\u00edquido). No sumerjas el teclado en ning\u00fan l\u00edquido.<br \/>\nAltura de teclado ajustable<br \/>\nTeclado num\u00e9rico con 10 teclas<br \/>\nIndicador luminoso de bloqueo de may\u00fasculas<br \/>\nIndicador luminoso de bloqueo num\u00e9rico<br \/>\nHasta 10 millones de pulsaciones (excepto la tecla de bloqueo num\u00e9rico)<br \/>\nTipo de teclas: Teclas c\u00f3ncavas<\/p>\n<p>Mouse<br \/>\nTecnolog\u00eda de sensor: Seguimiento \u00f3ptico<br \/>\nN\u00famero de botones: 3 (click izquierdo\/derecho, click de bot\u00f3n central)<br \/>\nDesplazamiento: l\u00ednea a l\u00ednea<br \/>\nRueda de desplazamiento: S\u00ed, \u00f3ptico<\/p>\n","protected":false},"excerpt":{"rendered":"<p>&#8211;<\/p>\n","protected":false},"featured_media":13777,"template":"","meta":[],"pwb-brand":[],"product_brand":[],"product_cat":[186],"product_tag":[],"class_list":{"0":"post-13772","1":"product","2":"type-product","3":"status-publish","4":"has-post-thumbnail","6":"product_cat-186","8":"first","9":"instock","10":"taxable","11":"shipping-taxable","12":"purchasable","13":"product-type-simple"},"brands":[],"_links":{"self":[{"href":"https:\/\/tmp.compunegocios.com.pe\/index.php\/wp-json\/wp\/v2\/product\/13772","targetHints":{"allow":["GET"]}}],"collection":[{"href":"https:\/\/tmp.compunegocios.com.pe\/index.php\/wp-json\/wp\/v2\/product"}],"about":[{"href":"https:\/\/tmp.compunegocios.com.pe\/index.php\/wp-json\/wp\/v2\/types\/product"}],"wp:featuredmedia":[{"embeddable":true,"href":"https:\/\/tmp.compunegocios.com.pe\/index.php\/wp-json\/wp\/v2\/media\/13777"}],"wp:attachment":[{"href":"https:\/\/tmp.compunegocios.com.pe\/index.php\/wp-json\/wp\/v2\/media?parent=13772"}],"wp:term":[{"taxonomy":"pwb-brand","embeddable":true,"href":"https:\/\/tmp.compunegocios.com.pe\/index.php\/wp-json\/wp\/v2\/pwb-brand?post=13772"},{"taxonomy":"product_brand","embeddable":true,"href":"https:\/\/tmp.compunegocios.com.pe\/index.php\/wp-json\/wp\/v2\/product_brand?post=13772"},{"taxonomy":"product_cat","embeddable":true,"href":"https:\/\/tmp.compunegocios.com.pe\/index.php\/wp-json\/wp\/v2\/product_cat?post=13772"},{"taxonomy":"product_tag","embeddable":true,"href":"https:\/\/tmp.compunegocios.com.pe\/index.php\/wp-json\/wp\/v2\/product_tag?post=13772"}],"curies":[{"name":"wp","href":"https:\/\/api.w.org\/{rel}","templated":true}]}}