{"id":13783,"date":"2023-12-22T00:02:09","date_gmt":"2023-12-22T00:02:09","guid":{"rendered":"http:\/\/compunegocios.com.pe\/index.php\/product\/combo-teclado-mouse-teros-te-4061n-inalambrico\/"},"modified":"2025-08-19T17:28:41","modified_gmt":"2025-08-19T17:28:41","slug":"combo-teclado-mouse-teros-te-4061n-inalambrico","status":"publish","type":"product","link":"https:\/\/tmp.compunegocios.com.pe\/index.php\/product\/combo-teclado-mouse-teros-te-4061n-inalambrico\/","title":{"rendered":"COMBO TECLADO + MOUSE TEROS TE-4061N, INAL\u00c1MBRICO"},"content":{"rendered":"<p>COMBO TECLADO + MOUSE TEROS TE-4061N, INAL\u00c1MBRICO <\/p>\n<p>Kit Inal\u00e1mbrico Multimendia Teclado + Mouse TE4061N, 2.4GHz, Receptor nano USB, Negro. Teclado: Dise\u00f1o Multimedia, Idioma Espa\u00f1ol, teclas de accion suave.<br \/>\nMouse: Sensor Optico, 1000 DPI, 2 botones, Scroll.<\/p>\n","protected":false},"excerpt":{"rendered":"<p>&#8211;<\/p>\n","protected":false},"featured_media":13785,"template":"","meta":[],"pwb-brand":[],"product_brand":[],"product_cat":[332],"product_tag":[],"class_list":{"0":"post-13783","1":"product","2":"type-product","3":"status-publish","4":"has-post-thumbnail","6":"product_cat-332","8":"first","9":"instock","10":"taxable","11":"shipping-taxable","12":"purchasable","13":"product-type-simple"},"brands":[],"_links":{"self":[{"href":"https:\/\/tmp.compunegocios.com.pe\/index.php\/wp-json\/wp\/v2\/product\/13783","targetHints":{"allow":["GET"]}}],"collection":[{"href":"https:\/\/tmp.compunegocios.com.pe\/index.php\/wp-json\/wp\/v2\/product"}],"about":[{"href":"https:\/\/tmp.compunegocios.com.pe\/index.php\/wp-json\/wp\/v2\/types\/product"}],"wp:featuredmedia":[{"embeddable":true,"href":"https:\/\/tmp.compunegocios.com.pe\/index.php\/wp-json\/wp\/v2\/media\/13785"}],"wp:attachment":[{"href":"https:\/\/tmp.compunegocios.com.pe\/index.php\/wp-json\/wp\/v2\/media?parent=13783"}],"wp:term":[{"taxonomy":"pwb-brand","embeddable":true,"href":"https:\/\/tmp.compunegocios.com.pe\/index.php\/wp-json\/wp\/v2\/pwb-brand?post=13783"},{"taxonomy":"product_brand","embeddable":true,"href":"https:\/\/tmp.compunegocios.com.pe\/index.php\/wp-json\/wp\/v2\/product_brand?post=13783"},{"taxonomy":"product_cat","embeddable":true,"href":"https:\/\/tmp.compunegocios.com.pe\/index.php\/wp-json\/wp\/v2\/product_cat?post=13783"},{"taxonomy":"product_tag","embeddable":true,"href":"https:\/\/tmp.compunegocios.com.pe\/index.php\/wp-json\/wp\/v2\/product_tag?post=13783"}],"curies":[{"name":"wp","href":"https:\/\/api.w.org\/{rel}","templated":true}]}}