{"id":13817,"date":"2023-12-22T21:22:07","date_gmt":"2023-12-22T21:22:07","guid":{"rendered":"http:\/\/compunegocios.com.pe\/index.php\/product\/fuente-de-poder-rog-strix-1000g-1000w-gaming-80-plus-gold\/"},"modified":"2025-08-19T17:28:48","modified_gmt":"2025-08-19T17:28:48","slug":"fuente-de-poder-rog-strix-1000g-1000w-gaming-80-plus-gold","status":"publish","type":"product","link":"https:\/\/tmp.compunegocios.com.pe\/index.php\/product\/fuente-de-poder-rog-strix-1000g-1000w-gaming-80-plus-gold\/","title":{"rendered":"FUENTE DE PODER ROG STRIX 1000G 1000W GAMING 80 PLUS GOLD"},"content":{"rendered":"<p>FUENTE DE PODER ROG STRIX 1000G 1000W GAMING 80 PLUS GOLD<\/p>\n<p>Disipadores de calor ROG<br \/>\nLos disipadores t\u00e9rmicos ROG integrados tienen 2 veces m\u00e1s volumen que los dise\u00f1os tradicionales, lo que resulta en temperaturas significativamente m\u00e1s bajas dentro de las PSU de la serie ROG Strix. Esto extiende la vida \u00fatil de los componentes y permite un funcionamiento a 0 dB durante m\u00e1s tiempo que los dise\u00f1os est\u00e1ndar. Los disipadores de calor son tan efectivos que el ruido del ventilador permanece silencioso, incluso a plena carga.<\/p>\n<p>Certificaci\u00f3n 80 Plus Gold<br \/>\nLos condensadores japoneses de alta gama garantizan un funcionamiento eficiente y han ayudado al Strix a obtener la certificaci\u00f3n 80 PLUS Gold. La mayor eficiencia tambi\u00e9n da como resultado menos calor, reduciendo el ruido y aumentando la confiabilidad.<\/p>\n<p>Personalizaci\u00f3n cosm\u00e9tica<br \/>\nHacer que todo luzca bien puede ser un aspecto desafiante de cualquier configuraci\u00f3n. Las fuentes de alimentaci\u00f3n de la serie ROG Strix tienen como objetivo hacer su vida un poco m\u00e1s f\u00e1cil con un conveniente logotipo magn\u00e9tico y pegatinas que lo ayudan a cambiar el aspecto del lado visible a su gusto.<\/p>\n<p>ESPECIFICACIONES<br \/>\nMARCA: ASUS<br \/>\nMODELO: Rog-Strix-1000G<br \/>\nCATEGORIA: Fuente<br \/>\nESPECIFICACIONES DE INTEL:  ATX12V<br \/>\nEFICIENCIA: 80 Plus Gold<br \/>\nCARACTERISTICAS DE PROTECCION: OPP \/ OVP \/ UVP \/ SCP \/ OCP \/ OTP<br \/>\nRANGO DE ENTRADA DE CA: 100-240Vac<br \/>\nVOLTAJE DE SALIDA DC: + 3.3V + 5V + 12V -12V + 5Vsb<br \/>\nCARGA MAXIMA: 25A 25A 83A 0.3A 3A<br \/>\nSALIDA TOTAL: 1000W<\/p>\n<p>CONECTORES<br \/>\nMB 24\/20 pines x 1<br \/>\nCPU 4 + 4 pines x 2<br \/>\nPCI-E 6 + 2 pines x 6<br \/>\nSATA x 8 PERIF\u00c9RICOS x 6<br \/>\nFACTOR DE FORMA: ATX<br \/>\nDIMENSIONES: 16 x 15 x 8,6 cent\u00edmetros<\/p>\n","protected":false},"excerpt":{"rendered":"<p>&#8211;<\/p>\n","protected":false},"featured_media":13825,"template":"","meta":[],"pwb-brand":[339],"product_brand":[],"product_cat":[174],"product_tag":[],"class_list":{"0":"post-13817","1":"product","2":"type-product","3":"status-publish","4":"has-post-thumbnail","6":"pwb-brand-asus","7":"product_cat-174","9":"first","10":"outofstock","11":"taxable","12":"shipping-taxable","13":"purchasable","14":"product-type-simple"},"brands":[{"id":339,"name":"Asus","slug":"asus"}],"_links":{"self":[{"href":"https:\/\/tmp.compunegocios.com.pe\/index.php\/wp-json\/wp\/v2\/product\/13817","targetHints":{"allow":["GET"]}}],"collection":[{"href":"https:\/\/tmp.compunegocios.com.pe\/index.php\/wp-json\/wp\/v2\/product"}],"about":[{"href":"https:\/\/tmp.compunegocios.com.pe\/index.php\/wp-json\/wp\/v2\/types\/product"}],"wp:featuredmedia":[{"embeddable":true,"href":"https:\/\/tmp.compunegocios.com.pe\/index.php\/wp-json\/wp\/v2\/media\/13825"}],"wp:attachment":[{"href":"https:\/\/tmp.compunegocios.com.pe\/index.php\/wp-json\/wp\/v2\/media?parent=13817"}],"wp:term":[{"taxonomy":"pwb-brand","embeddable":true,"href":"https:\/\/tmp.compunegocios.com.pe\/index.php\/wp-json\/wp\/v2\/pwb-brand?post=13817"},{"taxonomy":"product_brand","embeddable":true,"href":"https:\/\/tmp.compunegocios.com.pe\/index.php\/wp-json\/wp\/v2\/product_brand?post=13817"},{"taxonomy":"product_cat","embeddable":true,"href":"https:\/\/tmp.compunegocios.com.pe\/index.php\/wp-json\/wp\/v2\/product_cat?post=13817"},{"taxonomy":"product_tag","embeddable":true,"href":"https:\/\/tmp.compunegocios.com.pe\/index.php\/wp-json\/wp\/v2\/product_tag?post=13817"}],"curies":[{"name":"wp","href":"https:\/\/api.w.org\/{rel}","templated":true}]}}