{"id":14461,"date":"2024-01-19T15:39:15","date_gmt":"2024-01-19T15:39:15","guid":{"rendered":"http:\/\/compunegocios.com.pe\/index.php\/product\/antivirus-eset-internet-security-windows-macos-android-para-1-equipo-2x1-1-licencia-protege-2-equipos\/"},"modified":"2025-08-19T17:31:16","modified_gmt":"2025-08-19T17:31:16","slug":"antivirus-eset-internet-security-windows-macos-android-para-1-equipo-2x1-1-licencia-protege-2-equipos","status":"publish","type":"product","link":"https:\/\/tmp.compunegocios.com.pe\/index.php\/product\/antivirus-eset-internet-security-windows-macos-android-para-1-equipo-2x1-1-licencia-protege-2-equipos\/","title":{"rendered":"ANTIVIRUS ESET INTERNET SECURITY WINDOWS MACOS ANDROID PARA 1 EQUIPO 2X1 1 LICENCIA PROTEGE 2 EQUIPOS"},"content":{"rendered":"<p>ANTIVIRUS ESET INTERNET SECURITY WINDOWS MACOS ANDROID PARA 1 EQUIPO 2X1 1 LICENCIA PROTEGE 2 EQUIPOS <\/p>\n<p>2X1<\/p>\n<p>\u2022 ANTIVIRUS ESET INTERNET SECURITY 1 LICENCIA:<br \/>\nProtege tus contrase\u00f1as y datos personales, ESET Internet Security asegura el entorno hogare\u00f1o completo: informaci\u00f3n, pagos en l\u00ednea, contrase\u00f1as, dispositivos inteligentes, c\u00e1mara web y tambi\u00e9n, a los m\u00e1s peque\u00f1os. Protecci\u00f3n multiplataforma: Asegura todos tus dispositivos con una sola licencia, sin importar el sistema operativo: Mac, Windows, Android.<\/p>\n<p>\u2022 CARACTERISTICAS:<br \/>\nEstar a salvo de los ataques que me piden un rescate para desbloquear mis datos, Impedir que los hackers accedan a mi equipo, Poder hacer compras y operaciones bancarias online sin preocuparme por la seguridad, Asegurar los dispositivos conectados a la red de mi hogar.<\/p>\n","protected":false},"excerpt":{"rendered":"<p>&#8211;<\/p>\n","protected":false},"featured_media":14462,"template":"","meta":[],"pwb-brand":[],"product_brand":[],"product_cat":[241],"product_tag":[],"class_list":{"0":"post-14461","1":"product","2":"type-product","3":"status-publish","4":"has-post-thumbnail","6":"product_cat-241","8":"first","9":"instock","10":"taxable","11":"shipping-taxable","12":"purchasable","13":"product-type-simple"},"brands":[],"_links":{"self":[{"href":"https:\/\/tmp.compunegocios.com.pe\/index.php\/wp-json\/wp\/v2\/product\/14461","targetHints":{"allow":["GET"]}}],"collection":[{"href":"https:\/\/tmp.compunegocios.com.pe\/index.php\/wp-json\/wp\/v2\/product"}],"about":[{"href":"https:\/\/tmp.compunegocios.com.pe\/index.php\/wp-json\/wp\/v2\/types\/product"}],"wp:featuredmedia":[{"embeddable":true,"href":"https:\/\/tmp.compunegocios.com.pe\/index.php\/wp-json\/wp\/v2\/media\/14462"}],"wp:attachment":[{"href":"https:\/\/tmp.compunegocios.com.pe\/index.php\/wp-json\/wp\/v2\/media?parent=14461"}],"wp:term":[{"taxonomy":"pwb-brand","embeddable":true,"href":"https:\/\/tmp.compunegocios.com.pe\/index.php\/wp-json\/wp\/v2\/pwb-brand?post=14461"},{"taxonomy":"product_brand","embeddable":true,"href":"https:\/\/tmp.compunegocios.com.pe\/index.php\/wp-json\/wp\/v2\/product_brand?post=14461"},{"taxonomy":"product_cat","embeddable":true,"href":"https:\/\/tmp.compunegocios.com.pe\/index.php\/wp-json\/wp\/v2\/product_cat?post=14461"},{"taxonomy":"product_tag","embeddable":true,"href":"https:\/\/tmp.compunegocios.com.pe\/index.php\/wp-json\/wp\/v2\/product_tag?post=14461"}],"curies":[{"name":"wp","href":"https:\/\/api.w.org\/{rel}","templated":true}]}}