{"id":14463,"date":"2024-01-19T15:49:17","date_gmt":"2024-01-19T15:49:17","guid":{"rendered":"http:\/\/compunegocios.com.pe\/index.php\/product\/case-gamer-teros-te1163n-panel-lateral-de-vidrio-templado-4-fan-argb-usb\/"},"modified":"2025-08-19T17:31:17","modified_gmt":"2025-08-19T17:31:17","slug":"case-gamer-teros-te1163n-panel-lateral-de-vidrio-templado-4-fan-argb-usb","status":"publish","type":"product","link":"https:\/\/tmp.compunegocios.com.pe\/index.php\/product\/case-gamer-teros-te1163n-panel-lateral-de-vidrio-templado-4-fan-argb-usb\/","title":{"rendered":"CASE GAMER TEROS TE1163N PANEL LATERAL DE VIDRIO TEMPLADO 4 FAN ARGB USB BLACK"},"content":{"rendered":"<p>CASE GAMER TEROS TE1163N PANEL LATERAL DE VIDRIO TEMPLADO 4 FAN ARGB USB BLACK<\/p>\n<p>Panel lateral Vidrio templado, puertos USB 3.0 , USB 2.0, Aud\u00edfono y micr\u00f3fono, 4 Fan 12 cm ARGB. No incluye fuente de alimentaci\u00f3n.<br \/>\nMARCA: TEROS<br \/>\nMODELO: TE1163N<br \/>\nFACTOR DE FORMA: Mid Tower<br \/>\nMOTHERBOARDS SOPORTADAS FF:<br \/>\n&#8211; Micro-ATX<br \/>\n&#8211; Mini-ITX<br \/>\nORIENTACION: VERTICAL<\/p>\n<p>DIMESIONES<br \/>\nLARGO: 548 mm<br \/>\nANCHO: 230 mm<br \/>\nALTO: 449 mm<br \/>\nPESO: 5.6 KG<br \/>\nBAHIAS\tINTERNAS:<br \/>\n&#8211; 3.5\t1<br \/>\n&#8211; 2.5\t3<br \/>\nSLOTS DE EXPANSION: 4<br \/>\nPULSADORES:<br \/>\n&#8211; POWER<br \/>\n&#8211; LED CONTROL BUTTON<\/p>\n<p>PUERTOS<br \/>\nAUDIO: 1<br \/>\nMICROFONO: 1<br \/>\nUSB 2.0 TIPO-A\t1<br \/>\nUSB 3 TIPO-A\t1<\/p>\n<p>VENTILADORES<br \/>\nSOPORTA FRONT (NO INCLUYE): 2 x 120 mm<br \/>\nPRE INSTALADO REAR ARGB: 2 x 120 mm<br \/>\nPRE INSTALADO TOP ARGB: 2 x 120 mm<br \/>\nSOPORTE DE RADIADOR<br \/>\nFRONT:<br \/>\n&#8211; 120 mm<br \/>\n&#8211; 240 mm<br \/>\nSOPORTA RADIADOR: SI<br \/>\nGLASS Y DUST FILTER\tTEMPERED GLASS: Lados Izquierdo y Derecho<br \/>\nCOLOR: NEGRO<br \/>\nFORMATO DE FUENTE\tATX<br \/>\nACCESORIOS: CONTROL REMOTO<\/p>\n","protected":false},"excerpt":{"rendered":"<p>&#8211;<\/p>\n","protected":false},"featured_media":14464,"template":"","meta":[],"pwb-brand":[],"product_brand":[],"product_cat":[166],"product_tag":[],"class_list":{"0":"post-14463","1":"product","2":"type-product","3":"status-publish","4":"has-post-thumbnail","6":"product_cat-166","8":"first","9":"instock","10":"taxable","11":"shipping-taxable","12":"purchasable","13":"product-type-simple"},"brands":[],"_links":{"self":[{"href":"https:\/\/tmp.compunegocios.com.pe\/index.php\/wp-json\/wp\/v2\/product\/14463","targetHints":{"allow":["GET"]}}],"collection":[{"href":"https:\/\/tmp.compunegocios.com.pe\/index.php\/wp-json\/wp\/v2\/product"}],"about":[{"href":"https:\/\/tmp.compunegocios.com.pe\/index.php\/wp-json\/wp\/v2\/types\/product"}],"wp:featuredmedia":[{"embeddable":true,"href":"https:\/\/tmp.compunegocios.com.pe\/index.php\/wp-json\/wp\/v2\/media\/14464"}],"wp:attachment":[{"href":"https:\/\/tmp.compunegocios.com.pe\/index.php\/wp-json\/wp\/v2\/media?parent=14463"}],"wp:term":[{"taxonomy":"pwb-brand","embeddable":true,"href":"https:\/\/tmp.compunegocios.com.pe\/index.php\/wp-json\/wp\/v2\/pwb-brand?post=14463"},{"taxonomy":"product_brand","embeddable":true,"href":"https:\/\/tmp.compunegocios.com.pe\/index.php\/wp-json\/wp\/v2\/product_brand?post=14463"},{"taxonomy":"product_cat","embeddable":true,"href":"https:\/\/tmp.compunegocios.com.pe\/index.php\/wp-json\/wp\/v2\/product_cat?post=14463"},{"taxonomy":"product_tag","embeddable":true,"href":"https:\/\/tmp.compunegocios.com.pe\/index.php\/wp-json\/wp\/v2\/product_tag?post=14463"}],"curies":[{"name":"wp","href":"https:\/\/api.w.org\/{rel}","templated":true}]}}