{"id":14724,"date":"2024-01-23T15:27:31","date_gmt":"2024-01-23T15:27:31","guid":{"rendered":"http:\/\/compunegocios.com.pe\/index.php\/product\/toner-kyocera-tk-1175-negro-12000-paginas-ecosys-m2640idw\/"},"modified":"2025-08-19T17:32:13","modified_gmt":"2025-08-19T17:32:13","slug":"toner-kyocera-tk-1175-negro-12000-paginas-ecosys-m2640idw","status":"publish","type":"product","link":"https:\/\/tmp.compunegocios.com.pe\/index.php\/product\/toner-kyocera-tk-1175-negro-12000-paginas-ecosys-m2640idw\/","title":{"rendered":"TONER KYOCERA TK-1175 NEGRO  12.000 PAGINAS ECOSYS M2640IDW"},"content":{"rendered":"<p>TONER KYOCERA TK-1175 NEGRO  12.000 PAGINAS ECOSYS M2640IDW<\/p>\n<p>Cartucho original T\u00f3ner Kyocera\u00ae con referencia TK-1175 para 12,000 P\u00e1ginas.<\/p>\n<p>Los suministros de t\u00f3ner Kyocera TK-1175 original con tecnolog\u00eda avanzada y una gama de opciones de manejo de papel ofrecen paginas n\u00edtidas de muy buena calidad en altas velocidades y adem\u00e1s de las asequibles opciones de alto rendimiento, pantalla t\u00e1ctil f\u00e1cil de operar y la plataforma de soluci\u00f3n integrada HyPAS, todo en un paquete compacto bien dise\u00f1ado. Las oficinas rentables y ecol\u00f3gicas apreciar\u00e1n la tecnolog\u00eda ECOSYS \u00fanica de Kyocera que aumenta la vida \u00fatil, reduce el impacto ambiental, reduce los costos de impresi\u00f3n y garantiza la confiabilidad.<br \/>\nCartucho de t\u00f3ner: TK1175<br \/>\nC\u00f3digo: TK-1175<br \/>\nImpresora: Kyocera ECOSYS M2640idw<br \/>\nColor: Negro \u25cf<br \/>\nP\u00e1ginas: 12,000 P\u00e1ginas<br \/>\nTipo de embalaje:  Caja<\/p>\n","protected":false},"excerpt":{"rendered":"<p>&#8211;<\/p>\n","protected":false},"featured_media":14744,"template":"","meta":[],"pwb-brand":[],"product_brand":[],"product_cat":[256],"product_tag":[],"class_list":{"0":"post-14724","1":"product","2":"type-product","3":"status-publish","4":"has-post-thumbnail","6":"product_cat-256","8":"first","9":"instock","10":"taxable","11":"shipping-taxable","12":"purchasable","13":"product-type-simple"},"brands":[],"_links":{"self":[{"href":"https:\/\/tmp.compunegocios.com.pe\/index.php\/wp-json\/wp\/v2\/product\/14724","targetHints":{"allow":["GET"]}}],"collection":[{"href":"https:\/\/tmp.compunegocios.com.pe\/index.php\/wp-json\/wp\/v2\/product"}],"about":[{"href":"https:\/\/tmp.compunegocios.com.pe\/index.php\/wp-json\/wp\/v2\/types\/product"}],"wp:featuredmedia":[{"embeddable":true,"href":"https:\/\/tmp.compunegocios.com.pe\/index.php\/wp-json\/wp\/v2\/media\/14744"}],"wp:attachment":[{"href":"https:\/\/tmp.compunegocios.com.pe\/index.php\/wp-json\/wp\/v2\/media?parent=14724"}],"wp:term":[{"taxonomy":"pwb-brand","embeddable":true,"href":"https:\/\/tmp.compunegocios.com.pe\/index.php\/wp-json\/wp\/v2\/pwb-brand?post=14724"},{"taxonomy":"product_brand","embeddable":true,"href":"https:\/\/tmp.compunegocios.com.pe\/index.php\/wp-json\/wp\/v2\/product_brand?post=14724"},{"taxonomy":"product_cat","embeddable":true,"href":"https:\/\/tmp.compunegocios.com.pe\/index.php\/wp-json\/wp\/v2\/product_cat?post=14724"},{"taxonomy":"product_tag","embeddable":true,"href":"https:\/\/tmp.compunegocios.com.pe\/index.php\/wp-json\/wp\/v2\/product_tag?post=14724"}],"curies":[{"name":"wp","href":"https:\/\/api.w.org\/{rel}","templated":true}]}}