{"id":14908,"date":"2024-01-26T16:41:26","date_gmt":"2024-01-26T16:41:26","guid":{"rendered":"http:\/\/compunegocios.com.pe\/index.php\/product\/cable-hdmi-2-0-ultra-hdtv-premium-gamer-4k-1-5m\/"},"modified":"2025-08-19T17:32:50","modified_gmt":"2025-08-19T17:32:50","slug":"cable-hdmi-2-0-ultra-hdtv-premium-gamer-4k-1-5m","status":"publish","type":"product","link":"https:\/\/tmp.compunegocios.com.pe\/index.php\/product\/cable-hdmi-2-0-ultra-hdtv-premium-gamer-4k-1-5m\/","title":{"rendered":"CABLE HDMI 2.0 ULTRA HDTV PREMIUM GAMER 4K 1.5M"},"content":{"rendered":"<p>CABLE HDMI 2.0 ULTRA HDTV PREMIUM GAMER 4K 1.5M<\/p>\n<p>Descripci\u00f3n<br \/>\nEl Cable HDMI 2.0 Ultra HDTV Premium Gamer 4K 1.5 Metros esta dise\u00f1ado para funcionar de manera \u00f3ptima en la escena competitiva E-Sports, debido a su soporte para resoluciones 4K.<br \/>\nPuede desempe\u00f1arse en distintas resoluciones: Desde 1080P (1920 x 1080 full HD) hasta 240Hz \/ 1440P (2560 x 1440 2K o WQHD) hasta 120hz. \/ 2160P (3840 x 2160 4K o Ultra HD UHD) hasta 60Hz.<br \/>\nSoporta hasta 12 Bits de color en todas las resoluciones, logrando colores n\u00edtidos.<br \/>\nTiene el mismo desempe\u00f1o que un cable Display Port 1,4 (DP), ya que es capaz de brindar la misma profundidad de color.<br \/>\nTambi\u00e9n permite ser un cable para PC&#8217;s Gamer.<br \/>\nCompatible con consolas actuales como: PS4, Xbox One, Nintendo Switch, PS5, y Xbox One Series X. Este cable, al ser HDMI 2.0, es compatible con las \u00faltimas tecnolog\u00edas del mercado, brind\u00e1ndole una experiencia de resoluci\u00f3n 4K super fluida a 60Hz.<br \/>\nCaracter\u00edsticas<\/p>\n<p>Tipo de HDMI: HDMI 2.0.<br \/>\nLongitud de cable: 1,5 Mts.<br \/>\nUltra r\u00e1pido: Soporte para juegos desde 30 FPS hasta 240 FPS.<br \/>\nSoporte bits de colores: Hasta 12 Bits \u201cDeep Color\u201d (colores profundos).<\/p>\n","protected":false},"excerpt":{"rendered":"<p>&#8211;<\/p>\n","protected":false},"featured_media":14914,"template":"","meta":[],"pwb-brand":[],"product_brand":[],"product_cat":[245],"product_tag":[],"class_list":{"0":"post-14908","1":"product","2":"type-product","3":"status-publish","4":"has-post-thumbnail","6":"product_cat-245","8":"first","9":"instock","10":"taxable","11":"shipping-taxable","12":"purchasable","13":"product-type-simple"},"brands":[],"_links":{"self":[{"href":"https:\/\/tmp.compunegocios.com.pe\/index.php\/wp-json\/wp\/v2\/product\/14908","targetHints":{"allow":["GET"]}}],"collection":[{"href":"https:\/\/tmp.compunegocios.com.pe\/index.php\/wp-json\/wp\/v2\/product"}],"about":[{"href":"https:\/\/tmp.compunegocios.com.pe\/index.php\/wp-json\/wp\/v2\/types\/product"}],"wp:featuredmedia":[{"embeddable":true,"href":"https:\/\/tmp.compunegocios.com.pe\/index.php\/wp-json\/wp\/v2\/media\/14914"}],"wp:attachment":[{"href":"https:\/\/tmp.compunegocios.com.pe\/index.php\/wp-json\/wp\/v2\/media?parent=14908"}],"wp:term":[{"taxonomy":"pwb-brand","embeddable":true,"href":"https:\/\/tmp.compunegocios.com.pe\/index.php\/wp-json\/wp\/v2\/pwb-brand?post=14908"},{"taxonomy":"product_brand","embeddable":true,"href":"https:\/\/tmp.compunegocios.com.pe\/index.php\/wp-json\/wp\/v2\/product_brand?post=14908"},{"taxonomy":"product_cat","embeddable":true,"href":"https:\/\/tmp.compunegocios.com.pe\/index.php\/wp-json\/wp\/v2\/product_cat?post=14908"},{"taxonomy":"product_tag","embeddable":true,"href":"https:\/\/tmp.compunegocios.com.pe\/index.php\/wp-json\/wp\/v2\/product_tag?post=14908"}],"curies":[{"name":"wp","href":"https:\/\/api.w.org\/{rel}","templated":true}]}}