{"id":14921,"date":"2024-01-27T22:27:58","date_gmt":"2024-01-27T22:27:58","guid":{"rendered":"http:\/\/compunegocios.com.pe\/index.php\/product\/microfono-usb-desktop-m306-omnidireccional\/"},"modified":"2025-08-19T17:33:00","modified_gmt":"2025-08-19T17:33:00","slug":"microfono-usb-desktop-m306-omnidireccional","status":"publish","type":"product","link":"https:\/\/tmp.compunegocios.com.pe\/index.php\/product\/microfono-usb-desktop-m306-omnidireccional\/","title":{"rendered":"MICR\u00d3FONO USB DESKTOP M306 OMNIDIRECCIONAL"},"content":{"rendered":"<p>MICR\u00d3FONO USB DESKTOP M306 OMNIDIRECCIONAL <\/p>\n<p>Claridad superior para la voz. El USB digital avanzado proporciona una claridad superior con la simplicidad de una \u00fanica conexi\u00f3n USB plug &amp; play. Dise\u00f1o de cuello de cisne ajustable con rotaci\u00f3n de 2.360 grados, conveniente para ajustar la posici\u00f3n. Micr\u00f3fono con cancelaci\u00f3n de ruido. Utiliza tecnolog\u00eda de cancelaci\u00f3n de ruido que puede filtrar el ruido de fondo no deseado y captar su voz clara. Plug &amp; play, f\u00e1cil de usar sin controlador.<\/p>\n<p>Marca: gen\u00e9rica<br \/>\nTecnolog\u00eda de conectividad: USB<br \/>\nTipo de conector: USB<br \/>\nDispositivos compatibles: PC, Laptop, PS4 o Mac<br \/>\nColor: Negro<br \/>\nPatr\u00f3n polar: omnidireccional<br \/>\nSensibilidad de audio: 49 dB<br \/>\nFactor de forma del micr\u00f3fono: Cuello de cisne<\/p>\n","protected":false},"excerpt":{"rendered":"<p>&#8211;<\/p>\n","protected":false},"featured_media":14947,"template":"","meta":[],"pwb-brand":[],"product_brand":[],"product_cat":[162],"product_tag":[],"class_list":{"0":"post-14921","1":"product","2":"type-product","3":"status-publish","4":"has-post-thumbnail","6":"product_cat-162","8":"first","9":"outofstock","10":"taxable","11":"shipping-taxable","12":"purchasable","13":"product-type-simple"},"brands":[],"_links":{"self":[{"href":"https:\/\/tmp.compunegocios.com.pe\/index.php\/wp-json\/wp\/v2\/product\/14921","targetHints":{"allow":["GET"]}}],"collection":[{"href":"https:\/\/tmp.compunegocios.com.pe\/index.php\/wp-json\/wp\/v2\/product"}],"about":[{"href":"https:\/\/tmp.compunegocios.com.pe\/index.php\/wp-json\/wp\/v2\/types\/product"}],"wp:featuredmedia":[{"embeddable":true,"href":"https:\/\/tmp.compunegocios.com.pe\/index.php\/wp-json\/wp\/v2\/media\/14947"}],"wp:attachment":[{"href":"https:\/\/tmp.compunegocios.com.pe\/index.php\/wp-json\/wp\/v2\/media?parent=14921"}],"wp:term":[{"taxonomy":"pwb-brand","embeddable":true,"href":"https:\/\/tmp.compunegocios.com.pe\/index.php\/wp-json\/wp\/v2\/pwb-brand?post=14921"},{"taxonomy":"product_brand","embeddable":true,"href":"https:\/\/tmp.compunegocios.com.pe\/index.php\/wp-json\/wp\/v2\/product_brand?post=14921"},{"taxonomy":"product_cat","embeddable":true,"href":"https:\/\/tmp.compunegocios.com.pe\/index.php\/wp-json\/wp\/v2\/product_cat?post=14921"},{"taxonomy":"product_tag","embeddable":true,"href":"https:\/\/tmp.compunegocios.com.pe\/index.php\/wp-json\/wp\/v2\/product_tag?post=14921"}],"curies":[{"name":"wp","href":"https:\/\/api.w.org\/{rel}","templated":true}]}}