{"id":14988,"date":"2024-01-30T15:49:59","date_gmt":"2024-01-30T15:49:59","guid":{"rendered":"http:\/\/compunegocios.com.pe\/index.php\/product\/impresora-brother-dcp-t520w-multifuncional-tinta-inalambrica\/"},"modified":"2025-08-19T17:33:13","modified_gmt":"2025-08-19T17:33:13","slug":"impresora-brother-dcp-t520w-multifuncional-tinta-inalambrica","status":"publish","type":"product","link":"https:\/\/tmp.compunegocios.com.pe\/index.php\/product\/impresora-brother-dcp-t520w-multifuncional-tinta-inalambrica\/","title":{"rendered":"IMPRESORA BROTHER DCP-T520W MULTIFUNCIONAL TINTA INAL\u00c1MBRICA"},"content":{"rendered":"<p>IMPRESORA BROTHER DCP-T520W MULTIFUNCIONAL TINTA INAL\u00c1MBRICA<\/p>\n<p>La multifuncional de inyecci\u00f3n de tinta a color DCP-T520W de la serie InkBenefit Tank ofrece calidad de impresi\u00f3n superior a bajo costo para los documentos, informes y fotograf\u00edas de la oficina en el hogar o peque\u00f1a oficina.<\/p>\n<p>Caracter\u00edsticas de IMPRESORA MULTIFUNCIONAL BROTHER DCP-T520W WIRELESS<br \/>\nIMPRESORA<\/p>\n<p>&#8211; Velocidad m\u00e1xima de impresi\u00f3n en negro basada en ISO (ppm): 17<br \/>\n&#8211; Velocidad de impresi\u00f3n en negro (m\u00e1x. ppm): 30<br \/>\n&#8211; Impresi\u00f3n sin bordes: S\u00ed<br \/>\n&#8211; Velocidad m\u00e1xima de impresi\u00f3n a color basada en ISO (ppm): 9<br \/>\n&#8211; Velocidad de impresi\u00f3n en color (m\u00e1x. ppm): 12<br \/>\n&#8211; Tipo de suministro: Botellas de Tinta<br \/>\n&#8211; Velocidad de CPU (MhZ): 576<br \/>\n&#8211; Funci\u00f3n Email Print: S\u00ed<br \/>\n&#8211; Resoluci\u00f3n de impresi\u00f3n: 6000 x 1200 dpi<br \/>\n&#8211; Tecnolog\u00eda de impresi\u00f3n: Inkjet<br \/>\n&#8211; Compatibilidad de controlador de impresora: Windows, Mac OS<\/p>\n<p>COPIA<\/p>\n<p>&#8211; Capacidad de copia: Blanco y Negro, Color<br \/>\n&#8211; Resoluci\u00f3n de copia: 1200 x 600 dpi<br \/>\n&#8211; Estilo de dise\u00f1o: Cama plana<br \/>\n&#8211; Copia de identificaci\u00f3n: S\u00ed<br \/>\n&#8211; Velocidad m\u00e1xima de copia en negro basada en ISO (ppm): 11<br \/>\n&#8211; Velocidad m\u00e1xima de copia a color basada en ISO (ppm): 4<br \/>\n&#8211; Funciones N en 1: 2en1 \/ 4en1<br \/>\n&#8211; Funci\u00f3n de poster: S\u00ed<br \/>\n&#8211; Reducci\u00f3n \/ Ampliaci\u00f3n: 25%-400%<br \/>\n&#8211; Funci\u00f3n de clasificaci\u00f3n: S\u00ed<br \/>\n&#8211; Copia independiente: S\u00ed<\/p>\n<p>ESCANEADO<\/p>\n<p>&#8211; Escaneo 2 en 1: S\u00ed<br \/>\n&#8211; Resoluci\u00f3n de escaneo interpolada (max. dpi): 19200 x 19200 dpi<br \/>\n&#8211; Aplicaciones m\u00f3viles para escaneos: Brother iPrint&amp;Scan<br \/>\n&#8211; Detecci\u00f3n de alimentaci\u00f3n m\u00faltiple: S\u00ed<br \/>\n&#8211; Resoluci\u00f3n de escaneo \u00f3ptico (m\u00e1x. Ppp): 2.400 x 1.200 dpi (cama plana)<br \/>\n&#8211; Escanear a funci\u00f3n: Email, Imagen, OCR, Archivo<br \/>\n&#8211; Capacidad de escaneo: B\/N y Color<\/p>\n<p>MANEJO DE PAPEL<\/p>\n<p>&#8211; Capacidad de impresi\u00f3n d\u00faplex: No<br \/>\n&#8211; Capacidad de alimentaci\u00f3n manual (p\u00e1g.): 1<br \/>\n&#8211; Tipos de papel: Plano, Papel brillante, Papel Inkjet, Papel reciclado<br \/>\n&#8211; Capacidad de bandeja multiprop\u00f3sito: 1<br \/>\n&#8211; Capacidad de salida de papel (p\u00e1gs.): 50<br \/>\n&#8211; Tama\u00f1o de papel &#8211; Bandeja multiprop\u00f3sito: Carta, Legal, Ejecutivo, A4, A5, A6, Tarjeta de \u00edndice (5 \u00abx 8&#8243;), Sobre (Com-10), Sobre (C5), Sobre (DL), &#8211; Sobre (Monarch), Foto (3.5&#8243; x 5&#8243;) 9 x 13 cm, Foto (4&#8243; x 6&#8243;) 10 x 15 cm, Foto (5&#8243; x 7\u00bb) 13 x 18 cm<br \/>\n&#8211; Tama\u00f1o de papel &#8211; Bandeja\tCarta, Legal, Ejecutivo, A4, A5, A6, Tarjeta de \u00edndice (5 \u00abx 8&#8243;), Sobre (Com-10), Sobre (C5), Sobre (DL), Sobre (Monarch), Foto (4&#8243; x 6&#8243;) 10 x 15 cm, Foto 2L (5&#8243; x 7\u00bb) 13 x 18 cm<br \/>\n&#8211; Gramaje: bandeja multiprop\u00f3sito (m\u00edn. \/ M\u00e1x.): 64-300 g\/m\u00b2<br \/>\n&#8211; Gramaje &#8211; Bandeja de papel (m\u00edn. \/ M\u00e1x.): 64-220 g\/m\u00b2<br \/>\n&#8211; Capacidad de entrada de papel est\u00e1ndar (p\u00e1gs.): 150<\/p>\n","protected":false},"excerpt":{"rendered":"<p>&#8211;<\/p>\n","protected":false},"featured_media":15008,"template":"","meta":[],"pwb-brand":[],"product_brand":[],"product_cat":[203],"product_tag":[],"class_list":{"0":"post-14988","1":"product","2":"type-product","3":"status-publish","4":"has-post-thumbnail","6":"product_cat-203","8":"first","9":"instock","10":"taxable","11":"shipping-taxable","12":"purchasable","13":"product-type-simple"},"brands":[],"_links":{"self":[{"href":"https:\/\/tmp.compunegocios.com.pe\/index.php\/wp-json\/wp\/v2\/product\/14988","targetHints":{"allow":["GET"]}}],"collection":[{"href":"https:\/\/tmp.compunegocios.com.pe\/index.php\/wp-json\/wp\/v2\/product"}],"about":[{"href":"https:\/\/tmp.compunegocios.com.pe\/index.php\/wp-json\/wp\/v2\/types\/product"}],"wp:featuredmedia":[{"embeddable":true,"href":"https:\/\/tmp.compunegocios.com.pe\/index.php\/wp-json\/wp\/v2\/media\/15008"}],"wp:attachment":[{"href":"https:\/\/tmp.compunegocios.com.pe\/index.php\/wp-json\/wp\/v2\/media?parent=14988"}],"wp:term":[{"taxonomy":"pwb-brand","embeddable":true,"href":"https:\/\/tmp.compunegocios.com.pe\/index.php\/wp-json\/wp\/v2\/pwb-brand?post=14988"},{"taxonomy":"product_brand","embeddable":true,"href":"https:\/\/tmp.compunegocios.com.pe\/index.php\/wp-json\/wp\/v2\/product_brand?post=14988"},{"taxonomy":"product_cat","embeddable":true,"href":"https:\/\/tmp.compunegocios.com.pe\/index.php\/wp-json\/wp\/v2\/product_cat?post=14988"},{"taxonomy":"product_tag","embeddable":true,"href":"https:\/\/tmp.compunegocios.com.pe\/index.php\/wp-json\/wp\/v2\/product_tag?post=14988"}],"curies":[{"name":"wp","href":"https:\/\/api.w.org\/{rel}","templated":true}]}}