{"id":15,"date":"2023-11-11T12:14:25","date_gmt":"2023-11-11T12:14:25","guid":{"rendered":"http:\/\/compunegocios.com.pe\/index.php\/product\/imppresora-epson-multifucional-l3250\/"},"modified":"2025-10-14T21:33:29","modified_gmt":"2025-10-14T21:33:29","slug":"imppresora-epson-multifucional-l3250","status":"publish","type":"product","link":"https:\/\/tmp.compunegocios.com.pe\/index.php\/product\/imppresora-epson-multifucional-l3250\/","title":{"rendered":"IMPPRESORA EPSON MULTIFUCIONAL L3250"},"content":{"rendered":"<p>Multifuncional de tinta Epson L3250, USB de alta velocidad (compatible con USB 2.0)<br \/>\nTecnolog\u00eda de impresi\u00f3n: Inyecci\u00f3n de tinta Heat-Free Micro Piezo de 4 colores (CMYK) \/ Resoluci\u00f3n m\u00e1xima de impresi\u00f3n: Hasta 5760 x 1440 dpi \/ Velocidad de impresi\u00f3n m\u00e1xima: Negro 33 ppm y color 15 ppm (borrador, A4\/carta) \/ Tipo de esc\u00e1ner: Cama plana con sensor de l\u00edneas CIS de color \/ Resoluci\u00f3n \u00f3ptica\/maximo: 1.200 dpi x 2.400 dpi \/ Resoluci\u00f3n m\u00e1xima de copiado: 1.200 dpi x 2.400 dpi \/ Capacidad de carga: Alimentaci\u00f3n trasera: hasta 100 hojas (A4\/Carta) \/ Conectividad est\u00e1ndar: USB de alta velocidad (compatible con USB 2.0), Wi-Fi, Wi-Fi Direct \/ Tensi\u00f3n y frecuencia nominal: AC 100 &#8211; 240 V \/ 50 &#8211; 60 Hz \/ Dimensiones (ancho x profundidad x altura): 37.5 cm x 57.8 cm x 25.3 cm &#8211; Peso: 3.9 kg<\/p>\n","protected":false},"excerpt":{"rendered":"<p>&#8211;<\/p>\n","protected":false},"featured_media":1352,"template":"","meta":[],"pwb-brand":[333],"product_brand":[],"product_cat":[205],"product_tag":[],"class_list":{"0":"post-15","1":"product","2":"type-product","3":"status-publish","4":"has-post-thumbnail","6":"pwb-brand-epson","7":"product_cat-205","9":"first","10":"instock","11":"taxable","12":"shipping-taxable","13":"purchasable","14":"product-type-simple"},"brands":[{"id":333,"name":"Epson","slug":"epson"}],"_links":{"self":[{"href":"https:\/\/tmp.compunegocios.com.pe\/index.php\/wp-json\/wp\/v2\/product\/15","targetHints":{"allow":["GET"]}}],"collection":[{"href":"https:\/\/tmp.compunegocios.com.pe\/index.php\/wp-json\/wp\/v2\/product"}],"about":[{"href":"https:\/\/tmp.compunegocios.com.pe\/index.php\/wp-json\/wp\/v2\/types\/product"}],"wp:featuredmedia":[{"embeddable":true,"href":"https:\/\/tmp.compunegocios.com.pe\/index.php\/wp-json\/wp\/v2\/media\/1352"}],"wp:attachment":[{"href":"https:\/\/tmp.compunegocios.com.pe\/index.php\/wp-json\/wp\/v2\/media?parent=15"}],"wp:term":[{"taxonomy":"pwb-brand","embeddable":true,"href":"https:\/\/tmp.compunegocios.com.pe\/index.php\/wp-json\/wp\/v2\/pwb-brand?post=15"},{"taxonomy":"product_brand","embeddable":true,"href":"https:\/\/tmp.compunegocios.com.pe\/index.php\/wp-json\/wp\/v2\/product_brand?post=15"},{"taxonomy":"product_cat","embeddable":true,"href":"https:\/\/tmp.compunegocios.com.pe\/index.php\/wp-json\/wp\/v2\/product_cat?post=15"},{"taxonomy":"product_tag","embeddable":true,"href":"https:\/\/tmp.compunegocios.com.pe\/index.php\/wp-json\/wp\/v2\/product_tag?post=15"}],"curies":[{"name":"wp","href":"https:\/\/api.w.org\/{rel}","templated":true}]}}