{"id":15067,"date":"2024-02-01T23:51:14","date_gmt":"2024-02-01T23:51:14","guid":{"rendered":"http:\/\/compunegocios.com.pe\/index.php\/product\/audifono-inalambrico-con-microfono-genius-hs-m900bt-true-bt-negro\/"},"modified":"2025-08-19T17:33:46","modified_gmt":"2025-08-19T17:33:46","slug":"audifono-inalambrico-con-microfono-genius-hs-m900bt-true-bt-negro","status":"publish","type":"product","link":"https:\/\/tmp.compunegocios.com.pe\/index.php\/product\/audifono-inalambrico-con-microfono-genius-hs-m900bt-true-bt-negro\/","title":{"rendered":"AUDIFONO INALAMBRICO CON MICROFONO GENIUS HS-M900BT TRUE BT NEGRO"},"content":{"rendered":"<p>AUDIFONO INALAMBRICO CON MICROFONO GENIUS HS-M900BT TRUE BT NEGRO<\/p>\n<p>GENIUS HS- M900BT TRUE BT AURICULAR INAL\u00c1MBRICO CON MICR\u00d3FONO NEGRO<\/p>\n<p>Auriculares est\u00e9reo inal\u00e1mbricos HS-M900BT Bluetooth 5.0 para escuchar m\u00fasica o hablar. Su dise\u00f1o de auriculares se adapta al o\u00eddo humano c\u00f3modo para un uso prolongado. Simplemente toque los auriculares ligeramente para cambiar la llamada entrante o la m\u00fasica. El estuche de carga usa tipo-c para cargar r\u00e1pidamente.<\/p>\n<p>Marca : Genius<br \/>\nColor: negro<br \/>\nModelo: HS-M900BT<br \/>\nConectividad: Bluetooth 5.0<br \/>\nFuncion de control tactil<br \/>\nTiempo de carga: 1 a 2 horas<br \/>\nDuracion de la bateria: de 3 a 4 horas<br \/>\nEstuche con carga inalambrica<br \/>\nCompatible con Android, iOS y Windows<\/p>\n","protected":false},"excerpt":{"rendered":"<p>&#8211;<\/p>\n","protected":false},"featured_media":15148,"template":"","meta":[],"pwb-brand":[],"product_brand":[],"product_cat":[162],"product_tag":[],"class_list":{"0":"post-15067","1":"product","2":"type-product","3":"status-publish","4":"has-post-thumbnail","6":"product_cat-162","8":"first","9":"outofstock","10":"taxable","11":"shipping-taxable","12":"purchasable","13":"product-type-simple"},"brands":[],"_links":{"self":[{"href":"https:\/\/tmp.compunegocios.com.pe\/index.php\/wp-json\/wp\/v2\/product\/15067","targetHints":{"allow":["GET"]}}],"collection":[{"href":"https:\/\/tmp.compunegocios.com.pe\/index.php\/wp-json\/wp\/v2\/product"}],"about":[{"href":"https:\/\/tmp.compunegocios.com.pe\/index.php\/wp-json\/wp\/v2\/types\/product"}],"wp:featuredmedia":[{"embeddable":true,"href":"https:\/\/tmp.compunegocios.com.pe\/index.php\/wp-json\/wp\/v2\/media\/15148"}],"wp:attachment":[{"href":"https:\/\/tmp.compunegocios.com.pe\/index.php\/wp-json\/wp\/v2\/media?parent=15067"}],"wp:term":[{"taxonomy":"pwb-brand","embeddable":true,"href":"https:\/\/tmp.compunegocios.com.pe\/index.php\/wp-json\/wp\/v2\/pwb-brand?post=15067"},{"taxonomy":"product_brand","embeddable":true,"href":"https:\/\/tmp.compunegocios.com.pe\/index.php\/wp-json\/wp\/v2\/product_brand?post=15067"},{"taxonomy":"product_cat","embeddable":true,"href":"https:\/\/tmp.compunegocios.com.pe\/index.php\/wp-json\/wp\/v2\/product_cat?post=15067"},{"taxonomy":"product_tag","embeddable":true,"href":"https:\/\/tmp.compunegocios.com.pe\/index.php\/wp-json\/wp\/v2\/product_tag?post=15067"}],"curies":[{"name":"wp","href":"https:\/\/api.w.org\/{rel}","templated":true}]}}