{"id":15069,"date":"2024-02-01T23:58:45","date_gmt":"2024-02-01T23:58:45","guid":{"rendered":"http:\/\/compunegocios.com.pe\/index.php\/product\/audifono-con-microfono-genius-hs-m905bt-true-wireless-bt-light-purpura\/"},"modified":"2025-08-19T17:33:47","modified_gmt":"2025-08-19T17:33:47","slug":"audifono-con-microfono-genius-hs-m905bt-true-wireless-bt-light-purpura","status":"publish","type":"product","link":"https:\/\/tmp.compunegocios.com.pe\/index.php\/product\/audifono-con-microfono-genius-hs-m905bt-true-wireless-bt-light-purpura\/","title":{"rendered":"AUD\u00cdFONO CON MICR\u00d3FONO GENIUS HS-M905BT TRUE WIRELESS BT LIGHT P\u00daRPURA"},"content":{"rendered":"<p>AUD\u00cdFONO CON MICR\u00d3FONO GENIUS HS-M905BT TRUE WIRELESS BT LIGHT P\u00daRPURA<\/p>\n<p>MARCA: GENIUS<br \/>\nMODELO: HS-M905BT<br \/>\nN\u00daMERO DE PARTE: 31710025401<br \/>\nLos auriculares con tecnolog\u00eda inal\u00e1mbrica Bluetooth te permiten disfrutar de la m\u00fasica y responde llamadas sin problemas desde tel\u00e9fonos m\u00f3viles y otros dispositivos. Adem\u00e1s, audio de alta calidad con graves, uso c\u00f3modo.<br \/>\nCARACTER\u00cdSTICAS: SONIDO: Calidad Hi-Fi con graves.<br \/>\nTIEMPO DE REPRODUCCI\u00d3N: Reproducir m\u00fasica hasta 4 horas.<br \/>\nALCANCE BATER\u00cdA: Hasta tiempo para 260 horas de espera.<br \/>\nINTERFAZ DE CARGA: USB tipo C.<br \/>\nVERSI\u00d2N DE BT: Bluetooth 5.3.<br \/>\nALCANCE INAL\u00c1MBRICO: Hasta 10 metros. <\/p>\n<p>ESPECIFICACIONES<br \/>\nBATER\u00cdA DEL ESTUCHE DE CARGA: 3,7 V \/ 200 mAh.<br \/>\nBATER\u00cdA DE LOS AURICULARES: 3,7 V \/ 40 mAh.<br \/>\nLONGITUD DEL CABLE DE CARGA: 30 cm.<br \/>\nDIMENSIONES DE LOS AURICULARES: 16,5 x 33x 21 mm.<br \/>\nDIMENSIONES DEL ESTUCHE DE CARGA: 49,6 x 25,6 x 45,3 mm.<br \/>\nPESO: Auriculares: 7 g \/ Estuche de carga: 22 g.<\/p>\n","protected":false},"excerpt":{"rendered":"<p>&#8211;<\/p>\n","protected":false},"featured_media":15153,"template":"","meta":[],"pwb-brand":[],"product_brand":[],"product_cat":[162],"product_tag":[],"class_list":{"0":"post-15069","1":"product","2":"type-product","3":"status-publish","4":"has-post-thumbnail","6":"product_cat-162","8":"first","9":"outofstock","10":"taxable","11":"shipping-taxable","12":"purchasable","13":"product-type-simple"},"brands":[],"_links":{"self":[{"href":"https:\/\/tmp.compunegocios.com.pe\/index.php\/wp-json\/wp\/v2\/product\/15069","targetHints":{"allow":["GET"]}}],"collection":[{"href":"https:\/\/tmp.compunegocios.com.pe\/index.php\/wp-json\/wp\/v2\/product"}],"about":[{"href":"https:\/\/tmp.compunegocios.com.pe\/index.php\/wp-json\/wp\/v2\/types\/product"}],"wp:featuredmedia":[{"embeddable":true,"href":"https:\/\/tmp.compunegocios.com.pe\/index.php\/wp-json\/wp\/v2\/media\/15153"}],"wp:attachment":[{"href":"https:\/\/tmp.compunegocios.com.pe\/index.php\/wp-json\/wp\/v2\/media?parent=15069"}],"wp:term":[{"taxonomy":"pwb-brand","embeddable":true,"href":"https:\/\/tmp.compunegocios.com.pe\/index.php\/wp-json\/wp\/v2\/pwb-brand?post=15069"},{"taxonomy":"product_brand","embeddable":true,"href":"https:\/\/tmp.compunegocios.com.pe\/index.php\/wp-json\/wp\/v2\/product_brand?post=15069"},{"taxonomy":"product_cat","embeddable":true,"href":"https:\/\/tmp.compunegocios.com.pe\/index.php\/wp-json\/wp\/v2\/product_cat?post=15069"},{"taxonomy":"product_tag","embeddable":true,"href":"https:\/\/tmp.compunegocios.com.pe\/index.php\/wp-json\/wp\/v2\/product_tag?post=15069"}],"curies":[{"name":"wp","href":"https:\/\/api.w.org\/{rel}","templated":true}]}}