{"id":15291,"date":"2024-02-12T18:00:48","date_gmt":"2024-02-12T18:00:48","guid":{"rendered":"http:\/\/compunegocios.com.pe\/index.php\/product\/kit-bracket-deepcool-lga1700-refrigeracion-liquida-em172-mknnin-g-1\/"},"modified":"2025-08-19T16:17:40","modified_gmt":"2025-08-19T16:17:40","slug":"kit-bracket-deepcool-lga1700-refrigeracion-liquida-em172-mknnin-g-1","status":"publish","type":"product","link":"https:\/\/tmp.compunegocios.com.pe\/index.php\/product\/kit-bracket-deepcool-lga1700-refrigeracion-liquida-em172-mknnin-g-1\/","title":{"rendered":"KIT BRACKET DEEPCOOL LGA1700 REFRIGERACI\u00d3N L\u00cdQUIDA ( EM172-MKNNIN-G-1 )"},"content":{"rendered":"<p>KIT BRACKET DEEPCOOL LGA1700 REFRIGERACI\u00d3N L\u00cdQUIDA ( EM172-MKNNIN-G-1 )<\/p>\n<p>Marca: DEEPCOOL<br \/>\nModelo: EM172-MKNNIN-G-1<br \/>\nTipo :  Kit de Montaje<br \/>\nSocket: LGA 1700<\/p>\n","protected":false},"excerpt":{"rendered":"<p>&#8211;<\/p>\n","protected":false},"featured_media":15346,"template":"","meta":[],"pwb-brand":[],"product_brand":[],"product_cat":[108],"product_tag":[],"class_list":{"0":"post-15291","1":"product","2":"type-product","3":"status-publish","4":"has-post-thumbnail","6":"product_cat-108","8":"first","9":"instock","10":"taxable","11":"shipping-taxable","12":"purchasable","13":"product-type-simple"},"brands":[],"_links":{"self":[{"href":"https:\/\/tmp.compunegocios.com.pe\/index.php\/wp-json\/wp\/v2\/product\/15291","targetHints":{"allow":["GET"]}}],"collection":[{"href":"https:\/\/tmp.compunegocios.com.pe\/index.php\/wp-json\/wp\/v2\/product"}],"about":[{"href":"https:\/\/tmp.compunegocios.com.pe\/index.php\/wp-json\/wp\/v2\/types\/product"}],"wp:featuredmedia":[{"embeddable":true,"href":"https:\/\/tmp.compunegocios.com.pe\/index.php\/wp-json\/wp\/v2\/media\/15346"}],"wp:attachment":[{"href":"https:\/\/tmp.compunegocios.com.pe\/index.php\/wp-json\/wp\/v2\/media?parent=15291"}],"wp:term":[{"taxonomy":"pwb-brand","embeddable":true,"href":"https:\/\/tmp.compunegocios.com.pe\/index.php\/wp-json\/wp\/v2\/pwb-brand?post=15291"},{"taxonomy":"product_brand","embeddable":true,"href":"https:\/\/tmp.compunegocios.com.pe\/index.php\/wp-json\/wp\/v2\/product_brand?post=15291"},{"taxonomy":"product_cat","embeddable":true,"href":"https:\/\/tmp.compunegocios.com.pe\/index.php\/wp-json\/wp\/v2\/product_cat?post=15291"},{"taxonomy":"product_tag","embeddable":true,"href":"https:\/\/tmp.compunegocios.com.pe\/index.php\/wp-json\/wp\/v2\/product_tag?post=15291"}],"curies":[{"name":"wp","href":"https:\/\/api.w.org\/{rel}","templated":true}]}}