{"id":15318,"date":"2024-02-12T22:02:37","date_gmt":"2024-02-12T22:02:37","guid":{"rendered":"http:\/\/compunegocios.com.pe\/index.php\/product\/adaptador-receptor-de-audio-bluetooth\/"},"modified":"2025-08-19T16:18:01","modified_gmt":"2025-08-19T16:18:01","slug":"adaptador-receptor-de-audio-bluetooth","status":"publish","type":"product","link":"https:\/\/tmp.compunegocios.com.pe\/index.php\/product\/adaptador-receptor-de-audio-bluetooth\/","title":{"rendered":"ADAPTADOR RECEPTOR DE AUDIO BLUETOOTH"},"content":{"rendered":"<p>ADAPTADOR RECEPTOR DE AUDIO BLUETOOTH<\/p>\n<p>Dispositivo de altavoz con un puerto USB \/ AUX para compartir m\u00fasica desde un m\u00f3vil o tableta de forma inal\u00e1mbrica<br \/>\nDise\u00f1o pr\u00e1ctico y port\u00e1til que permite que usted los lleva a donde quieras<br \/>\nConexi\u00f3n inal\u00e1mbrica simple con los dispositivos de audio, compatibles con cualquier entrada de l\u00ednea est\u00e9reo<br \/>\nA trav\u00e9s de la conexi\u00f3n inal\u00e1mbrica y transmisi\u00f3n Bluetooth puede disfrutar de una m\u00fasica de alta fidelidad en cualquier lugar de forma inal\u00e1mbrica<\/p>\n","protected":false},"excerpt":{"rendered":"<p>&#8211;<\/p>\n","protected":false},"featured_media":15392,"template":"","meta":[],"pwb-brand":[],"product_brand":[],"product_cat":[246],"product_tag":[],"class_list":{"0":"post-15318","1":"product","2":"type-product","3":"status-publish","4":"has-post-thumbnail","6":"product_cat-246","8":"first","9":"outofstock","10":"taxable","11":"shipping-taxable","12":"purchasable","13":"product-type-simple"},"brands":[],"_links":{"self":[{"href":"https:\/\/tmp.compunegocios.com.pe\/index.php\/wp-json\/wp\/v2\/product\/15318","targetHints":{"allow":["GET"]}}],"collection":[{"href":"https:\/\/tmp.compunegocios.com.pe\/index.php\/wp-json\/wp\/v2\/product"}],"about":[{"href":"https:\/\/tmp.compunegocios.com.pe\/index.php\/wp-json\/wp\/v2\/types\/product"}],"wp:featuredmedia":[{"embeddable":true,"href":"https:\/\/tmp.compunegocios.com.pe\/index.php\/wp-json\/wp\/v2\/media\/15392"}],"wp:attachment":[{"href":"https:\/\/tmp.compunegocios.com.pe\/index.php\/wp-json\/wp\/v2\/media?parent=15318"}],"wp:term":[{"taxonomy":"pwb-brand","embeddable":true,"href":"https:\/\/tmp.compunegocios.com.pe\/index.php\/wp-json\/wp\/v2\/pwb-brand?post=15318"},{"taxonomy":"product_brand","embeddable":true,"href":"https:\/\/tmp.compunegocios.com.pe\/index.php\/wp-json\/wp\/v2\/product_brand?post=15318"},{"taxonomy":"product_cat","embeddable":true,"href":"https:\/\/tmp.compunegocios.com.pe\/index.php\/wp-json\/wp\/v2\/product_cat?post=15318"},{"taxonomy":"product_tag","embeddable":true,"href":"https:\/\/tmp.compunegocios.com.pe\/index.php\/wp-json\/wp\/v2\/product_tag?post=15318"}],"curies":[{"name":"wp","href":"https:\/\/api.w.org\/{rel}","templated":true}]}}