{"id":15521,"date":"2024-07-11T15:50:03","date_gmt":"2024-07-11T15:50:03","guid":{"rendered":"http:\/\/compunegocios.com.pe\/index.php\/product\/impresora-multifuncional-hp-4303fdwlaserjet-pro-color-duplex-5hh67aakv\/"},"modified":"2025-08-19T16:18:41","modified_gmt":"2025-08-19T16:18:41","slug":"impresora-multifuncional-hp-4303fdwlaserjet-pro-color-duplex-5hh67aakv","status":"publish","type":"product","link":"https:\/\/tmp.compunegocios.com.pe\/index.php\/product\/impresora-multifuncional-hp-4303fdwlaserjet-pro-color-duplex-5hh67aakv\/","title":{"rendered":"IMPRESORA MULTIFUNCIONAL HP 4303FDWLASERJET PRO COLOR DUPLEX (5HH67A#AKV)"},"content":{"rendered":"<p>IMPRESORA MULTIFUNCIONAL HP 4303FDWLASERJET PRO COLOR DUPLEX (5HH67A#AKV) <\/p>\n<p>Detalles T\u00e9cnicos<br \/>\nSalida De Primera P\u00e1gina Impresa En Negro (A4, Preparada): 9,5 segundos<br \/>\nSalida De Primera P\u00e1gina Impresa Color (A4, Preparada): 10,5 segundos<br \/>\nTecnolog\u00eda De Impresi\u00f3n: L\u00e1ser<br \/>\nImpresi\u00f3n A Doble Cara: Autom\u00e1tico<br \/>\nCapacidad Inal\u00e1mbrica: S\u00ed, Wi-Fi de doble banda integrada (Wi-Fi 5); Autenticaci\u00f3n mediante WEP, WPA\/WPA2\/WPA3, WPA Enterprise; Cifrado mediante AES o TKIP; WPS; Wi-Fi Direct; Bluetooth de bajo consumo de energ\u00eda<br \/>\nVolumen De P\u00e1ginas Mensuales Recomendado: 750 a 4000<\/p>\n","protected":false},"excerpt":{"rendered":"<p>&#8211;<\/p>\n","protected":false},"featured_media":15718,"template":"","meta":[],"pwb-brand":[340],"product_brand":[],"product_cat":[206],"product_tag":[],"class_list":{"0":"post-15521","1":"product","2":"type-product","3":"status-publish","4":"has-post-thumbnail","6":"pwb-brand-hp","7":"product_cat-206","9":"first","10":"outofstock","11":"taxable","12":"shipping-taxable","13":"purchasable","14":"product-type-simple"},"brands":[{"id":340,"name":"HP","slug":"hp"}],"_links":{"self":[{"href":"https:\/\/tmp.compunegocios.com.pe\/index.php\/wp-json\/wp\/v2\/product\/15521","targetHints":{"allow":["GET"]}}],"collection":[{"href":"https:\/\/tmp.compunegocios.com.pe\/index.php\/wp-json\/wp\/v2\/product"}],"about":[{"href":"https:\/\/tmp.compunegocios.com.pe\/index.php\/wp-json\/wp\/v2\/types\/product"}],"wp:featuredmedia":[{"embeddable":true,"href":"https:\/\/tmp.compunegocios.com.pe\/index.php\/wp-json\/wp\/v2\/media\/15718"}],"wp:attachment":[{"href":"https:\/\/tmp.compunegocios.com.pe\/index.php\/wp-json\/wp\/v2\/media?parent=15521"}],"wp:term":[{"taxonomy":"pwb-brand","embeddable":true,"href":"https:\/\/tmp.compunegocios.com.pe\/index.php\/wp-json\/wp\/v2\/pwb-brand?post=15521"},{"taxonomy":"product_brand","embeddable":true,"href":"https:\/\/tmp.compunegocios.com.pe\/index.php\/wp-json\/wp\/v2\/product_brand?post=15521"},{"taxonomy":"product_cat","embeddable":true,"href":"https:\/\/tmp.compunegocios.com.pe\/index.php\/wp-json\/wp\/v2\/product_cat?post=15521"},{"taxonomy":"product_tag","embeddable":true,"href":"https:\/\/tmp.compunegocios.com.pe\/index.php\/wp-json\/wp\/v2\/product_tag?post=15521"}],"curies":[{"name":"wp","href":"https:\/\/api.w.org\/{rel}","templated":true}]}}