{"id":15534,"date":"2024-07-11T18:09:28","date_gmt":"2024-07-11T18:09:28","guid":{"rendered":"http:\/\/compunegocios.com.pe\/index.php\/product\/mouse-micronics-spirit-charcoal-m657-mouse-usb-ps2\/"},"modified":"2025-08-19T16:18:51","modified_gmt":"2025-08-19T16:18:51","slug":"mouse-micronics-spirit-charcoal-m657-mouse-usb-ps2","status":"publish","type":"product","link":"https:\/\/tmp.compunegocios.com.pe\/index.php\/product\/mouse-micronics-spirit-charcoal-m657-mouse-usb-ps2\/","title":{"rendered":"MOUSE MICRONICS SPIRIT CHARCOAL M657 MOUSE USB + PS2"},"content":{"rendered":"<p>MOUSE MICRONICS SPIRIT CHARCOAL M657 MOUSE USB + PS2<\/p>\n<p>Mouse \u00d3ptico.<br \/>\n1000 DPI: Alta Sensibilidad y Rapidez.<br \/>\nDise\u00f1o Ergon\u00f3mico: Para un Uso m\u00e1s Confortable.<br \/>\n(Scroll): F\u00e1cil Desplazamiento Scroll para Ahorrar Tiempo y Evitar Molestias En la Mu\u00f1eca.<br \/>\nIncluye Adaptador: De USB a PS2.<br \/>\nCompatible con Sistemas Operativos Windows.<\/p>\n","protected":false},"excerpt":{"rendered":"<p>&#8211;<\/p>\n","protected":false},"featured_media":15748,"template":"","meta":[],"pwb-brand":[],"product_brand":[],"product_cat":[192],"product_tag":[],"class_list":{"0":"post-15534","1":"product","2":"type-product","3":"status-publish","4":"has-post-thumbnail","6":"product_cat-192","8":"first","9":"instock","10":"taxable","11":"shipping-taxable","12":"purchasable","13":"product-type-simple"},"brands":[],"_links":{"self":[{"href":"https:\/\/tmp.compunegocios.com.pe\/index.php\/wp-json\/wp\/v2\/product\/15534","targetHints":{"allow":["GET"]}}],"collection":[{"href":"https:\/\/tmp.compunegocios.com.pe\/index.php\/wp-json\/wp\/v2\/product"}],"about":[{"href":"https:\/\/tmp.compunegocios.com.pe\/index.php\/wp-json\/wp\/v2\/types\/product"}],"wp:featuredmedia":[{"embeddable":true,"href":"https:\/\/tmp.compunegocios.com.pe\/index.php\/wp-json\/wp\/v2\/media\/15748"}],"wp:attachment":[{"href":"https:\/\/tmp.compunegocios.com.pe\/index.php\/wp-json\/wp\/v2\/media?parent=15534"}],"wp:term":[{"taxonomy":"pwb-brand","embeddable":true,"href":"https:\/\/tmp.compunegocios.com.pe\/index.php\/wp-json\/wp\/v2\/pwb-brand?post=15534"},{"taxonomy":"product_brand","embeddable":true,"href":"https:\/\/tmp.compunegocios.com.pe\/index.php\/wp-json\/wp\/v2\/product_brand?post=15534"},{"taxonomy":"product_cat","embeddable":true,"href":"https:\/\/tmp.compunegocios.com.pe\/index.php\/wp-json\/wp\/v2\/product_cat?post=15534"},{"taxonomy":"product_tag","embeddable":true,"href":"https:\/\/tmp.compunegocios.com.pe\/index.php\/wp-json\/wp\/v2\/product_tag?post=15534"}],"curies":[{"name":"wp","href":"https:\/\/api.w.org\/{rel}","templated":true}]}}