{"id":15561,"date":"2024-07-12T14:56:45","date_gmt":"2024-07-12T14:56:45","guid":{"rendered":"http:\/\/compunegocios.com.pe\/index.php\/product\/mouse-logitech-pop-bluetooth-mist-sand-gray-pn-910-006648\/"},"modified":"2025-09-18T17:22:07","modified_gmt":"2025-09-18T17:22:07","slug":"mouse-logitech-pop-bluetooth-mist-sand-gray-pn-910-006648","status":"publish","type":"product","link":"https:\/\/tmp.compunegocios.com.pe\/index.php\/product\/mouse-logitech-pop-bluetooth-mist-sand-gray-pn-910-006648\/","title":{"rendered":"MOUSE LOGITECH POP BLUETOOTH MIST SAND GRAY (PN: 910-006648)"},"content":{"rendered":"<p>MOUSE LOGITECH POP BLUETOOTH MIST SAND GRAY <\/p>\n<p>MARCA: Logitech<br \/>\nMODELO: POP<br \/>\nPART NUMBER: 910-006648<br \/>\nCONEXION: Inal\u00e1mbrica<br \/>\nMAX. DPI: Hasta 4.000 DPI<br \/>\nCARACTERISTICAS<br \/>\nBot\u00f3n superior personalizable con el software Emoji<br \/>\nTecnolog\u00eda de sensores: seguimiento \u00f3ptico de alta precisi\u00f3n de Logitech<br \/>\nTipo de bater\u00eda: 1 pila AA (incluida)<br \/>\nDuraci\u00f3n de las pilas: Hasta 24 meses<br \/>\nTipo de conexi\u00f3n: Bluetooth 5.1<br \/>\nCompatible con el receptor USB Logi Bolt<br \/>\nAlcance inal\u00e1mbrico: 10 m<\/p>\n","protected":false},"excerpt":{"rendered":"<p>&#8211;<\/p>\n","protected":false},"featured_media":15810,"template":"","meta":[],"pwb-brand":[],"product_brand":[],"product_cat":[193],"product_tag":[],"class_list":{"0":"post-15561","1":"product","2":"type-product","3":"status-publish","4":"has-post-thumbnail","6":"product_cat-193","8":"first","9":"instock","10":"taxable","11":"shipping-taxable","12":"purchasable","13":"product-type-simple"},"brands":[],"_links":{"self":[{"href":"https:\/\/tmp.compunegocios.com.pe\/index.php\/wp-json\/wp\/v2\/product\/15561","targetHints":{"allow":["GET"]}}],"collection":[{"href":"https:\/\/tmp.compunegocios.com.pe\/index.php\/wp-json\/wp\/v2\/product"}],"about":[{"href":"https:\/\/tmp.compunegocios.com.pe\/index.php\/wp-json\/wp\/v2\/types\/product"}],"wp:featuredmedia":[{"embeddable":true,"href":"https:\/\/tmp.compunegocios.com.pe\/index.php\/wp-json\/wp\/v2\/media\/15810"}],"wp:attachment":[{"href":"https:\/\/tmp.compunegocios.com.pe\/index.php\/wp-json\/wp\/v2\/media?parent=15561"}],"wp:term":[{"taxonomy":"pwb-brand","embeddable":true,"href":"https:\/\/tmp.compunegocios.com.pe\/index.php\/wp-json\/wp\/v2\/pwb-brand?post=15561"},{"taxonomy":"product_brand","embeddable":true,"href":"https:\/\/tmp.compunegocios.com.pe\/index.php\/wp-json\/wp\/v2\/product_brand?post=15561"},{"taxonomy":"product_cat","embeddable":true,"href":"https:\/\/tmp.compunegocios.com.pe\/index.php\/wp-json\/wp\/v2\/product_cat?post=15561"},{"taxonomy":"product_tag","embeddable":true,"href":"https:\/\/tmp.compunegocios.com.pe\/index.php\/wp-json\/wp\/v2\/product_tag?post=15561"}],"curies":[{"name":"wp","href":"https:\/\/api.w.org\/{rel}","templated":true}]}}