{"id":15562,"date":"2024-07-12T15:00:43","date_gmt":"2024-07-12T15:00:43","guid":{"rendered":"http:\/\/compunegocios.com.pe\/index.php\/product\/mouse-logitech-signature-m650-silent-rose-inalambrico-bluetooth\/"},"modified":"2025-08-19T16:19:08","modified_gmt":"2025-08-19T16:19:08","slug":"mouse-logitech-signature-m650-silent-rose-inalambrico-bluetooth","status":"publish","type":"product","link":"https:\/\/tmp.compunegocios.com.pe\/index.php\/product\/mouse-logitech-signature-m650-silent-rose-inalambrico-bluetooth\/","title":{"rendered":"MOUSE LOGITECH SIGNATURE M650 SILENT ROSE INALAMBRICO BLUETOOTH"},"content":{"rendered":"<p>MOUSE LOGITECH SIGNATURE M650 SILENT ROSE INALAMBRICO BLUETOOTH<\/p>\n<p>Tecnolog\u00eda de sensor<br \/>\nTecnolog\u00eda de sensor: Seguimiento \u00f3ptico avanzado de Logitech<br \/>\nValor nominal: 400 dpi<br \/>\nValor m\u00e1ximo: Up to 4000<\/p>\n<p>Botones<br \/>\nN\u00famero de botones: 5 (click izquierdo\/derecho, retroceso\/avance, bot\u00f3n rueda con click de bot\u00f3n central)<\/p>\n<p>Bater\u00eda<br \/>\nTipo de bater\u00edas: 1 bater\u00eda AA (incluida)<br \/>\nDuraci\u00f3n de la bater\u00eda con receptor USB Logi Bolt: Hasta 24 meses 1Depende del uso y del equipo.<br \/>\nDuraci\u00f3n de la bater\u00eda con Bluetooth: hasta 20 meses 2Depende del uso y del equipo.<\/p>\n<p>Tipo de conexi\u00f3n<br \/>\nTipo de conexi\u00f3n: Receptor USB Logi Bolt<br \/>\nTecnolog\u00eda Bluetooth de bajo consumo<br \/>\nRadio de acci\u00f3n inal\u00e1mbrico: Radio de acci\u00f3n inal\u00e1mbrico de 10 m 3El radio de acci\u00f3n inal\u00e1mbrico depende del entorno operativo y de la configuraci\u00f3n de dispositivos<br \/>\nSoftware opcional: Compatible con Logitech Options en macOS 10.14 o posteriores y Windows\u00ae 10, 11, Windows 10 o posteriores<\/p>\n","protected":false},"excerpt":{"rendered":"<p>&#8211;<\/p>\n","protected":false},"featured_media":15812,"template":"","meta":[],"pwb-brand":[],"product_brand":[],"product_cat":[193],"product_tag":[],"class_list":{"0":"post-15562","1":"product","2":"type-product","3":"status-publish","4":"has-post-thumbnail","6":"product_cat-193","8":"first","9":"outofstock","10":"taxable","11":"shipping-taxable","12":"purchasable","13":"product-type-simple"},"brands":[],"_links":{"self":[{"href":"https:\/\/tmp.compunegocios.com.pe\/index.php\/wp-json\/wp\/v2\/product\/15562","targetHints":{"allow":["GET"]}}],"collection":[{"href":"https:\/\/tmp.compunegocios.com.pe\/index.php\/wp-json\/wp\/v2\/product"}],"about":[{"href":"https:\/\/tmp.compunegocios.com.pe\/index.php\/wp-json\/wp\/v2\/types\/product"}],"wp:featuredmedia":[{"embeddable":true,"href":"https:\/\/tmp.compunegocios.com.pe\/index.php\/wp-json\/wp\/v2\/media\/15812"}],"wp:attachment":[{"href":"https:\/\/tmp.compunegocios.com.pe\/index.php\/wp-json\/wp\/v2\/media?parent=15562"}],"wp:term":[{"taxonomy":"pwb-brand","embeddable":true,"href":"https:\/\/tmp.compunegocios.com.pe\/index.php\/wp-json\/wp\/v2\/pwb-brand?post=15562"},{"taxonomy":"product_brand","embeddable":true,"href":"https:\/\/tmp.compunegocios.com.pe\/index.php\/wp-json\/wp\/v2\/product_brand?post=15562"},{"taxonomy":"product_cat","embeddable":true,"href":"https:\/\/tmp.compunegocios.com.pe\/index.php\/wp-json\/wp\/v2\/product_cat?post=15562"},{"taxonomy":"product_tag","embeddable":true,"href":"https:\/\/tmp.compunegocios.com.pe\/index.php\/wp-json\/wp\/v2\/product_tag?post=15562"}],"curies":[{"name":"wp","href":"https:\/\/api.w.org\/{rel}","templated":true}]}}