{"id":15681,"date":"2024-07-13T17:30:27","date_gmt":"2024-07-13T17:30:27","guid":{"rendered":"http:\/\/compunegocios.com.pe\/index.php\/product\/puntero-logitech-spotlight-bluetooth-30m-grey-pn-910-005216\/"},"modified":"2025-08-19T16:19:27","modified_gmt":"2025-08-19T16:19:27","slug":"puntero-logitech-spotlight-bluetooth-30m-grey-pn-910-005216","status":"publish","type":"product","link":"https:\/\/tmp.compunegocios.com.pe\/index.php\/product\/puntero-logitech-spotlight-bluetooth-30m-grey-pn-910-005216\/","title":{"rendered":"PUNTERO LOGITECH SPOTLIGHT BLUETOOTH 30M GREY (PN: 910-005216)"},"content":{"rendered":"<p>PUNTERO LOGITECH SPOTLIGHT BLUETOOTH 30M GREY (PN: 910-005216)<\/p>\n<p>Tecnolog\u00eda de sensor<br \/>\nSensor de movimiento<br \/>\nAceler\u00f3metro y giroscopio 3D<br \/>\nDuraci\u00f3n de la bater\u00eda (recargable): 3 meses 1Depende del uso.<br \/>\nDetalles de la bater\u00eda: Recargable de pol\u00edmero de litio, 85 mAh<br \/>\nTipo de conexi\u00f3n: Bluetooth de bajo consumo y conexi\u00f3n inal\u00e1mbrica de 2,4 GHz<br \/>\nRadio de acci\u00f3n inal\u00e1mbrico: 30 m 2Depende de las condiciones del entorno y de los dispositivos.<br \/>\nIndicador luminoso<br \/>\nLED: Bater\u00eda y conectividad<br \/>\nAplicaci\u00f3n de personalizaci\u00f3n<br \/>\nCompatibilidad con Logi Options+ para Windows y macOS 3Disponible para versiones recientes de Windows y macOS en logi.com\/optionsplus<\/p>\n","protected":false},"excerpt":{"rendered":"<p>&#8211;<\/p>\n","protected":false},"featured_media":15877,"template":"","meta":[],"pwb-brand":[],"product_brand":[],"product_cat":[196],"product_tag":[],"class_list":{"0":"post-15681","1":"product","2":"type-product","3":"status-publish","4":"has-post-thumbnail","6":"product_cat-196","8":"first","9":"instock","10":"taxable","11":"shipping-taxable","12":"purchasable","13":"product-type-simple"},"brands":[],"_links":{"self":[{"href":"https:\/\/tmp.compunegocios.com.pe\/index.php\/wp-json\/wp\/v2\/product\/15681","targetHints":{"allow":["GET"]}}],"collection":[{"href":"https:\/\/tmp.compunegocios.com.pe\/index.php\/wp-json\/wp\/v2\/product"}],"about":[{"href":"https:\/\/tmp.compunegocios.com.pe\/index.php\/wp-json\/wp\/v2\/types\/product"}],"wp:featuredmedia":[{"embeddable":true,"href":"https:\/\/tmp.compunegocios.com.pe\/index.php\/wp-json\/wp\/v2\/media\/15877"}],"wp:attachment":[{"href":"https:\/\/tmp.compunegocios.com.pe\/index.php\/wp-json\/wp\/v2\/media?parent=15681"}],"wp:term":[{"taxonomy":"pwb-brand","embeddable":true,"href":"https:\/\/tmp.compunegocios.com.pe\/index.php\/wp-json\/wp\/v2\/pwb-brand?post=15681"},{"taxonomy":"product_brand","embeddable":true,"href":"https:\/\/tmp.compunegocios.com.pe\/index.php\/wp-json\/wp\/v2\/product_brand?post=15681"},{"taxonomy":"product_cat","embeddable":true,"href":"https:\/\/tmp.compunegocios.com.pe\/index.php\/wp-json\/wp\/v2\/product_cat?post=15681"},{"taxonomy":"product_tag","embeddable":true,"href":"https:\/\/tmp.compunegocios.com.pe\/index.php\/wp-json\/wp\/v2\/product_tag?post=15681"}],"curies":[{"name":"wp","href":"https:\/\/api.w.org\/{rel}","templated":true}]}}