{"id":15913,"date":"2024-07-16T16:43:25","date_gmt":"2024-07-16T16:43:25","guid":{"rendered":"http:\/\/compunegocios.com.pe\/index.php\/product\/camara-de-seguridad-ip-dahua-dh-sd5a232xb-hnr\/"},"modified":"2025-08-19T16:19:47","modified_gmt":"2025-08-19T16:19:47","slug":"camara-de-seguridad-ip-dahua-dh-sd5a232xb-hnr","status":"publish","type":"product","link":"https:\/\/tmp.compunegocios.com.pe\/index.php\/product\/camara-de-seguridad-ip-dahua-dh-sd5a232xb-hnr\/","title":{"rendered":"CAMARA DE SEGURIDAD IP DAHUA DH-SD5A232XB-HNR"},"content":{"rendered":"<p>Seguimiento inteligente de objetos<br \/>\nWDR &#8211; 120 dB &#8211; Amplio rango din\u00e1mico de la iluminaci\u00f3n<br \/>\n2D-DNR, 3D-DNR &#8211; Reducci\u00f3n digital de ruido en la imagen<br \/>\nEIS &#8211; Estabilizaci\u00f3n electr\u00f3nica de la imagen<br \/>\nROI &#8211; mejora de la calidad de las partes seleccionadas de la imagen<br \/>\nF-DNR (Defog) &#8211; Reducci\u00f3n de ruido debido a las precipitaciones<br \/>\nBLC\/HLC &#8211; compensaci\u00f3n de luz de fondo \/ luz alta<br \/>\nDetecci\u00f3n de movimiento<br \/>\nZonas de privacidad &#8211; hasta 24<br \/>\nModo d\u00eda\/noche<br \/>\nICR &#8211; Filtro mec\u00e1nico de infrarrojos<br \/>\nAGC &#8211; Ajuste autom\u00e1tico de la ganancia de la imagen<br \/>\nWB &#8211; Balance de blancos (ATW\/AWB\/manual\/interno\/externo)<br \/>\nSMD PLUS &#8211; b\u00fasqueda de un objeto clasificado como: persona, veh\u00edculo de motor, veh\u00edculo sin motor<br \/>\nSharpness &#8211; Enfoque de los contornos de la imagen<br \/>\nAn\u00e1lisis IVS : cruzamiento de la l\u00ednea (cable trampa), intrusi\u00f3n, objeto abandonado\/falta de objeto, detecci\u00f3n de rostros, detecci\u00f3n de reuni\u00f3n de personas, detecci\u00f3n de actividades sospechosas, parking detection<br \/>\nFiltrado de falsas alarmas basado en el reconocimiento de personas y veh\u00edculos (cruzamiento de la l\u00ednea, intrusi\u00f3n)<\/p>\n","protected":false},"excerpt":{"rendered":"<p>&#8211;<\/p>\n","protected":false},"featured_media":16213,"template":"","meta":[],"pwb-brand":[],"product_brand":[],"product_cat":[233],"product_tag":[],"class_list":{"0":"post-15913","1":"product","2":"type-product","3":"status-publish","4":"has-post-thumbnail","6":"product_cat-233","8":"first","9":"outofstock","10":"taxable","11":"shipping-taxable","12":"purchasable","13":"product-type-simple"},"brands":[],"_links":{"self":[{"href":"https:\/\/tmp.compunegocios.com.pe\/index.php\/wp-json\/wp\/v2\/product\/15913","targetHints":{"allow":["GET"]}}],"collection":[{"href":"https:\/\/tmp.compunegocios.com.pe\/index.php\/wp-json\/wp\/v2\/product"}],"about":[{"href":"https:\/\/tmp.compunegocios.com.pe\/index.php\/wp-json\/wp\/v2\/types\/product"}],"wp:featuredmedia":[{"embeddable":true,"href":"https:\/\/tmp.compunegocios.com.pe\/index.php\/wp-json\/wp\/v2\/media\/16213"}],"wp:attachment":[{"href":"https:\/\/tmp.compunegocios.com.pe\/index.php\/wp-json\/wp\/v2\/media?parent=15913"}],"wp:term":[{"taxonomy":"pwb-brand","embeddable":true,"href":"https:\/\/tmp.compunegocios.com.pe\/index.php\/wp-json\/wp\/v2\/pwb-brand?post=15913"},{"taxonomy":"product_brand","embeddable":true,"href":"https:\/\/tmp.compunegocios.com.pe\/index.php\/wp-json\/wp\/v2\/product_brand?post=15913"},{"taxonomy":"product_cat","embeddable":true,"href":"https:\/\/tmp.compunegocios.com.pe\/index.php\/wp-json\/wp\/v2\/product_cat?post=15913"},{"taxonomy":"product_tag","embeddable":true,"href":"https:\/\/tmp.compunegocios.com.pe\/index.php\/wp-json\/wp\/v2\/product_tag?post=15913"}],"curies":[{"name":"wp","href":"https:\/\/api.w.org\/{rel}","templated":true}]}}