{"id":16068,"date":"2024-07-19T00:44:51","date_gmt":"2024-07-19T00:44:51","guid":{"rendered":"http:\/\/compunegocios.com.pe\/index.php\/product\/mouse-inalambrico-logitech-m185-blue-pn-910-002225\/"},"modified":"2025-10-15T00:46:21","modified_gmt":"2025-10-15T00:46:21","slug":"mouse-inalambrico-logitech-m185-blue-pn-910-002225","status":"publish","type":"product","link":"https:\/\/tmp.compunegocios.com.pe\/index.php\/product\/mouse-inalambrico-logitech-m185-blue-pn-910-002225\/","title":{"rendered":"MOUSE INAL\u00c1MBRICO LOGITECH M185 GRAY (PN: 910-002225)"},"content":{"rendered":"<p>MOUSE INAL\u00c1MBRICO LOGITECH M185 GRAY (PN: 910-002225)<\/p>\n<p>Tecnolog\u00eda de sensor<br \/>\nSeguimiento \u00f3ptico uniforme<br \/>\nDPI (m\u00edn.\/m\u00e1x.) 1000\u00b1<\/p>\n<p>Botones<br \/>\nN\u00famero de botones: 3 (click izquierdo\/derecho, click de bot\u00f3n central)<br \/>\nAplicaci\u00f3n de personalizaci\u00f3n<br \/>\nCompatibilidad con Logi Options+ para Windows y macOS 1Disponible para Windows y macOS en logitech.com\/optionsplus<\/p>\n<p>Desplazamiento<br \/>\nDesplazamiento l\u00ednea a l\u00ednea<br \/>\nRueda de desplazamiento: S\u00ed, 2D, \u00f3ptico<\/p>\n<p>Bater\u00eda<br \/>\nBater\u00eda: 12 meses 2La duraci\u00f3n de las bater\u00edas depende del uso y de los dispositivos<br \/>\nDetalles de bater\u00eda: 1 x AA (incluida)<\/p>\n<p>Conectividad<br \/>\nTipo de conexi\u00f3n: Conexi\u00f3n inal\u00e1mbrica de 2.4 GHz<br \/>\nRadio de acci\u00f3n inal\u00e1mbrico: 10 metros<br \/>\nConexi\u00f3n \/ Encendido: S\u00ed, interruptor de encendido\/apagado<\/p>\n","protected":false},"excerpt":{"rendered":"<p>&#8211;<\/p>\n","protected":false},"featured_media":16372,"template":"","meta":[],"pwb-brand":[],"product_brand":[],"product_cat":[193],"product_tag":[],"class_list":{"0":"post-16068","1":"product","2":"type-product","3":"status-publish","4":"has-post-thumbnail","6":"product_cat-193","8":"first","9":"instock","10":"taxable","11":"shipping-taxable","12":"purchasable","13":"product-type-simple"},"brands":[],"_links":{"self":[{"href":"https:\/\/tmp.compunegocios.com.pe\/index.php\/wp-json\/wp\/v2\/product\/16068","targetHints":{"allow":["GET"]}}],"collection":[{"href":"https:\/\/tmp.compunegocios.com.pe\/index.php\/wp-json\/wp\/v2\/product"}],"about":[{"href":"https:\/\/tmp.compunegocios.com.pe\/index.php\/wp-json\/wp\/v2\/types\/product"}],"wp:featuredmedia":[{"embeddable":true,"href":"https:\/\/tmp.compunegocios.com.pe\/index.php\/wp-json\/wp\/v2\/media\/16372"}],"wp:attachment":[{"href":"https:\/\/tmp.compunegocios.com.pe\/index.php\/wp-json\/wp\/v2\/media?parent=16068"}],"wp:term":[{"taxonomy":"pwb-brand","embeddable":true,"href":"https:\/\/tmp.compunegocios.com.pe\/index.php\/wp-json\/wp\/v2\/pwb-brand?post=16068"},{"taxonomy":"product_brand","embeddable":true,"href":"https:\/\/tmp.compunegocios.com.pe\/index.php\/wp-json\/wp\/v2\/product_brand?post=16068"},{"taxonomy":"product_cat","embeddable":true,"href":"https:\/\/tmp.compunegocios.com.pe\/index.php\/wp-json\/wp\/v2\/product_cat?post=16068"},{"taxonomy":"product_tag","embeddable":true,"href":"https:\/\/tmp.compunegocios.com.pe\/index.php\/wp-json\/wp\/v2\/product_tag?post=16068"}],"curies":[{"name":"wp","href":"https:\/\/api.w.org\/{rel}","templated":true}]}}