{"id":16138,"date":"2024-07-20T00:29:12","date_gmt":"2024-07-20T00:29:12","guid":{"rendered":"http:\/\/compunegocios.com.pe\/index.php\/product\/impresora-multifuncional-canon-maxify-gx7010-wifi-red-adf\/"},"modified":"2025-09-10T22:00:57","modified_gmt":"2025-09-10T22:00:57","slug":"impresora-multifuncional-canon-maxify-gx7010-wifi-red-adf","status":"publish","type":"product","link":"https:\/\/tmp.compunegocios.com.pe\/index.php\/product\/impresora-multifuncional-canon-maxify-gx7010-wifi-red-adf\/","title":{"rendered":"IMPRESORA MULTIFUNCIONAL CANON MAXIFY GX7010 WIFI RED ADF"},"content":{"rendered":"<p>IMPRESORA MULTIFUNCIONAL CANON MAXIFY GX7010 WIFI RED ADF<\/p>\n<p>Tecnolog\u00eda de impresi\u00f3n: Inyecci\u00f3n<br \/>\nCapacidad de pape: l500 Hojas de papel com\u00fan<br \/>\nWi-Fi: S\u00ed<br \/>\nEsc\u00e1ner: S\u00ed<br \/>\nFax: No<br \/>\nFormatos aptos: Hojas Normal, papel fotogr\u00e1fico y papel mate<br \/>\nFotocopiadora: S\u00ed<br \/>\nIncluye cartuchos: S\u00ed<br \/>\nResoluci\u00f3n de esc\u00e1ner: (dpi)600 x 1200 dpi<br \/>\nResoluci\u00f3n de impresi\u00f3n a color: (dpi)1200 x 1200 dpi<br \/>\nResoluci\u00f3n de impresi\u00f3n en negro: (dpi)1200 x 1200 dpi<br \/>\nImprime desde App: S\u00ed, desde la App Canon PRINT<br \/>\nContenido de la caja: Impresora MAXIFY GX7010, documentaci\u00f3n, botellas de tinta: GI-16 Botella de tinta de pigmento negro (167 ml), cian (132 ml), Magenta (132 ml), amarillo (132 ml), cable de poder.<br \/>\nImpresi\u00f3n doble cara: S\u00ed, autom\u00e1tico<\/p>\n","protected":false},"excerpt":{"rendered":"<p>&#8211;<\/p>\n","protected":false},"featured_media":16491,"template":"","meta":[],"pwb-brand":[],"product_brand":[],"product_cat":[205],"product_tag":[],"class_list":{"0":"post-16138","1":"product","2":"type-product","3":"status-publish","4":"has-post-thumbnail","6":"product_cat-205","8":"first","9":"instock","10":"taxable","11":"shipping-taxable","12":"purchasable","13":"product-type-simple"},"brands":[],"_links":{"self":[{"href":"https:\/\/tmp.compunegocios.com.pe\/index.php\/wp-json\/wp\/v2\/product\/16138","targetHints":{"allow":["GET"]}}],"collection":[{"href":"https:\/\/tmp.compunegocios.com.pe\/index.php\/wp-json\/wp\/v2\/product"}],"about":[{"href":"https:\/\/tmp.compunegocios.com.pe\/index.php\/wp-json\/wp\/v2\/types\/product"}],"wp:featuredmedia":[{"embeddable":true,"href":"https:\/\/tmp.compunegocios.com.pe\/index.php\/wp-json\/wp\/v2\/media\/16491"}],"wp:attachment":[{"href":"https:\/\/tmp.compunegocios.com.pe\/index.php\/wp-json\/wp\/v2\/media?parent=16138"}],"wp:term":[{"taxonomy":"pwb-brand","embeddable":true,"href":"https:\/\/tmp.compunegocios.com.pe\/index.php\/wp-json\/wp\/v2\/pwb-brand?post=16138"},{"taxonomy":"product_brand","embeddable":true,"href":"https:\/\/tmp.compunegocios.com.pe\/index.php\/wp-json\/wp\/v2\/product_brand?post=16138"},{"taxonomy":"product_cat","embeddable":true,"href":"https:\/\/tmp.compunegocios.com.pe\/index.php\/wp-json\/wp\/v2\/product_cat?post=16138"},{"taxonomy":"product_tag","embeddable":true,"href":"https:\/\/tmp.compunegocios.com.pe\/index.php\/wp-json\/wp\/v2\/product_tag?post=16138"}],"curies":[{"name":"wp","href":"https:\/\/api.w.org\/{rel}","templated":true}]}}