{"id":16182,"date":"2024-07-25T18:14:30","date_gmt":"2024-07-25T18:14:30","guid":{"rendered":"http:\/\/compunegocios.com.pe\/index.php\/product\/adaptador-wifi-tp-link-t2ub-nano-ac600-usb-2-0-bluetooth-4-2-2-4ghz-5-0ghz\/"},"modified":"2025-08-19T16:22:29","modified_gmt":"2025-08-19T16:22:29","slug":"adaptador-wifi-tp-link-t2ub-nano-ac600-usb-2-0-bluetooth-4-2-2-4ghz-5-0ghz","status":"publish","type":"product","link":"https:\/\/tmp.compunegocios.com.pe\/index.php\/product\/adaptador-wifi-tp-link-t2ub-nano-ac600-usb-2-0-bluetooth-4-2-2-4ghz-5-0ghz\/","title":{"rendered":"ADAPTADOR WIFI TP-LINK T2UB NANO AC600 USB 2.0 BLUETOOTH 4.2 2.4Ghz &#8211; 5.0Ghz"},"content":{"rendered":"<p>ADAPTADOR WIFI TP-LINK T2UB NANO AC600 USB 2.0 BLUETOOTH 4.2 2.4Ghz &#8211; 5.0Ghz<\/p>\n<p>\u2705 WiFi de alta velocidad: velocidades de hasta 600 Mbps con 200 Mbps en 2,4 GHz y 433 Mbps en 5 GHz, actualiza sus dispositivos a velocidades WiFi AC m\u00e1s altas.<br \/>\n\u2705 Conexi\u00f3n inal\u00e1mbrica de doble banda: banda de 2,4 GHz y 5 GHz para una conectividad flexible, actualiza sus dispositivos para que funcionen con el \u00faltimo enrutador WiFi de doble banda para lograr mayor velocidad y alcance extendido.<br \/>\n\u2705 Bluetooth 4.2:  convierte su PC o port\u00e1til sin Bluetooth en uno con capacidad Bluetooth<br \/>\n\u2705 Dise\u00f1o nano: su dise\u00f1o peque\u00f1o y discreto le permite enchufarlo y olvidarse de que est\u00e1 all\u00ed.<br \/>\n\u2705 Sistema operativo: compatible con Windows 11\/10\/8.1\/8\/7 para WiFi,  Windows 11\/10\/8.1\/7 para Bluetooth<br \/>\n\u2705 Seguridad avanzada: compatible con los est\u00e1ndares de cifrado WEP, WPA\/WPA2\/WPA3, WPA-PSK\/WPA2-PSK, WPA3-SAE<\/p>\n","protected":false},"excerpt":{"rendered":"<p>&#8211;<\/p>\n","protected":false},"featured_media":16616,"template":"","meta":[],"pwb-brand":[],"product_brand":[],"product_cat":[228],"product_tag":[],"class_list":{"0":"post-16182","1":"product","2":"type-product","3":"status-publish","4":"has-post-thumbnail","6":"product_cat-228","8":"first","9":"outofstock","10":"taxable","11":"shipping-taxable","12":"purchasable","13":"product-type-simple"},"brands":[],"_links":{"self":[{"href":"https:\/\/tmp.compunegocios.com.pe\/index.php\/wp-json\/wp\/v2\/product\/16182","targetHints":{"allow":["GET"]}}],"collection":[{"href":"https:\/\/tmp.compunegocios.com.pe\/index.php\/wp-json\/wp\/v2\/product"}],"about":[{"href":"https:\/\/tmp.compunegocios.com.pe\/index.php\/wp-json\/wp\/v2\/types\/product"}],"wp:featuredmedia":[{"embeddable":true,"href":"https:\/\/tmp.compunegocios.com.pe\/index.php\/wp-json\/wp\/v2\/media\/16616"}],"wp:attachment":[{"href":"https:\/\/tmp.compunegocios.com.pe\/index.php\/wp-json\/wp\/v2\/media?parent=16182"}],"wp:term":[{"taxonomy":"pwb-brand","embeddable":true,"href":"https:\/\/tmp.compunegocios.com.pe\/index.php\/wp-json\/wp\/v2\/pwb-brand?post=16182"},{"taxonomy":"product_brand","embeddable":true,"href":"https:\/\/tmp.compunegocios.com.pe\/index.php\/wp-json\/wp\/v2\/product_brand?post=16182"},{"taxonomy":"product_cat","embeddable":true,"href":"https:\/\/tmp.compunegocios.com.pe\/index.php\/wp-json\/wp\/v2\/product_cat?post=16182"},{"taxonomy":"product_tag","embeddable":true,"href":"https:\/\/tmp.compunegocios.com.pe\/index.php\/wp-json\/wp\/v2\/product_tag?post=16182"}],"curies":[{"name":"wp","href":"https:\/\/api.w.org\/{rel}","templated":true}]}}