{"id":17318,"date":"2024-08-21T16:32:55","date_gmt":"2024-08-21T16:32:55","guid":{"rendered":"http:\/\/compunegocios.com.pe\/index.php\/product\/dron-dji-air-3-fly-more-combo-dji-rc-2\/"},"modified":"2025-08-19T16:23:00","modified_gmt":"2025-08-19T16:23:00","slug":"dron-dji-air-3-fly-more-combo-dji-rc-2","status":"publish","type":"product","link":"https:\/\/tmp.compunegocios.com.pe\/index.php\/product\/dron-dji-air-3-fly-more-combo-dji-rc-2\/","title":{"rendered":"DRON DJI AIR 3 FLY MORE COMBO (DJI RC 2)"},"content":{"rendered":"<p>DRON DJI AIR 3 FLY MORE COMBO (DJI RC 2)<\/p>\n<p>More: Information<br \/>\nMarca: DJI<br \/>\nAplicaci\u00f3n: Dispositivo m\u00f3vil DJI Fly (v\u00e9ase modelos compatibles en www.dji.com\/downloads\/djiapp\/dji-fly)<br \/>\nBater\u00eda: 46 minutos Li-ion 4S<br \/>\nC\u00e1mara: C\u00e1mara gran angular: CMOS de 1\/1,3 pulgadas, P\u00edxeles efectivos: 48 MP<br \/>\nCapacidad Bater\u00eda: 4241mAh<br \/>\nConexi\u00f3n\tBluetooth 5.2<br \/>\nColor: Negro Trufa<br \/>\nCaracter\u00edsticas: Formato de foto: JPEG\/DNG (CRUDO) Formato de video: MP4 (MPEG-4 AVC\/H.264, HEVC\/H.265)<br \/>\nEntrada auxiliar: No<br \/>\nM\u00e1s informaci\u00f3n: Distancia m\u00e1xima de vuelo: 32 kilometros<br \/>\nMemoria expandible: S\u00ed<br \/>\nMemoria interna: 8GB<br \/>\nTiempo m\u00e1ximo de vuelo estacionario: 42 minutos<\/p>\n","protected":false},"excerpt":{"rendered":"<p>&#8211;<\/p>\n","protected":false},"featured_media":17366,"template":"","meta":[],"pwb-brand":[],"product_brand":[],"product_cat":[243],"product_tag":[],"class_list":{"0":"post-17318","1":"product","2":"type-product","3":"status-publish","4":"has-post-thumbnail","6":"product_cat-243","8":"first","9":"outofstock","10":"taxable","11":"shipping-taxable","12":"purchasable","13":"product-type-simple"},"brands":[],"_links":{"self":[{"href":"https:\/\/tmp.compunegocios.com.pe\/index.php\/wp-json\/wp\/v2\/product\/17318","targetHints":{"allow":["GET"]}}],"collection":[{"href":"https:\/\/tmp.compunegocios.com.pe\/index.php\/wp-json\/wp\/v2\/product"}],"about":[{"href":"https:\/\/tmp.compunegocios.com.pe\/index.php\/wp-json\/wp\/v2\/types\/product"}],"wp:featuredmedia":[{"embeddable":true,"href":"https:\/\/tmp.compunegocios.com.pe\/index.php\/wp-json\/wp\/v2\/media\/17366"}],"wp:attachment":[{"href":"https:\/\/tmp.compunegocios.com.pe\/index.php\/wp-json\/wp\/v2\/media?parent=17318"}],"wp:term":[{"taxonomy":"pwb-brand","embeddable":true,"href":"https:\/\/tmp.compunegocios.com.pe\/index.php\/wp-json\/wp\/v2\/pwb-brand?post=17318"},{"taxonomy":"product_brand","embeddable":true,"href":"https:\/\/tmp.compunegocios.com.pe\/index.php\/wp-json\/wp\/v2\/product_brand?post=17318"},{"taxonomy":"product_cat","embeddable":true,"href":"https:\/\/tmp.compunegocios.com.pe\/index.php\/wp-json\/wp\/v2\/product_cat?post=17318"},{"taxonomy":"product_tag","embeddable":true,"href":"https:\/\/tmp.compunegocios.com.pe\/index.php\/wp-json\/wp\/v2\/product_tag?post=17318"}],"curies":[{"name":"wp","href":"https:\/\/api.w.org\/{rel}","templated":true}]}}