{"id":17613,"date":"2024-09-17T17:04:38","date_gmt":"2024-09-17T17:04:38","guid":{"rendered":"http:\/\/compunegocios.com.pe\/index.php\/product\/mouse-genius-gaming-scorpion-m500-rgb-black-dpi-3600-usb-pn31040011400\/"},"modified":"2025-08-19T16:24:17","modified_gmt":"2025-08-19T16:24:17","slug":"mouse-genius-gaming-scorpion-m500-rgb-black-dpi-3600-usb-pn31040011400","status":"publish","type":"product","link":"https:\/\/tmp.compunegocios.com.pe\/index.php\/product\/mouse-genius-gaming-scorpion-m500-rgb-black-dpi-3600-usb-pn31040011400\/","title":{"rendered":"MOUSE GENIUS GAMING SCORPION M500 RGB BLACK DPI 3600 USB (PN:31040011400)"},"content":{"rendered":"<p>MOUSE GENIUS GAMING SCORPION M500 RGB BLACK DPI 3600 USB (PN:31040011400)<\/p>\n<p>Marca: Genius<br \/>\nModelo: Scorpion M500<br \/>\nColor: Negro<br \/>\nInterfaz: Cable USB<br \/>\nBotones: 6<br \/>\nSolo se emite boleta de venta<br \/>\nUna opci\u00f3n ideal para jugadores que buscan precisi\u00f3n y comodidad.<br \/>\nCon 6 botones y sensor \u00f3ptico de alta precisi\u00f3n con resoluci\u00f3n regulable.<br \/>\nSe complementa con su retroiluminaci\u00f3n RGB. Efecto de luz de respiraci\u00f3n con degradado multicolor que resalta la atm\u00f3sfera de tu juego.<br \/>\nRESOLUCION DPI<br \/>\nPuedes cambiar el DPI de 1200 a 3600 para satisfacer tus necesidades espec\u00edficas mientras juegas o trabajas.<br \/>\nBOTONES FLEXIBLES<br \/>\nEquipado con seis botones para satisfacer sus demandas de manera excelente para diferentes juegos, permite cambiar r\u00e1pidamente mientras juega.<br \/>\nCOMODIDAD Y PRECISI\u00d3N EN TU MANO<br \/>\nCon su dise\u00f1o ergon\u00f3mico que proporciona una gran sensaci\u00f3n en la mano y una longitud de alrededor de 12 cm, es f\u00e1cil sostener y navegar el cursor para aquellos con manos grandes.<\/p>\n","protected":false},"excerpt":{"rendered":"<p>&#8211;<\/p>\n","protected":false},"featured_media":17720,"template":"","meta":[],"pwb-brand":[],"product_brand":[],"product_cat":[192],"product_tag":[],"class_list":{"0":"post-17613","1":"product","2":"type-product","3":"status-publish","4":"has-post-thumbnail","6":"product_cat-192","8":"first","9":"instock","10":"taxable","11":"shipping-taxable","12":"purchasable","13":"product-type-simple"},"brands":[],"_links":{"self":[{"href":"https:\/\/tmp.compunegocios.com.pe\/index.php\/wp-json\/wp\/v2\/product\/17613","targetHints":{"allow":["GET"]}}],"collection":[{"href":"https:\/\/tmp.compunegocios.com.pe\/index.php\/wp-json\/wp\/v2\/product"}],"about":[{"href":"https:\/\/tmp.compunegocios.com.pe\/index.php\/wp-json\/wp\/v2\/types\/product"}],"wp:featuredmedia":[{"embeddable":true,"href":"https:\/\/tmp.compunegocios.com.pe\/index.php\/wp-json\/wp\/v2\/media\/17720"}],"wp:attachment":[{"href":"https:\/\/tmp.compunegocios.com.pe\/index.php\/wp-json\/wp\/v2\/media?parent=17613"}],"wp:term":[{"taxonomy":"pwb-brand","embeddable":true,"href":"https:\/\/tmp.compunegocios.com.pe\/index.php\/wp-json\/wp\/v2\/pwb-brand?post=17613"},{"taxonomy":"product_brand","embeddable":true,"href":"https:\/\/tmp.compunegocios.com.pe\/index.php\/wp-json\/wp\/v2\/product_brand?post=17613"},{"taxonomy":"product_cat","embeddable":true,"href":"https:\/\/tmp.compunegocios.com.pe\/index.php\/wp-json\/wp\/v2\/product_cat?post=17613"},{"taxonomy":"product_tag","embeddable":true,"href":"https:\/\/tmp.compunegocios.com.pe\/index.php\/wp-json\/wp\/v2\/product_tag?post=17613"}],"curies":[{"name":"wp","href":"https:\/\/api.w.org\/{rel}","templated":true}]}}