{"id":17830,"date":"2024-09-26T22:38:46","date_gmt":"2024-09-26T22:38:46","guid":{"rendered":"http:\/\/compunegocios.com.pe\/index.php\/product\/mochila-lenovo-para-equipos-portatiles-de-396-cm-156-gx40q17226\/"},"modified":"2025-08-19T16:24:44","modified_gmt":"2025-08-19T16:24:44","slug":"mochila-lenovo-para-equipos-portatiles-de-396-cm-156-gx40q17226","status":"publish","type":"product","link":"https:\/\/tmp.compunegocios.com.pe\/index.php\/product\/mochila-lenovo-para-equipos-portatiles-de-396-cm-156-gx40q17226\/","title":{"rendered":"MOCHILA LENOVO CASUAL B210 BLUE-ROW PARA EQUIPOS PORT\u00c1TILES DE 39,6 CM (15,6&#8243;) GX40Q17226"},"content":{"rendered":"<p>MOCHILA LENOVO CASUAL B210 BLUE-ROW PARA EQUIPOS PORT\u00c1TILES DE 39,6 CM (15,6&#8243;) GX40Q17226<\/p>\n<p>Marca: Lenovo<br \/>\nPN: GX40Q17226<br \/>\nLa mochila port\u00e1til para port\u00e1til Lenovo 15.6&#8243; B210 utiliza una tela repelente al agua y un dise\u00f1o limpio y aerodin\u00e1mico para crear una funda que se adapta perfectamente a la vida moderna. Ofrece un compartimento integrado para port\u00e1til que se adapta c\u00f3modamente a la mayor\u00eda de las laptops de hasta 15.6&#8243;. bolsillos para esos accesorios imprescindibles, y un espacioso compartimento principal para libros y otros art\u00edculos.<br \/>\nDISE\u00d1O DURADERO: la mochila para computadora port\u00e1til presenta un tejido resistente de poli\u00e9ster con hilo de nieve repelente al agua y un dise\u00f1o aerodin\u00e1mico con un interior acolchado para proteger su computadora port\u00e1til, computadora port\u00e1til y otras cosas importantes.<br \/>\nAJUSTE CONFORTABLE: Esta mochila compacta tiene un panel posterior acolchado y correas para los hombros completamente ajustables, lo que la hace c\u00f3moda para usar durante todo el d\u00eda, adem\u00e1s de un bolsillo frontal con acceso r\u00e1pido con cremallera para almacenamiento adicional.<br \/>\nMOCHILA PARA PORT\u00c1TIL: perfecto para viajeros diarios, estudiantes universitarios y todo tipo de viajeros; acomoda port\u00e1tiles de hasta 15.6 pulgadas.<br \/>\nALMACENAMIENTO CONVENIENTE: Adem\u00e1s del compartimento para computadora port\u00e1til, hay compartimentos separados para dispositivos m\u00f3viles, tarjetas de visita y otras herramientas diarias en compartimentos de acceso r\u00e1pido. El compartimento principal ofrece espacio adicional para revistas, libretas y otros accesorios para laptops.<\/p>\n","protected":false},"excerpt":{"rendered":"<p>&#8211;<\/p>\n","protected":false},"featured_media":17959,"template":"","meta":[],"pwb-brand":[],"product_brand":[],"product_cat":[34],"product_tag":[],"class_list":{"0":"post-17830","1":"product","2":"type-product","3":"status-publish","4":"has-post-thumbnail","6":"product_cat-34","8":"first","9":"instock","10":"taxable","11":"shipping-taxable","12":"purchasable","13":"product-type-simple"},"brands":[],"_links":{"self":[{"href":"https:\/\/tmp.compunegocios.com.pe\/index.php\/wp-json\/wp\/v2\/product\/17830","targetHints":{"allow":["GET"]}}],"collection":[{"href":"https:\/\/tmp.compunegocios.com.pe\/index.php\/wp-json\/wp\/v2\/product"}],"about":[{"href":"https:\/\/tmp.compunegocios.com.pe\/index.php\/wp-json\/wp\/v2\/types\/product"}],"wp:featuredmedia":[{"embeddable":true,"href":"https:\/\/tmp.compunegocios.com.pe\/index.php\/wp-json\/wp\/v2\/media\/17959"}],"wp:attachment":[{"href":"https:\/\/tmp.compunegocios.com.pe\/index.php\/wp-json\/wp\/v2\/media?parent=17830"}],"wp:term":[{"taxonomy":"pwb-brand","embeddable":true,"href":"https:\/\/tmp.compunegocios.com.pe\/index.php\/wp-json\/wp\/v2\/pwb-brand?post=17830"},{"taxonomy":"product_brand","embeddable":true,"href":"https:\/\/tmp.compunegocios.com.pe\/index.php\/wp-json\/wp\/v2\/product_brand?post=17830"},{"taxonomy":"product_cat","embeddable":true,"href":"https:\/\/tmp.compunegocios.com.pe\/index.php\/wp-json\/wp\/v2\/product_cat?post=17830"},{"taxonomy":"product_tag","embeddable":true,"href":"https:\/\/tmp.compunegocios.com.pe\/index.php\/wp-json\/wp\/v2\/product_tag?post=17830"}],"curies":[{"name":"wp","href":"https:\/\/api.w.org\/{rel}","templated":true}]}}