{"id":18740,"date":"2025-01-06T18:28:54","date_gmt":"2025-01-06T18:28:54","guid":{"rendered":"https:\/\/compunegocios.com.pe\/index.php\/product\/pad-mouse-logitech-g840-cloth-xl-40x90-cm-black\/"},"modified":"2025-08-19T16:35:55","modified_gmt":"2025-08-19T16:35:55","slug":"pad-mouse-logitech-g840-cloth-xl-40x90-cm-black","status":"publish","type":"product","link":"https:\/\/tmp.compunegocios.com.pe\/index.php\/product\/pad-mouse-logitech-g840-cloth-xl-40x90-cm-black\/","title":{"rendered":"PAD MOUSE LOGITECH G840 CLOTH XL 40X90 CM BLACK"},"content":{"rendered":"<p>PAD MOUSE LOGITECH G840 CLOTH XL 40X90 CM BLACK<br \/>\nMARCA\tLOGITECH G<br \/>\nMODELO\tG840<br \/>\nN\u00daMERO DE PARTE\t943-000776<br \/>\nCARACTER\u00cdSTICAS<br \/>\nAlfombrilla de mouse para juegos XL.<br \/>\nAlfombrilla de mouse para juegos de sobremesa completa con espacio para configurar tus ajustes de la forma que desee. La textura de la superficie est\u00e1<br \/>\nadaptada al desempe\u00f1o del mouse Logitech G. La base de goma se mantiene en su lugar para concentrarse y controlar el juego.<br \/>\nUNA INMENSA ALFOMBRILLA DE MOUSE\tLa gran superficie de G840 te ofrece m\u00e1s espacio para jugar que nunca. Juega con libertad de configuraci\u00f3n, sin las limitaciones de alfombrillas m\u00e1s<br \/>\npeque\u00f1as.<br \/>\nSUPERFICIE OPTIMIZADA\tLa superficie hecha para el desempe\u00f1o proporciona uniformidad y precisi\u00f3n m\u00e1ximas con mouse para juegos ya que ofrece im\u00e1genes de sensor \u00f3ptimas para<br \/>\nconvertir el movimiento del mouse en movimiento del cursor incluso a altas velocidades.<br \/>\nFRICCI\u00d3N DE SUPERFICIE MODERADA\tOfrece las sensaciones necesarias para \u00absentir\u00bb el movimiento del mouse. Usa la memoria muscular para apuntar con acierto y optimiza tanto peque\u00f1os<br \/>\nmovimientos r\u00e1pidos como el control a baja velocidad.<br \/>\nBASE ESTABLE DE GOMA\tLos jugadores que usan valores de dpi bajos realizan movimientos vertiginosos. La base de goma mantiene toda la superficie en su sitio e impide que el<br \/>\ntejido se arrugue y entorpezca el movimiento del mouse por todo el escritorio. Un grosor de 3 mm con un tama\u00f1o tan amplio proporciona la estabilidad<br \/>\nnecesaria tanto para el mouse como para el teclado.<br \/>\nESPECIFICACIONES<br \/>\nDIMENSIONES\t400 x 900 x 3 mm.<\/p>\n","protected":false},"excerpt":{"rendered":"<p>&#8211;<\/p>\n","protected":false},"featured_media":0,"template":"","meta":[],"pwb-brand":[],"product_brand":[],"product_cat":[195],"product_tag":[],"class_list":{"0":"post-18740","1":"product","2":"type-product","3":"status-publish","5":"product_cat-195","7":"first","8":"instock","9":"taxable","10":"shipping-taxable","11":"purchasable","12":"product-type-simple"},"brands":[],"_links":{"self":[{"href":"https:\/\/tmp.compunegocios.com.pe\/index.php\/wp-json\/wp\/v2\/product\/18740","targetHints":{"allow":["GET"]}}],"collection":[{"href":"https:\/\/tmp.compunegocios.com.pe\/index.php\/wp-json\/wp\/v2\/product"}],"about":[{"href":"https:\/\/tmp.compunegocios.com.pe\/index.php\/wp-json\/wp\/v2\/types\/product"}],"wp:attachment":[{"href":"https:\/\/tmp.compunegocios.com.pe\/index.php\/wp-json\/wp\/v2\/media?parent=18740"}],"wp:term":[{"taxonomy":"pwb-brand","embeddable":true,"href":"https:\/\/tmp.compunegocios.com.pe\/index.php\/wp-json\/wp\/v2\/pwb-brand?post=18740"},{"taxonomy":"product_brand","embeddable":true,"href":"https:\/\/tmp.compunegocios.com.pe\/index.php\/wp-json\/wp\/v2\/product_brand?post=18740"},{"taxonomy":"product_cat","embeddable":true,"href":"https:\/\/tmp.compunegocios.com.pe\/index.php\/wp-json\/wp\/v2\/product_cat?post=18740"},{"taxonomy":"product_tag","embeddable":true,"href":"https:\/\/tmp.compunegocios.com.pe\/index.php\/wp-json\/wp\/v2\/product_tag?post=18740"}],"curies":[{"name":"wp","href":"https:\/\/api.w.org\/{rel}","templated":true}]}}