{"id":18760,"date":"2025-01-07T23:28:20","date_gmt":"2025-01-07T23:28:20","guid":{"rendered":"https:\/\/compunegocios.com.pe\/index.php\/product\/adaptador-tp-link-archer-tx20e-ax1800-pcie-bluetooth-5-2\/"},"modified":"2025-09-15T21:45:59","modified_gmt":"2025-09-15T21:45:59","slug":"adaptador-tp-link-archer-tx20e-ax1800-pcie-bluetooth-5-2","status":"publish","type":"product","link":"https:\/\/tmp.compunegocios.com.pe\/index.php\/product\/adaptador-tp-link-archer-tx20e-ax1800-pcie-bluetooth-5-2\/","title":{"rendered":"ADAPTADOR TP-LINK (ARCHER TX20E) AX1800 PCIE. BLUETOOTH 5.2"},"content":{"rendered":"<p>Caracter\u00edsticas de ADAPTADOR TP-LINK ARCHER TX20E AX1800 PCIE. BLUETOOTH 5.2<br \/>\nCARACTER\u00cdSTICAS DE HARDWARE<br \/>\nDimensiones\t4,76 \u00d7 3,09 \u00d7 0,82 pulgadas<br \/>\n \t(120,8 \u00d7 78,5 \u00d7 20,9 mm)<br \/>\nTipo de Antena\tDos antenas de doble banda de alta ganancia<br \/>\nconjunto de chips\tConjunto de chips Realtek Wi-Fi 6<br \/>\nCARACTER\u00cdSTICAS INAL\u00c1MBRICAS<br \/>\nEst\u00e1ndares Inal\u00e1mbricos\tIEEE 802.11ax\/ac\/n\/a 5 GHz<br \/>\n \tIEEE 802.11ax\/n\/g\/b 2,4 GHz<br \/>\n \tBluetooth 5.2<br \/>\nVelocidad de se\u00f1al de WLAN\t5 GHz<br \/>\n \t11ax: Hasta 1201 Mbps (din\u00e1mico)<br \/>\n \t11ac: Hasta 867 Mbps (din\u00e1mico)<br \/>\n \t11n: Hasta 300 Mbps (din\u00e1mico)<br \/>\n \t11a: Hasta 54 Mbps (din\u00e1mico)<\/p>\n<p> \t2,4 GHz<br \/>\n \t11ax: Hasta 574 Mbps (din\u00e1mico)<br \/>\n \t11n : Hasta 300 Mbps (din\u00e1mico)<br \/>\n \t11g: Hasta 54 Mbps (din\u00e1mico)<br \/>\n \t11b: Hasta 11 Mbps (din\u00e1mico)<br \/>\nSensibilidad de recepci\u00f3n WLAN\t5 GHz:<br \/>\n \t11ax HE80: -57,0 dBm<br \/>\n \t11ax HE40: -60,0 dBm<br \/>\n \t11ax HE20: -63,0 dBm<br \/>\n \t11ac VHT80: -59,5 dBm<br \/>\n \t11ac VHT40: -62,5 dBm<br \/>\n \t11ac VHT20: -67,5 dBm<br \/>\n \t11n HT40: -69,5 dBm<br \/>\n \t11 HT20: -72,5 dBm<br \/>\n \t11a 54Mbps: -74,0dBm<br \/>\n \t11a 6Mbps: -94,5dBm<\/p>\n<p> \t2,4GHz :<br \/>\n \t11ax HE40: -60,0dBm<br \/>\n \t11ax HE20: -63,0dBm<br \/>\n \t11n HT40: -69,5dBm<br \/>\n \t11n HT20: -72,5dBm<br \/>\n \t11g 54,0dB m<br \/>\n \t11b 11 Mbps: &#8211; 88,0 dBm<br \/>\nPotencia de transmisi\u00f3n WLAN\t5 GHz: 27 dBm (FCC)\/23 dBm (CE) (PIRE)<br \/>\n \t2,4 GHz: 25 dBm (FCC)\/20 dBm (CE) (PIRE)<br \/>\nModos WLAN\tModo infraestructura<br \/>\nSeguridad Inal\u00e1mbrica\tAdmite WEP de 64\/128 bits, WPA\/WAP2\/WPA3, WPA-PSK\/WPA2-PSK, 802.1x<br \/>\nTecnolog\u00eda de Modulaci\u00f3n\tDBPSK, DQPSK, CCK, OFDM, 16-QAM, 64-QAM, 256-QAM, 1024QAM<br \/>\nOTROS<br \/>\nCertificaci\u00f3n\tCE, FCC, RoHS<br \/>\nContenidos del Paquete\tArcher TX20E<br \/>\n \tDos antenas de doble banda de alta ganancia<br \/>\n \tSoporte de perfil bajo<br \/>\n \tCable conector Bluetooth<br \/>\n \tGu\u00eda de instalaci\u00f3n r\u00e1pida<br \/>\n \tCD de recursos<br \/>\nRequisitos del Sistema\tSolo Windows 11\/10 (64 bits)<br \/>\nAmbiente\tTemperatura de funcionamiento: 0 \u2103 ~ 40 \u2103 (32 \u2109 ~ 104 \u2109)<br \/>\n \tTemperatura de almacenamiento: -40 \u2103 ~ 70 \u2103 (-40 \u2109 ~ 158 \u2109)<br \/>\n \tHumedad de funcionamiento: 10 % ~ 90 % sin condensaci\u00f3n<br \/>\n \tHumedad de almacenamiento: 5 % ~ 90 % sin condensaci\u00f3n<\/p>\n","protected":false},"excerpt":{"rendered":"<p>&#8211;<\/p>\n","protected":false},"featured_media":0,"template":"","meta":[],"pwb-brand":[],"product_brand":[],"product_cat":[230],"product_tag":[],"class_list":{"0":"post-18760","1":"product","2":"type-product","3":"status-publish","5":"product_cat-230","7":"first","8":"instock","9":"taxable","10":"shipping-taxable","11":"purchasable","12":"product-type-simple"},"brands":[],"_links":{"self":[{"href":"https:\/\/tmp.compunegocios.com.pe\/index.php\/wp-json\/wp\/v2\/product\/18760","targetHints":{"allow":["GET"]}}],"collection":[{"href":"https:\/\/tmp.compunegocios.com.pe\/index.php\/wp-json\/wp\/v2\/product"}],"about":[{"href":"https:\/\/tmp.compunegocios.com.pe\/index.php\/wp-json\/wp\/v2\/types\/product"}],"wp:attachment":[{"href":"https:\/\/tmp.compunegocios.com.pe\/index.php\/wp-json\/wp\/v2\/media?parent=18760"}],"wp:term":[{"taxonomy":"pwb-brand","embeddable":true,"href":"https:\/\/tmp.compunegocios.com.pe\/index.php\/wp-json\/wp\/v2\/pwb-brand?post=18760"},{"taxonomy":"product_brand","embeddable":true,"href":"https:\/\/tmp.compunegocios.com.pe\/index.php\/wp-json\/wp\/v2\/product_brand?post=18760"},{"taxonomy":"product_cat","embeddable":true,"href":"https:\/\/tmp.compunegocios.com.pe\/index.php\/wp-json\/wp\/v2\/product_cat?post=18760"},{"taxonomy":"product_tag","embeddable":true,"href":"https:\/\/tmp.compunegocios.com.pe\/index.php\/wp-json\/wp\/v2\/product_tag?post=18760"}],"curies":[{"name":"wp","href":"https:\/\/api.w.org\/{rel}","templated":true}]}}