{"id":18792,"date":"2025-01-09T01:03:44","date_gmt":"2025-01-09T01:03:44","guid":{"rendered":"https:\/\/compunegocios.com.pe\/index.php\/product\/ssd-disco-externo-kingston-xs1000-2tb-red\/"},"modified":"2025-08-19T16:36:36","modified_gmt":"2025-08-19T16:36:36","slug":"ssd-disco-externo-kingston-xs1000-2tb-red","status":"publish","type":"product","link":"https:\/\/tmp.compunegocios.com.pe\/index.php\/product\/ssd-disco-externo-kingston-xs1000-2tb-red\/","title":{"rendered":"SSD DISCO EXTERNO KINGSTON XS1000 2TB RED"},"content":{"rendered":"<p>Unidad en estado s\u00f3lido externa Kingston XS1000, 2TB, USB 3.2 Gen 2 Tipo-C, Color Rojo<br \/>\nDESCRIPCION\tUNIDAD EN ESTADO S\u00d3LIDO EXTERNA<br \/>\nMARCA\tKINGSTON<br \/>\nMODELO\tXS1000<br \/>\nNUMERO DE PARTE\tSXS1000R\/2000G<br \/>\nCAPACIDAD DE ALMACENAMIENTO\t2 TB<br \/>\nINTERFACES DE CONEXION\tUSB 3.2 GEN 2 TIPO-C<br \/>\nVELOCIDAD DE LECTURA\t1050 MB\/Seg<br \/>\nVELOCIDAD DE ESCRITURA\t1000 MB\/Seg<br \/>\nCARACTERISTICAS\tM\u00c1XIMA PORTABILIDAD, COMPACTO Y CON UN PESO INFERIOR A 29g, ESTE ELEGANTE SSD, EN COLOR NEGRO, CABE EN LA PALMA DE LA MANO, LO QUE LE PERMITE LLEVAR SUS ARCHIVOS CONSIGO SIN ESFUERZO.<br \/>\nRESPALDO DE ARCHIVOS CONFIABLE, LL\u00c9VESELO CON USTED. TRANSFIERA Y ALMACENE SUS DOCUMENTOS, FOTOS DE GRAN TAMA\u00d1O Y V\u00cdDEOS SIN INTERRUPCIONES.<br \/>\nMAYOR CAPACIDAD DE ALMACENAMIENTO, AMPLIE SU BIBLIOTECA DIGITAL CON ALTAS CAPACIDADES DE HASTA 2TB PARA CONSERVAR LOS MOMENTOS M\u00c1S PRECIADOS DE LA VIDA.<br \/>\nSOPORTE USB 3.2 GEN 2, ALCANZA VELOCIDADES DE LECTURA\/ESCRITURA DE HASTA 1.050MB\/SEG CON COMPATIBILIDAD CON VERSIONES ANTERIORES DE USB 3.2 GEN 1, LO QUE GARANTIZA UNA CONECTIVIDAD PERFECTA CON LOS DISPOSITIVOS ANTIGUOS.<br \/>\nMATERIAL DEL PRODUCTO\tMETAL + PL\u00c1STICO<br \/>\nCOMPATIBLE CON\tWINDOWS 11, 10, MACOS (V.10.15.X +), LINUX (V. 4.4.X +), CHROME OS<br \/>\nTEMPERATURA DE OPERACION\t0 a 40\u00b0C<br \/>\nTEMPERATURA DE ALMACENAMIENTO\t-20 a 85 \u00b0C<br \/>\nCOLOR\tROJO<br \/>\nDIMENSIONES\tLARGO\t3.25 CM<br \/>\nANCHO\t6.95 CM<br \/>\nALTO\t1.35 CM<br \/>\nPESO\t28.7 gr<\/p>\n","protected":false},"excerpt":{"rendered":"<p>&#8211;<\/p>\n","protected":false},"featured_media":0,"template":"","meta":[],"pwb-brand":[],"product_brand":[],"product_cat":[147],"product_tag":[],"class_list":{"0":"post-18792","1":"product","2":"type-product","3":"status-publish","5":"product_cat-147","7":"first","8":"instock","9":"taxable","10":"shipping-taxable","11":"purchasable","12":"product-type-simple"},"brands":[],"_links":{"self":[{"href":"https:\/\/tmp.compunegocios.com.pe\/index.php\/wp-json\/wp\/v2\/product\/18792","targetHints":{"allow":["GET"]}}],"collection":[{"href":"https:\/\/tmp.compunegocios.com.pe\/index.php\/wp-json\/wp\/v2\/product"}],"about":[{"href":"https:\/\/tmp.compunegocios.com.pe\/index.php\/wp-json\/wp\/v2\/types\/product"}],"wp:attachment":[{"href":"https:\/\/tmp.compunegocios.com.pe\/index.php\/wp-json\/wp\/v2\/media?parent=18792"}],"wp:term":[{"taxonomy":"pwb-brand","embeddable":true,"href":"https:\/\/tmp.compunegocios.com.pe\/index.php\/wp-json\/wp\/v2\/pwb-brand?post=18792"},{"taxonomy":"product_brand","embeddable":true,"href":"https:\/\/tmp.compunegocios.com.pe\/index.php\/wp-json\/wp\/v2\/product_brand?post=18792"},{"taxonomy":"product_cat","embeddable":true,"href":"https:\/\/tmp.compunegocios.com.pe\/index.php\/wp-json\/wp\/v2\/product_cat?post=18792"},{"taxonomy":"product_tag","embeddable":true,"href":"https:\/\/tmp.compunegocios.com.pe\/index.php\/wp-json\/wp\/v2\/product_tag?post=18792"}],"curies":[{"name":"wp","href":"https:\/\/api.w.org\/{rel}","templated":true}]}}