{"id":18859,"date":"2025-02-07T18:14:51","date_gmt":"2025-02-07T18:14:51","guid":{"rendered":"https:\/\/compunegocios.com.pe\/index.php\/product\/mouse-genius-nx-7009-wireless-blueeye-ergonomico-black-31030030400\/"},"modified":"2025-08-19T16:37:27","modified_gmt":"2025-08-19T16:37:27","slug":"mouse-genius-nx-7009-wireless-blueeye-ergonomico-black-31030030400","status":"publish","type":"product","link":"https:\/\/tmp.compunegocios.com.pe\/index.php\/product\/mouse-genius-nx-7009-wireless-blueeye-ergonomico-black-31030030400\/","title":{"rendered":"MOUSE GENIUS NX-7009 WIRELESS BLUEEYE ERGONOMICO BLACK (31030030400)"},"content":{"rendered":"<p>MOUSE GENIUS NX-7009 WIRELESS BLUEEYE ERGONOMICO BLACK (31030030400)<br \/>\nMARCA\tGENIUS<br \/>\nMODELO\tNX-7009<br \/>\nN\u00daMERO DE PARTE\t31030030400<br \/>\nCARACTER\u00cdSTICAS<br \/>\nEl mouse con dise\u00f1o ergon\u00f3mico y compacto.<br \/>\nDISE\u00d1O ERGON\u00d3MICO\tDise\u00f1o ergon\u00f3mico para evitar la fatiga de palma y mu\u00f1eca.\u00d1<br \/>\nSENSOR\tSensor Blueeye que le permite usar el mouse en la mayor\u00eda de superfies como: M\u00e1rmol, textiles, vidrio mate, etc.<br \/>\nENCENDIDO\tBot\u00f3n de encendido y apagado para extender la vida de su bater\u00eda.<br \/>\nESPECIFICACIONES<br \/>\nCONEXI\u00d3N\tTecnolog\u00eda inal\u00e1mbrica 2.4 GHz.<br \/>\nRESOLUCI\u00d3N\tDPI: 1200.<br \/>\nSENSOR\t\u00d3ptico Blueeye.<br \/>\nCANTIDAD DE BOTONES\t3.<br \/>\nTIPO DE BATER\u00cdA\tAlcalina 1 x AA. Pico receptor USB.<br \/>\nDIMENSIONES\t65.3 x 103 x 36 mm.<\/p>\n","protected":false},"excerpt":{"rendered":"<p>&#8211;<\/p>\n","protected":false},"featured_media":0,"template":"","meta":[],"pwb-brand":[],"product_brand":[],"product_cat":[193],"product_tag":[],"class_list":{"0":"post-18859","1":"product","2":"type-product","3":"status-publish","5":"product_cat-193","7":"first","8":"outofstock","9":"taxable","10":"shipping-taxable","11":"purchasable","12":"product-type-simple"},"brands":[],"_links":{"self":[{"href":"https:\/\/tmp.compunegocios.com.pe\/index.php\/wp-json\/wp\/v2\/product\/18859","targetHints":{"allow":["GET"]}}],"collection":[{"href":"https:\/\/tmp.compunegocios.com.pe\/index.php\/wp-json\/wp\/v2\/product"}],"about":[{"href":"https:\/\/tmp.compunegocios.com.pe\/index.php\/wp-json\/wp\/v2\/types\/product"}],"wp:attachment":[{"href":"https:\/\/tmp.compunegocios.com.pe\/index.php\/wp-json\/wp\/v2\/media?parent=18859"}],"wp:term":[{"taxonomy":"pwb-brand","embeddable":true,"href":"https:\/\/tmp.compunegocios.com.pe\/index.php\/wp-json\/wp\/v2\/pwb-brand?post=18859"},{"taxonomy":"product_brand","embeddable":true,"href":"https:\/\/tmp.compunegocios.com.pe\/index.php\/wp-json\/wp\/v2\/product_brand?post=18859"},{"taxonomy":"product_cat","embeddable":true,"href":"https:\/\/tmp.compunegocios.com.pe\/index.php\/wp-json\/wp\/v2\/product_cat?post=18859"},{"taxonomy":"product_tag","embeddable":true,"href":"https:\/\/tmp.compunegocios.com.pe\/index.php\/wp-json\/wp\/v2\/product_tag?post=18859"}],"curies":[{"name":"wp","href":"https:\/\/api.w.org\/{rel}","templated":true}]}}