{"id":23,"date":"2023-11-11T12:14:37","date_gmt":"2023-11-11T12:14:37","guid":{"rendered":"http:\/\/compunegocios.com.pe\/index.php\/product\/impresora-de-tinta-epson-l1210\/"},"modified":"2025-08-19T16:59:29","modified_gmt":"2025-08-19T16:59:29","slug":"impresora-de-tinta-epson-l1210","status":"publish","type":"product","link":"https:\/\/tmp.compunegocios.com.pe\/index.php\/product\/impresora-de-tinta-epson-l1210\/","title":{"rendered":"IMPRESORA DE TINTA EPSON L1210"},"content":{"rendered":"<p>Impresora de tinta continua Epson L1210, USB de alta velocidad (compatible con USB 2.0)<br \/>\nTecnolog\u00eda de impresi\u00f3n: Inyecci\u00f3n de tinta Heat-Free Micro Piezo de 4 colores (CMYK) \/ Resoluci\u00f3n m\u00e1xima de impresi\u00f3n: Hasta 5760 x 1440 dpi \/ Velocidad de impresi\u00f3n m\u00e1xima: Negro 33 ppm y color 15 ppm (borrador, A4\/carta) \/ Interfaz y conectividad: USB de alta velocidad (compatible con USB 2.0) \/ Capacidad de carga: Alimentaci\u00f3n trasera: hasta 100 hojas (A4\/Carta) \/ Tensi\u00f3n y frecuencia nominal: AC 100 &#8211; 240 V \/ 50 &#8211; 60 Hz \/ Dimensiones (ancho x profundidad x altura): 37.5 cm x 57.8 cm x 25.3 cm &#8211; Peso: 2.7 kg.<\/p>\n","protected":false},"excerpt":{"rendered":"<p>&#8211;<\/p>\n","protected":false},"featured_media":1326,"template":"","meta":[],"pwb-brand":[333],"product_brand":[],"product_cat":[203],"product_tag":[],"class_list":{"0":"post-23","1":"product","2":"type-product","3":"status-publish","4":"has-post-thumbnail","6":"pwb-brand-epson","7":"product_cat-203","9":"first","10":"outofstock","11":"taxable","12":"shipping-taxable","13":"purchasable","14":"product-type-simple"},"brands":[{"id":333,"name":"Epson","slug":"epson"}],"_links":{"self":[{"href":"https:\/\/tmp.compunegocios.com.pe\/index.php\/wp-json\/wp\/v2\/product\/23","targetHints":{"allow":["GET"]}}],"collection":[{"href":"https:\/\/tmp.compunegocios.com.pe\/index.php\/wp-json\/wp\/v2\/product"}],"about":[{"href":"https:\/\/tmp.compunegocios.com.pe\/index.php\/wp-json\/wp\/v2\/types\/product"}],"wp:featuredmedia":[{"embeddable":true,"href":"https:\/\/tmp.compunegocios.com.pe\/index.php\/wp-json\/wp\/v2\/media\/1326"}],"wp:attachment":[{"href":"https:\/\/tmp.compunegocios.com.pe\/index.php\/wp-json\/wp\/v2\/media?parent=23"}],"wp:term":[{"taxonomy":"pwb-brand","embeddable":true,"href":"https:\/\/tmp.compunegocios.com.pe\/index.php\/wp-json\/wp\/v2\/pwb-brand?post=23"},{"taxonomy":"product_brand","embeddable":true,"href":"https:\/\/tmp.compunegocios.com.pe\/index.php\/wp-json\/wp\/v2\/product_brand?post=23"},{"taxonomy":"product_cat","embeddable":true,"href":"https:\/\/tmp.compunegocios.com.pe\/index.php\/wp-json\/wp\/v2\/product_cat?post=23"},{"taxonomy":"product_tag","embeddable":true,"href":"https:\/\/tmp.compunegocios.com.pe\/index.php\/wp-json\/wp\/v2\/product_tag?post=23"}],"curies":[{"name":"wp","href":"https:\/\/api.w.org\/{rel}","templated":true}]}}