{"id":23779,"date":"2025-05-12T16:36:40","date_gmt":"2025-05-12T16:36:40","guid":{"rendered":"https:\/\/compunegocios.com.pe\/index.php\/product\/switch-tp-link-ls1008g-8-puertos-10-100-1000-mbps\/"},"modified":"2025-08-28T21:10:45","modified_gmt":"2025-08-28T21:10:45","slug":"switch-tp-link-ls1008g-8-puertos-10-100-1000-mbps","status":"publish","type":"product","link":"https:\/\/tmp.compunegocios.com.pe\/index.php\/product\/switch-tp-link-ls1008g-8-puertos-10-100-1000-mbps\/","title":{"rendered":"SWITCH TP-LINK LS1008G 8 PUERTOS 10\/100\/1000 MBPS"},"content":{"rendered":"<p>SWITCH TP-LINK LS1008G 8 PUERTOS 10\/100\/1000 MBPS GIGABYTE<br \/>\nCARACTER\u00cdSTICAS DE HARDWARE<br \/>\nEst\u00e1ndares y Protocolos\tIEEE 802.3i\/802.3u\/802.3ab\/802.3x<br \/>\nInterfaz\t8 Puertos\u00d710\/100\/1000Mbps, Auto-Negociaci\u00f3n, Auto-MDI\/MDIX<br \/>\nCantidad de Ventiladores\tSin Ventilador<br \/>\nFuente de Alimentaci\u00f3n Externa\tAdaptador de Alimentaci\u00f3n Externo (Salida: 9VDC \/ 0.6A)<br \/>\nDimensiones (W X D X H)\t127 \u00d7 66,5 \u00d7 23 mm (5,0 \u00d7 2,6 \u00d7 0,9 pulgadas)<br \/>\nConsumo M\u00e1ximo de energ\u00eda\t3,9W<br \/>\nDisipaci\u00f3n M\u00e1xima de Calor\t13.299 BTU\/h<br \/>\nRENDIMIENTO<br \/>\nCapacidad de Switcheo\t16 Gbps<br \/>\nTasa de Reenv\u00edo de Paquetes\t11,9 megas por segundo<br \/>\nTabla de direcciones MAC\t4K<br \/>\nPaquetes de Memoria de b\u00fafer\t1,5 Mb<br \/>\nMarco gigante\t16 KB<br \/>\nCARACTER\u00cdSTICAS DE SOFTWARE<br \/>\nCaracter\u00edsticas Avanzadas\tGreen Technology<br \/>\nControl de Flujo 802.3X<br \/>\nBack Pressure<br \/>\nM\u00e9todo de Transferencia\tAlmacenamiento y Env\u00edo<br \/>\nOTROS<br \/>\nCertificaci\u00f3n\tCE, FCC, RoHS<br \/>\nContenidos del Paquete\tSwitch de Escritorio de 8 Puertos 10\/100\/1000Mbps<br \/>\nAdaptador de Energ\u00eda<br \/>\nGu\u00eda de Instalaci\u00f3n<br \/>\nAmbiente\tTemperatura de funcionamiento: 0\u2103~40\u2103 (32\u2109~104\u2109)<br \/>\nTemperatura de almacenamiento: -40\u2103~70\u2103 (-40\u2109~158\u2109)<br \/>\nHumedad de funcionamiento: 10%~90% sin condensaci\u00f3n<br \/>\nHumedad de almacenamiento: 5%~90% sin condensaci\u00f3n<\/p>\n","protected":false},"excerpt":{"rendered":"<p>&#8211;<\/p>\n","protected":false},"featured_media":0,"template":"","meta":[],"pwb-brand":[],"product_brand":[],"product_cat":[218],"product_tag":[],"class_list":{"0":"post-23779","1":"product","2":"type-product","3":"status-publish","5":"product_cat-218","7":"first","8":"outofstock","9":"taxable","10":"shipping-taxable","11":"purchasable","12":"product-type-simple"},"brands":[],"_links":{"self":[{"href":"https:\/\/tmp.compunegocios.com.pe\/index.php\/wp-json\/wp\/v2\/product\/23779","targetHints":{"allow":["GET"]}}],"collection":[{"href":"https:\/\/tmp.compunegocios.com.pe\/index.php\/wp-json\/wp\/v2\/product"}],"about":[{"href":"https:\/\/tmp.compunegocios.com.pe\/index.php\/wp-json\/wp\/v2\/types\/product"}],"wp:attachment":[{"href":"https:\/\/tmp.compunegocios.com.pe\/index.php\/wp-json\/wp\/v2\/media?parent=23779"}],"wp:term":[{"taxonomy":"pwb-brand","embeddable":true,"href":"https:\/\/tmp.compunegocios.com.pe\/index.php\/wp-json\/wp\/v2\/pwb-brand?post=23779"},{"taxonomy":"product_brand","embeddable":true,"href":"https:\/\/tmp.compunegocios.com.pe\/index.php\/wp-json\/wp\/v2\/product_brand?post=23779"},{"taxonomy":"product_cat","embeddable":true,"href":"https:\/\/tmp.compunegocios.com.pe\/index.php\/wp-json\/wp\/v2\/product_cat?post=23779"},{"taxonomy":"product_tag","embeddable":true,"href":"https:\/\/tmp.compunegocios.com.pe\/index.php\/wp-json\/wp\/v2\/product_tag?post=23779"}],"curies":[{"name":"wp","href":"https:\/\/api.w.org\/{rel}","templated":true}]}}