{"id":259,"date":"2023-11-11T12:22:06","date_gmt":"2023-11-11T12:22:06","guid":{"rendered":"http:\/\/compunegocios.com.pe\/index.php\/product\/laptop-hp-240-g9-core-i5-1235u-8gb-ddr4-512gb-ssd-m-2-pcie-nvme-14-led-hd-7p9a6la-freedos\/"},"modified":"2025-08-19T17:03:36","modified_gmt":"2025-08-19T17:03:36","slug":"laptop-hp-240-g9-core-i5-1235u-8gb-ddr4-512gb-ssd-m-2-pcie-nvme-14-led-hd-7p9a6la-freedos","status":"publish","type":"product","link":"https:\/\/tmp.compunegocios.com.pe\/index.php\/product\/laptop-hp-240-g9-core-i5-1235u-8gb-ddr4-512gb-ssd-m-2-pcie-nvme-14-led-hd-7p9a6la-freedos\/","title":{"rendered":"LAPTOP HP 240 G9  Core i5-1235U 8GB DDR4 512GB SSD M.2 PCIe NVMe  14&#8243; LED HD (7P9A6LA) FREEDOS"},"content":{"rendered":"<p>LAPTOP HP 240 G9, 14&#8243; LED HD  Core i5-1235U 1.30 \/ 4.40GHz, 8GB DDR4-3200MHz ( 7P9A6LA)<br \/>\n512GB SSD M.2 PCIe NVMe Value, Video Integrado Intel Iris Xe Graphics, Audio HD \/ Altavoces est\u00e9reo doble Integrados, LAN GbE (RJ-45), Wireless LAN Realtek 802.11.ac 2&#215;2 + Bluetooth 5.0, Camara Web HP Truevision HD con micr\u00f3fono digital integrado, Teclado HP texturizado en Espa\u00f1ol, Bateria de Iones de litio de 3 celdas y 41 WHr de larga duraci\u00f3n, Adaptador AC de 45 Watt<\/p>\n","protected":false},"excerpt":{"rendered":"<p>&#8211;<\/p>\n","protected":false},"featured_media":492,"template":"","meta":[],"pwb-brand":[340,338],"product_brand":[],"product_cat":[21],"product_tag":[],"class_list":{"0":"post-259","1":"product","2":"type-product","3":"status-publish","4":"has-post-thumbnail","6":"pwb-brand-hp","7":"pwb-brand-intel","8":"product_cat-21","10":"first","11":"outofstock","12":"taxable","13":"shipping-taxable","14":"purchasable","15":"product-type-simple"},"brands":[{"id":340,"name":"HP","slug":"hp"},{"id":338,"name":"Intel","slug":"intel"}],"_links":{"self":[{"href":"https:\/\/tmp.compunegocios.com.pe\/index.php\/wp-json\/wp\/v2\/product\/259","targetHints":{"allow":["GET"]}}],"collection":[{"href":"https:\/\/tmp.compunegocios.com.pe\/index.php\/wp-json\/wp\/v2\/product"}],"about":[{"href":"https:\/\/tmp.compunegocios.com.pe\/index.php\/wp-json\/wp\/v2\/types\/product"}],"wp:featuredmedia":[{"embeddable":true,"href":"https:\/\/tmp.compunegocios.com.pe\/index.php\/wp-json\/wp\/v2\/media\/492"}],"wp:attachment":[{"href":"https:\/\/tmp.compunegocios.com.pe\/index.php\/wp-json\/wp\/v2\/media?parent=259"}],"wp:term":[{"taxonomy":"pwb-brand","embeddable":true,"href":"https:\/\/tmp.compunegocios.com.pe\/index.php\/wp-json\/wp\/v2\/pwb-brand?post=259"},{"taxonomy":"product_brand","embeddable":true,"href":"https:\/\/tmp.compunegocios.com.pe\/index.php\/wp-json\/wp\/v2\/product_brand?post=259"},{"taxonomy":"product_cat","embeddable":true,"href":"https:\/\/tmp.compunegocios.com.pe\/index.php\/wp-json\/wp\/v2\/product_cat?post=259"},{"taxonomy":"product_tag","embeddable":true,"href":"https:\/\/tmp.compunegocios.com.pe\/index.php\/wp-json\/wp\/v2\/product_tag?post=259"}],"curies":[{"name":"wp","href":"https:\/\/api.w.org\/{rel}","templated":true}]}}