{"id":28,"date":"2023-11-11T12:14:45","date_gmt":"2023-11-11T12:14:45","guid":{"rendered":"http:\/\/compunegocios.com.pe\/index.php\/product\/impresora-epson-termica-tm-t20iii\/"},"modified":"2025-08-19T16:59:32","modified_gmt":"2025-08-19T16:59:32","slug":"impresora-epson-termica-tm-t20iii","status":"publish","type":"product","link":"https:\/\/tmp.compunegocios.com.pe\/index.php\/product\/impresora-epson-termica-tm-t20iii\/","title":{"rendered":"IMPRESORA EPSON TERMICA TM-T20III"},"content":{"rendered":"<p>MARCA\tEPSON<br \/>\nMODELO\tTM-T20III<br \/>\nNUMERO DE PARTE\tC31CH51001<br \/>\nTECNOLOGIA DE IMPRESION\tTERMICA DE LINEAS<br \/>\nVELOCIDAD DE IMPRESION\t250 mm\/s<br \/>\nCONECTIVIDAD\tUSB<br \/>\nESPECIFICACIONES ADICIONALES\tCAPACIDAD DE COLUMNAS:<br \/>\nMODO ESTANDAR:<br \/>\nPAPEL DE 80mm DE ANCHO: 48\/64 COLUMNAS<br \/>\nPAPEL DE 58MM DE ANCHO: 35\/46 COLUMNAS<br \/>\nMODO DE 42 COLUMNAS:<br \/>\nPAPEL DE 80mm DE ANCHO: 35\/46 COLUMNAS<br \/>\nPAPEL DE 58mm DE ANCHO: 42\/31 COLUMNAS<br \/>\nC\u00d3DIGO DE BARRAS:<br \/>\nUPC-A, UPC-E, JAN13 (EAN13), JAN8 (EAN), CODE39\/93\/128 ITF, CODABAR (NW-7), GS1-128, GS1 DATABAR. C\u00d3DIGO BIDIMENSIONAL: PDF417, QRCODE, MAXICODE, 2D GS1 DATABAR, SIMBOLOG\u00cdA COMPUESTA, DATAMATRIX, AZTEC<br \/>\nCARACTERISTICAS FISICAS\tDIMENSIONES (CM)\t14.00 X 19.90 X 14.60 CM<br \/>\nPESO (KG)\t1.70 KG<br \/>\nCOMENTARIO\t100 VCA \u2013 240 VCA, 50 Hz &#8211; 60 Hz<br \/>\nImpresora termica Epson TM-T20III, velocidad de impresi\u00f3n 250 mm\/seg, Interfaz USB.<br \/>\nLa soluci\u00f3n econ\u00f3mica, eficiente e ideal para el comercio de las peque\u00f1as y medianas empresas. La impresora t\u00e9rmica TM-T20III imprime textos y gr\u00e1ficos en recibos a velocidades de hasta 250 mm\/s, as\u00ed como logotipos, cupones y c\u00f3digos de barras de forma n\u00edtida. Aprovecha las caracter\u00edsticas que facilitan su uso, como la carga r\u00e1pida de papel, el cortador autom\u00e1tico y los indicadores LED. Con las opciones para reducir el consumo de papel en un 30%, y un promedio de fiabilidad que esperas de una impresora Epson.<\/p>\n","protected":false},"excerpt":{"rendered":"<p>&#8211;<\/p>\n","protected":false},"featured_media":1316,"template":"","meta":[],"pwb-brand":[333],"product_brand":[],"product_cat":[209],"product_tag":[],"class_list":{"0":"post-28","1":"product","2":"type-product","3":"status-publish","4":"has-post-thumbnail","6":"pwb-brand-epson","7":"product_cat-209","9":"first","10":"instock","11":"taxable","12":"shipping-taxable","13":"purchasable","14":"product-type-simple"},"brands":[{"id":333,"name":"Epson","slug":"epson"}],"_links":{"self":[{"href":"https:\/\/tmp.compunegocios.com.pe\/index.php\/wp-json\/wp\/v2\/product\/28","targetHints":{"allow":["GET"]}}],"collection":[{"href":"https:\/\/tmp.compunegocios.com.pe\/index.php\/wp-json\/wp\/v2\/product"}],"about":[{"href":"https:\/\/tmp.compunegocios.com.pe\/index.php\/wp-json\/wp\/v2\/types\/product"}],"wp:featuredmedia":[{"embeddable":true,"href":"https:\/\/tmp.compunegocios.com.pe\/index.php\/wp-json\/wp\/v2\/media\/1316"}],"wp:attachment":[{"href":"https:\/\/tmp.compunegocios.com.pe\/index.php\/wp-json\/wp\/v2\/media?parent=28"}],"wp:term":[{"taxonomy":"pwb-brand","embeddable":true,"href":"https:\/\/tmp.compunegocios.com.pe\/index.php\/wp-json\/wp\/v2\/pwb-brand?post=28"},{"taxonomy":"product_brand","embeddable":true,"href":"https:\/\/tmp.compunegocios.com.pe\/index.php\/wp-json\/wp\/v2\/product_brand?post=28"},{"taxonomy":"product_cat","embeddable":true,"href":"https:\/\/tmp.compunegocios.com.pe\/index.php\/wp-json\/wp\/v2\/product_cat?post=28"},{"taxonomy":"product_tag","embeddable":true,"href":"https:\/\/tmp.compunegocios.com.pe\/index.php\/wp-json\/wp\/v2\/product_tag?post=28"}],"curies":[{"name":"wp","href":"https:\/\/api.w.org\/{rel}","templated":true}]}}