{"id":31162,"date":"2025-08-09T01:39:53","date_gmt":"2025-08-09T01:39:53","guid":{"rendered":"https:\/\/compunegocios.com.pe\/index.php\/product\/teclado-genius-mouse-slimstar-8230-wireless-bluetooth-negro\/"},"modified":"2025-08-19T16:39:49","modified_gmt":"2025-08-19T16:39:49","slug":"teclado-genius-mouse-slimstar-8230-wireless-bluetooth-negro","status":"publish","type":"product","link":"https:\/\/tmp.compunegocios.com.pe\/index.php\/product\/teclado-genius-mouse-slimstar-8230-wireless-bluetooth-negro\/","title":{"rendered":"TECLADO GENIUS + MOUSE SLIMSTAR 8230 Wireless\/bluetooth Negro"},"content":{"rendered":"<p>TECLADO GENIUS + MOUSE SLIMSTAR 8230 Wireless\/bluetooth Negro<br \/>\nMARCA GENIUS<br \/>\nMODELO SLIMSTAR 8230<br \/>\nN\u00daMERO DE PARTE 31340015407<br \/>\nCARACTER\u00cdSTICAS<br \/>\nCombo Inal\u00e1mbrico Bluetooth.<br \/>\nMODO DOBLE &#8211; BT 5.3  2.4G SlimStar 8230 le brinda conveniencia para cambiar entre computadora, celular, tableta o TV.<br \/>\nTECLAS MULTIMEDIA Fabricado con 12 teclas multimedia  9 teclas de acceso r\u00e1pido que le permite navegar con facilidad en sus videos favoritos, m\u00fasica y aplicaciones<br \/>\ncomo email.<br \/>\nESPECIFICACIONES<br \/>\nFRECUENCIA RF Bluetooth 5.3 o 2.4GHz.<br \/>\nMULTI DISPOSITIVO Conecte hasta 3 dispositivos Dos bluetooth + Uno de 2.4GHz.<br \/>\nTIPO DE TECLA Tecla de chocolate.<br \/>\nTECLA CALCULADORA S\u00ed.<br \/>\nTECLAS DE FUNCI\u00d3N S\u00ed, 12 (8 de audio, 4 de Internet).<br \/>\nTECLAS MULTIMEDIA S\u00ed, 9 (7 de audio, 2 de Internet).<br \/>\nSENSOR \u00d3ptico.<br \/>\nRESOLUCI\u00d3N DEL RAT\u00d3N 1200 DPI.<br \/>\nN\u00daMERO DE BOTONES 3 (Izquierda, derecha, bot\u00f3n central con desplazamiento).<br \/>\nPESO Teclado: Aprox. 452 g.<br \/>\nRat\u00f3n: Aprox. 53 g (con receptor).<br \/>\nDIMENSIONES Teclado: 441 x 140.8 x 30.8 mm.<br \/>\nRat\u00f3n: 62.8 x 100 x 39.8 mm.<br \/>\nREQUISITOS DE SISTEMA Computadora, Celular \u00f3 Tableta: Receptor.<br \/>\nRequerimiento: Puerto USB Disponible, Windows 10, 11 \u00f3 despu\u00e9s, macOS 1 0.14 \u00f3 despu\u00e9s , ChromeOS: Bluetooth.<br \/>\nWindows 8, 8.1, 10, 11 \u00f3 despues, Mac OS X 1 0.8 \u00f3 despues, Requerimiento de soporte para teclado (Perfil HID), ChromeOS, OS 11 \u00f3 despues,<br \/>\niPadOS 13.4<\/p>\n","protected":false},"excerpt":{"rendered":"<p>&#8211;<\/p>\n","protected":false},"featured_media":0,"template":"","meta":[],"pwb-brand":[],"product_brand":[],"product_cat":[332],"product_tag":[],"class_list":{"0":"post-31162","1":"product","2":"type-product","3":"status-publish","5":"product_cat-332","7":"first","8":"instock","9":"taxable","10":"shipping-taxable","11":"purchasable","12":"product-type-simple"},"brands":[],"_links":{"self":[{"href":"https:\/\/tmp.compunegocios.com.pe\/index.php\/wp-json\/wp\/v2\/product\/31162","targetHints":{"allow":["GET"]}}],"collection":[{"href":"https:\/\/tmp.compunegocios.com.pe\/index.php\/wp-json\/wp\/v2\/product"}],"about":[{"href":"https:\/\/tmp.compunegocios.com.pe\/index.php\/wp-json\/wp\/v2\/types\/product"}],"wp:attachment":[{"href":"https:\/\/tmp.compunegocios.com.pe\/index.php\/wp-json\/wp\/v2\/media?parent=31162"}],"wp:term":[{"taxonomy":"pwb-brand","embeddable":true,"href":"https:\/\/tmp.compunegocios.com.pe\/index.php\/wp-json\/wp\/v2\/pwb-brand?post=31162"},{"taxonomy":"product_brand","embeddable":true,"href":"https:\/\/tmp.compunegocios.com.pe\/index.php\/wp-json\/wp\/v2\/product_brand?post=31162"},{"taxonomy":"product_cat","embeddable":true,"href":"https:\/\/tmp.compunegocios.com.pe\/index.php\/wp-json\/wp\/v2\/product_cat?post=31162"},{"taxonomy":"product_tag","embeddable":true,"href":"https:\/\/tmp.compunegocios.com.pe\/index.php\/wp-json\/wp\/v2\/product_tag?post=31162"}],"curies":[{"name":"wp","href":"https:\/\/api.w.org\/{rel}","templated":true}]}}