{"id":31187,"date":"2025-08-12T17:47:57","date_gmt":"2025-08-12T17:47:57","guid":{"rendered":"https:\/\/compunegocios.com.pe\/index.php\/product\/audifono-antryx-iris-k-black-yellow-rainbow-con-microfono-7-1-virtual-surround\/"},"modified":"2025-09-24T01:32:43","modified_gmt":"2025-09-24T01:32:43","slug":"audifono-antryx-iris-k-black-yellow-rainbow-con-microfono-7-1-virtual-surround","status":"publish","type":"product","link":"https:\/\/tmp.compunegocios.com.pe\/index.php\/product\/audifono-antryx-iris-k-black-yellow-rainbow-con-microfono-7-1-virtual-surround\/","title":{"rendered":"AUDIFONO ANTRYX IRIS-K Black\/Yellow RAINBOW CON MICROFONO 7.1 VIRTUAL SURROUND"},"content":{"rendered":"<p>AUDIFONO ANTRYX IRIS-K Black\/Yellow RAINBOW CON MICROFONO 7.1 VIRTUAL SURROUND<br \/>\nMARCA\tAntryx<br \/>\nTIPO\tOn Ear<br \/>\nMICROFONO\tS\u00ed<br \/>\nIMPEDANCIA\t32 ohmios<br \/>\nCONEXION\tCon cable<br \/>\nCARACTERISTICA ADICIONAL\tCancelaci\u00f3n de ruido<br \/>\nAURICULAR<br \/>\nDi\u00e1metro del altavoz: \u00d850,00 mm<br \/>\nSensibilidad: 112dB \u00b1 3dB a 1KHz<br \/>\nRango de frecuencia: 20Hz \u2013 20KHz<br \/>\nMICROFONO<br \/>\nMicr\u00f3fono: \u00d86\u00d72,7 mm<br \/>\nSensibilidad: -42 \u00b1 3dB<br \/>\nVoltaje de funcionamiento LED: &gt;DC5V<br \/>\nLONGITUD DEL CABLE\t 2.2 m<br \/>\nPESO\t250 gr<\/p>\n","protected":false},"excerpt":{"rendered":"<p>&#8211;<\/p>\n","protected":false},"featured_media":0,"template":"","meta":[],"pwb-brand":[],"product_brand":[],"product_cat":[161],"product_tag":[],"class_list":{"0":"post-31187","1":"product","2":"type-product","3":"status-publish","5":"product_cat-161","7":"first","8":"instock","9":"taxable","10":"shipping-taxable","11":"purchasable","12":"product-type-simple"},"brands":[],"_links":{"self":[{"href":"https:\/\/tmp.compunegocios.com.pe\/index.php\/wp-json\/wp\/v2\/product\/31187","targetHints":{"allow":["GET"]}}],"collection":[{"href":"https:\/\/tmp.compunegocios.com.pe\/index.php\/wp-json\/wp\/v2\/product"}],"about":[{"href":"https:\/\/tmp.compunegocios.com.pe\/index.php\/wp-json\/wp\/v2\/types\/product"}],"wp:attachment":[{"href":"https:\/\/tmp.compunegocios.com.pe\/index.php\/wp-json\/wp\/v2\/media?parent=31187"}],"wp:term":[{"taxonomy":"pwb-brand","embeddable":true,"href":"https:\/\/tmp.compunegocios.com.pe\/index.php\/wp-json\/wp\/v2\/pwb-brand?post=31187"},{"taxonomy":"product_brand","embeddable":true,"href":"https:\/\/tmp.compunegocios.com.pe\/index.php\/wp-json\/wp\/v2\/product_brand?post=31187"},{"taxonomy":"product_cat","embeddable":true,"href":"https:\/\/tmp.compunegocios.com.pe\/index.php\/wp-json\/wp\/v2\/product_cat?post=31187"},{"taxonomy":"product_tag","embeddable":true,"href":"https:\/\/tmp.compunegocios.com.pe\/index.php\/wp-json\/wp\/v2\/product_tag?post=31187"}],"curies":[{"name":"wp","href":"https:\/\/api.w.org\/{rel}","templated":true}]}}